{"id":43136,"date":"2019-07-12T10:16:03","date_gmt":"2019-07-12T09:16:03","guid":{"rendered":"https:\/\/old.mercatflors.cat\/?page_id=43136"},"modified":"2019-07-12T10:16:03","modified_gmt":"2019-07-12T09:16:03","slug":"community","status":"publish","type":"page","link":"https:\/\/old.mercatflors.cat\/en\/community\/","title":{"rendered":"Community"},"content":{"rendered":"<h2><strong>Art i part Poble-sec<\/strong><\/h2>\n<p>The ART i PART artistic creation program in the neighborhoods, is an initiative of the Barcelona City Council, managed through the Institut de Cultura, which invites the residents of the city to participate in a community proposal in which they act as creators. ART i PART, who already carried out a first season in 2018 in five neighborhoods of the city, will arrive in the neighborhoods of Bes\u00f2s, Gothic and Poble-sec in 2019.<\/p>\n<p>ART and PART promotes collaborative artistic creations in which artistic professionals accompany the neighbors in a research that uses diverse, hybrid and experimental languages.<\/p>\n<p><span style=\"color: #0000ff;\"><a style=\"color: #0000ff;\" href=\"https:\/\/www.barcelona.cat\/districtecultural\/ca\/art-i-part\">https:\/\/www.barcelona.cat\/districtecultural\/ca\/art-i-part<\/a><\/span><\/p>\n<h2><strong>Barris en Dansa<\/strong><\/h2>\n<p>Community project in which people from various neighborhoods of Barcelona participate in the creation of a dance show, led by choreographer \u00c1lvaro de la Pe\u00f1a \/ Iliac\u00e1n Cia. Dansa.<\/p>\n<h2><strong>Sudansa<\/strong><\/h2>\n<p>We welcome the Dance Encounters at the School, a result of a one-year choreographic work that associates professional choreographers with students and teachers of schools involved in the Sudansa project. Choreographic pieces arose from this joint artistic, cultural and pedagogical process and are combined with performances by the same choreographers. The project brings together about 400 students.<\/p>\n<p><span style=\"color: #0000ff;\"><a style=\"color: #0000ff;\" href=\"http:\/\/www.sudansa.com\/\">http:\/\/www.sudansa.com\/<\/a><\/span><\/p>\n<h2><strong>ARTransforma<\/strong><\/h2>\n<p>Nonprofit organization founded in 2009 by professionals of art and culture, with the aim of promoting equal opportunities and universal access to art and culture, in any aspect (participation, education , professionalization&#8230;) and artistic discipline (music, dance, painting&#8230;). Their work is in network with entities and professionals from other fields.<\/p>\n<p><span style=\"color: #0000ff;\"><a style=\"color: #0000ff;\" href=\"http:\/\/artransforma.org\/art\/\">http:\/\/artransforma.org\/art\/<\/a><\/span><\/p>\n<h2><strong>Premi IT<\/strong><\/h2>\n<p>The Dance Prize of the Institut del Teatre was set up on the occasion of the 70th anniversary of the creation of the Dance Section of the Institut del Teatre. It is aimed at young creators and performers with the aim of presenting them by offering a help to the production and the exhibition to facilitate their labor insertion. The prize is organized with the collaboration of Grec Festival de Barcelona, \u200b\u200bMercat de les Flors, Graner f\u00e0brica de creaci\u00f3, Teatre Auditori de Sant Cugat, SAT Espai Dansat, La Caldera Les Corts, Associaci\u00f3 de Professionals de la Dansa de Catalunya (APdC), L&#8217;Estruch, f\u00e0brica de creaci\u00f3 and Centre C\u00edvic Barceloneta.<\/p>\n<h2><strong>Africa Moment<\/strong><\/h2>\n<p>Africa Moment aims to transform the performing arts and artistic teaching sector. Its objective is that the cultural and training offer be at the service of the diverse society in which we live, in order to satisfy the lack of representation and visibility of contemporary African art and the African diaspora within the artistic and cultural scene through the scenic arts and music scene. Africa Moment organizes an annual international meeting in the city of Barcelona, \u200b\u200bconferences throughout the year, consulting and curatorship for institutions and cultural spaces, produces own creations and distributes the work of artists of the scenic and musical arts of the African continent, of the African diaspora and of artists who work with the idea of \u200b\u200bAfrica.<\/p>\n<p><span style=\"color: #0000ff;\"><a style=\"color: #0000ff;\" href=\"https:\/\/www.africamoment.org\/\">https:\/\/www.africamoment.org\/<\/a><\/span><\/p>\n<h2><strong>Integrasons<\/strong><\/h2>\n<p>Integrasons is a non-profit association aimed at organizing, managing and promoting activities of social, cultural and community integration, awareness and training for people in situations of social exclusion and disadvantaged groups. The activity of the association consists in the creation of <span style=\"color: #0000ff;\"><a style=\"color: #0000ff;\" href=\"https:\/\/integrasons.jurogaproyectosdigitales.com\/orquestres-infantils-i-juvenils\/\">children&#8217;s and youth orchestras<\/a><\/span> that are projected as a socio-educational model for social inclusion, multicultural dialogue and social cohesion.<\/p>\n<p><span style=\"color: #0000ff;\"><a style=\"color: #0000ff;\" href=\"https:\/\/integrasons.com\">https:\/\/integrasons.com<\/a><\/span><\/p>\n","protected":false},"excerpt":{"rendered":"<p>Art i part Poble-sec The ART i PART artistic creation [&hellip;]<\/p>\n","protected":false},"author":1,"featured_media":40868,"parent":0,"menu_order":0,"comment_status":"closed","ping_status":"closed","template":"","meta":[],"_links":{"self":[{"href":"https:\/\/old.mercatflors.cat\/en\/wp-json\/wp\/v2\/pages\/43136\/"}],"collection":[{"href":"https:\/\/old.mercatflors.cat\/en\/wp-json\/wp\/v2\/pages\/"}],"about":[{"href":"https:\/\/old.mercatflors.cat\/en\/wp-json\/wp\/v2\/types\/page\/"}],"author":[{"embeddable":true,"href":"https:\/\/old.mercatflors.cat\/en\/wp-json\/wp\/v2\/users\/1\/"}],"replies":[{"embeddable":true,"href":"https:\/\/old.mercatflors.cat\/en\/wp-json\/wp\/v2\/comments\/?post=43136"}],"version-history":[{"count":0,"href":"https:\/\/old.mercatflors.cat\/en\/wp-json\/wp\/v2\/pages\/43136\/revisions\/"}],"wp:featuredmedia":[{"embeddable":true,"href":"https:\/\/old.mercatflors.cat\/en\/wp-json\/wp\/v2\/media\/40868\/"}],"wp:attachment":[{"href":"https:\/\/old.mercatflors.cat\/en\/wp-json\/wp\/v2\/media\/?parent=43136"}],"curies":[{"name":"wp","href":"https:\/\/api.w.org\/{rel}","templated":true}]}}

<h2><strong>Art i part Poble-sec</strong></h2>
<p>The ART i PART artistic creation program in the neighborhoods, is an initiative of the Barcelona City Council, managed through the Institut de Cultura, which invites the residents of the city to participate in a community proposal in which they act as creators. ART i PART, who already carried out a first season in 2018 in five neighborhoods of the city, will arrive in the neighborhoods of Besòs, Gothic and Poble-sec in 2019.</p>
<p>ART and PART promotes collaborative artistic creations in which artistic professionals accompany the neighbors in a research that uses diverse, hybrid and experimental languages.</p>
<p><span style="color: #0000ff;"><a style="color: #0000ff;" href="https://www.barcelona.cat/districtecultural/ca/art-i-part">https://www.barcelona.cat/districtecultural/ca/art-i-part</a></span></p>
<h2><strong>Barris en Dansa</strong></h2>
<p>Community project in which people from various neighborhoods of Barcelona participate in the creation of a dance show, led by choreographer Álvaro de la Peña / Iliacán Cia. Dansa.</p>
<h2><strong>Sudansa</strong></h2>
<p>We welcome the Dance Encounters at the School, a result of a one-year choreographic work that associates professional choreographers with students and teachers of schools involved in the Sudansa project. Choreographic pieces arose from this joint artistic, cultural and pedagogical process and are combined with performances by the same choreographers. The project brings together about 400 students.</p>
<p><span style="color: #0000ff;"><a style="color: #0000ff;" href="http://www.sudansa.com/">http://www.sudansa.com/</a></span></p>
<h2><strong>ARTransforma</strong></h2>
<p>Nonprofit organization founded in 2009 by professionals of art and culture, with the aim of promoting equal opportunities and universal access to art and culture, in any aspect (participation, education , professionalization&#8230;) and artistic discipline (music, dance, painting&#8230;). Their work is in network with entities and professionals from other fields.</p>
<p><span style="color: #0000ff;"><a style="color: #0000ff;" href="http://artransforma.org/art/">http://artransforma.org/art/</a></span></p>
<h2><strong>Premi IT</strong></h2>
<p>The Dance Prize of the Institut del Teatre was set up on the occasion of the 70th anniversary of the creation of the Dance Section of the Institut del Teatre. It is aimed at young creators and performers with the aim of presenting them by offering a help to the production and the exhibition to facilitate their labor insertion. The prize is organized with the collaboration of Grec Festival de Barcelona, ​​Mercat de les Flors, Graner fàbrica de creació, Teatre Auditori de Sant Cugat, SAT Espai Dansat, La Caldera Les Corts, Associació de Professionals de la Dansa de Catalunya (APdC), L&#8217;Estruch, fàbrica de creació and Centre Cívic Barceloneta.</p>
<h2><strong>Africa Moment</strong></h2>
<p>Africa Moment aims to transform the performing arts and artistic teaching sector. Its objective is that the cultural and training offer be at the service of the diverse society in which we live, in order to satisfy the lack of representation and visibility of contemporary African art and the African diaspora within the artistic and cultural scene through the scenic arts and music scene. Africa Moment organizes an annual international meeting in the city of Barcelona, ​​conferences throughout the year, consulting and curatorship for institutions and cultural spaces, produces own creations and distributes the work of artists of the scenic and musical arts of the African continent, of the African diaspora and of artists who work with the idea of ​​Africa.</p>
<p><span style="color: #0000ff;"><a style="color: #0000ff;" href="https://www.africamoment.org/">https://www.africamoment.org/</a></span></p>
<h2><strong>Integrasons</strong></h2>
<p>Integrasons is a non-profit association aimed at organizing, managing and promoting activities of social, cultural and community integration, awareness and training for people in situations of social exclusion and disadvantaged groups. The activity of the association consists in the creation of <span style="color: #0000ff;"><a style="color: #0000ff;" href="https://integrasons.jurogaproyectosdigitales.com/orquestres-infantils-i-juvenils/">children&#8217;s and youth orchestras</a></span> that are projected as a socio-educational model for social inclusion, multicultural dialogue and social cohesion.</p>
<p><span style="color: #0000ff;"><a style="color: #0000ff;" href="https://integrasons.com">https://integrasons.com</a></span></p>
