{"id":43631,"date":"2019-08-26T10:47:38","date_gmt":"2019-08-26T09:47:38","guid":{"rendered":"https:\/\/old.mercatflors.cat\/?page_id=43631"},"modified":"2021-09-23T10:42:44","modified_gmt":"2021-09-23T09:42:44","slug":"research-processes","status":"publish","type":"page","link":"https:\/\/old.mercatflors.cat\/en\/research-processes\/","title":{"rendered":"Research processes"},"content":{"rendered":"<h2><strong>JUAN CARLOS L\u00c9RIDA<\/strong><\/h2>\n<p><img decoding=\"async\" loading=\"lazy\" class=\"alignnone size-medium wp-image-43396\" src=\"https:\/\/old.mercatflors.cat\/wp-content\/uploads\/2019\/07\/Juan-Carlos-L\u00e9rida-350x200-350x200.jpg\" alt=\"\" width=\"350\" height=\"200\" srcset=\"https:\/\/old.mercatflors.cat\/wp-content\/uploads\/2019\/07\/Juan-Carlos-L\u00e9rida-350x200.jpg 350w, https:\/\/old.mercatflors.cat\/wp-content\/uploads\/2019\/07\/Juan-Carlos-L\u00e9rida-350x200-223x127.jpg 223w\" sizes=\"(max-width: 350px) 100vw, 350px\" \/><\/p>\n<p>Juan Carlos L\u00e9rida is a flamenco dancer, choreographer and pedagogue. Since 2002, he has taught flamenco, contemporary dance and composition at the Institut del Teatre, an institution that awarded him a Special Prize in 2007. Together with choreographers such as Joaqu\u00edn Cort\u00e9s and Bel\u00e9n Maya he has directed various shows \u2013 and also others on his own. He has been the coordinator of the Empirical Flamenco cycle organised by the Mercat de les Flors and is acknowledged as one of the today\u2019s foremost proponents of avant-garde flamenco.<\/p>\n<p>The Mercat de les Flors is accompanying Juan Carlos L\u00e9rida on a new project: <em>La liturgia de las horas<\/em>.<\/p>\n<p>The 2019\/20 season of DANCE AND TERRITORY will see the presentation of <em>Doce<\/em>, the first part of <em>La liturgia de las horas<\/em>, where L\u00e9rida draws on the foundations of what he refers to as <em>empirical flamenco<\/em> and continues to explore the foundations and poetics of the methodology he has developed through the repetition and deconstruction of the technical bases and expressiveness of flamenco.<\/p>\n<p><em>La liturgia de las horas\u00a0<\/em>is an ample exploration, a process developed over more than two years whose aim is to conceptualize the passage of Jesus Christ from the Last Supper to the Resurrection on the basis of the symbolism of the number twelve. This research was initiated in 2018 with the preparation of a supper at the Tanzhaus Theater in D\u00fcsseldorf and will end in 2020 with a twelve-hour performance at the Mercat de les Flors during the 2020-21 season.<\/p>\n<p>Apart from the support of the Mercat, the project counts on the cooperation of other institutions for the presentation of different parts of the piece, with lines of work in diverse formats, such as <em>M\u00e1quinas sagradas<\/em> at the Fira Mediterr\u00e0nia in Manresa in 2018 and the Sism\u00f2graf festival in 2020, among others.<\/p>\n<p><span style=\"color: #0000ff;\"><a style=\"color: #0000ff;\" href=\"http:\/\/granerbcn.cat\/residencia\/juan-carlos-lerida\/\">Juan Carlos L\u00e9rida is a resident artist in Graner during 2019<\/a><\/span><\/p>\n<p><u>Last works<\/u><\/p>\n<ul>\n<li><em>Al baile<\/em><\/li>\n<li><em>Bailografia<\/em><\/li>\n<li><em>Al cante<\/em><\/li>\n<\/ul>\n<p><span style=\"color: #0000ff;\"><a style=\"color: #0000ff;\" href=\"http:\/\/www.juancarloslerida.com\">www.juancarloslerida.com<\/a><\/span><\/p>\n<p><strong>Contact<\/strong>\u00a0Danilo Pioli <span style=\"color: #0000ff;\"><a style=\"color: #0000ff;\" href=\"mailto:info@juancarloslerida.com\">info@juancarloslerida.com<\/a><\/span><\/p>\n<p><iframe loading=\"lazy\" width=\"500\" height=\"281\" src=\"https:\/\/www.youtube.com\/embed\/YBeXZ17z8w8?list=PL0bmsEHIbLnh4IVuV78kFo-J4X4Ezqk3d\" frameborder=\"0\" allow=\"accelerometer; autoplay; clipboard-write; encrypted-media; gyroscope; picture-in-picture\" allowfullscreen><\/iframe><\/p>\n<p><iframe loading=\"lazy\" src=\"https:\/\/player.vimeo.com\/video\/362250403?h=54cb880ac2&amp;dnt=1&amp;app_id=122963\" width=\"500\" height=\"281\" frameborder=\"0\" allow=\"autoplay; fullscreen; picture-in-picture\" allowfullscreen title=\"Juan Carlos L&amp;eacute;rida &amp;middot; Resid&amp;egrave;ncies 2019\"><\/iframe><\/p>\n<p><iframe loading=\"lazy\" width=\"500\" height=\"281\" src=\"https:\/\/www.youtube.com\/embed\/nuj5OPAVmFU?feature=oembed\" frameborder=\"0\" allow=\"accelerometer; autoplay; clipboard-write; encrypted-media; gyroscope; picture-in-picture\" allowfullscreen><\/iframe><\/p>\n<hr \/>\n<h2>QUIM BIGAS<\/h2>\n<p><img decoding=\"async\" loading=\"lazy\" class=\"alignnone size-medium wp-image-43399\" style=\"font-size: 16px;\" src=\"https:\/\/old.mercatflors.cat\/wp-content\/uploads\/2019\/07\/Quim-Bigas-350x200-350x200.jpg\" alt=\"\" width=\"350\" height=\"200\" srcset=\"https:\/\/old.mercatflors.cat\/wp-content\/uploads\/2019\/07\/Quim-Bigas-350x200.jpg 350w, https:\/\/old.mercatflors.cat\/wp-content\/uploads\/2019\/07\/Quim-Bigas-350x200-223x127.jpg 223w\" sizes=\"(max-width: 350px) 100vw, 350px\" \/><\/p>\n<p>Interested in the informative processes that are generated within creative procedures, Quim Bigas works in the fields of choreography, dramaturgy and the information society and his pieces contain aspects of research and provocation. With a degree in dance he went on to complete an artist-in-residency postgraduate at SEAD (Salzburg) and was a guest student at the School of New Developments in Dance &#8211; SNDO (Amsterdam). He is currently studying for a master\u2019s in new performance practices in Stockholm. He lives between Copenhagen, Stockholm and Barcelona and he works with artists such as Aitana Cordero, Carme Torrent and El Conde de Torrefiel.<\/p>\n<p>The Mercat de les Flors is accompanying <strong>Quim Bigas<\/strong> on a new project: <em>Despla\u00e7ament variable<\/em>.<\/p>\n<p>Based on the Mercat de les Flors archive, the project <em>Despla\u00e7ament variable <\/em>is directed by <strong>Quim Bigas<\/strong>. His research is concerned with the analysis of the relationship of the body with space and, for this purpose, he has turned to the Mercat archive, which contains videos of all the artists who have performed at this venue or submitted audio-visual material to be presented there, from the 1980s until the present day. He has classified the videos and selected a set of works that will once again come to life onstage. With both artistic and documentary aspects, <em>Despla\u00e7ament variable<\/em> is a project about the solo works contained in the Mercat de les Flors archive and their respective descriptions. It is directed by <strong>Quim Bigas Bassart<\/strong>, with the collaboration of <strong>Raquel Tom\u00e0s<\/strong>, production by <strong>Anna Bohigas<\/strong>, graphics by <strong>Roger Adam<\/strong>, and the assistance of <strong>J\u00falia Rubies<\/strong>.<\/p>\n<div class=\"text resizable object\">\n<p><strong>Investigation:<\/strong> September &#8211; december 2018<\/p>\n<p><strong>Investigation presentation:<\/strong> 20 December 2018, Mercat de les Flors. <span style=\"color: #0000ff;\"><a style=\"color: #0000ff;\" href=\"https:\/\/dv.hotglue.me\">More information<\/a><\/span>.<\/p>\n<p><strong>Creation process:<\/strong> April &#8211; October 2019<\/p>\n<p><strong>Premiere:<\/strong> October 2019, Mercat de les Flors<\/p>\n<p><u>Last works<\/u><\/p>\n<ul>\n<li><em>Molar<\/em><\/li>\n<li><em>Appreisers<\/em><\/li>\n<li><em>Showing Godiva<\/em><\/li>\n<\/ul>\n<p><span style=\"color: #0000ff;\"><a style=\"color: #0000ff;\" href=\"http:\/\/www.quimbigas.com\">www.quimbigas.com<\/a><\/span><\/p>\n<p><strong>Contact<\/strong>\u00a0<span style=\"color: #0000ff;\"><a style=\"color: #0000ff;\" href=\"mailto:info@quimbigas.com\">info@quimbigas.com<\/a><\/span><\/p>\n<p><iframe loading=\"lazy\" width=\"500\" height=\"281\" src=\"https:\/\/www.youtube.com\/embed\/FezaF-ce-sE?feature=oembed\" frameborder=\"0\" allow=\"accelerometer; autoplay; clipboard-write; encrypted-media; gyroscope; picture-in-picture\" allowfullscreen><\/iframe><\/p>\n<p><iframe loading=\"lazy\" width=\"500\" height=\"281\" src=\"https:\/\/www.youtube.com\/embed\/TADzxR1_Y8U?feature=oembed\" frameborder=\"0\" allow=\"accelerometer; autoplay; clipboard-write; encrypted-media; gyroscope; picture-in-picture\" allowfullscreen><\/iframe><\/p>\n<hr \/>\n<h2>SONIA G\u00d3MEZ<\/h2>\n<p>Sonia G\u00f3mez (La S\u00e9nia, Tarragona) is a dancer, performer and choreographer. She studied contemporary dance and choreography at the Institut del Teatre in Barcelona and at P.A.R.T.S in Brussels. She has created her own shows since 2004. She has won several awards. These include the FAD Sebasti\u00e0 Gasch Prize in 2007; the 2010 prize at the International Fair in Huesca for the most innovative show on tour, <em>The Experiences with a stranger<\/em>; a special mention for <em>A Vore<\/em> at the 2017 Delf\u00ed Colomer Awards; and the best dance show prize at the 2018 Butaca Awards for <em>A Vore<\/em>.<\/p>\n<p>She describes her performance strategies as follows: \u201cI go to some place, relate, introduce myself, make myself understood, strengthen my position, let myself go, overcome any obstacles, force the situation, excel myself, have doubts, blush, try again, insist, test things out, provoke, rectify the path, look for a balance, leave without being seen, come back, try again, close my eyes, err, succumb, fall, melt or float, and go back in time.\u201d<\/p>\n<p>Sonia G\u00f3mez\u2019s latest show is co-produced by the Mercat de les Flors \u2013 Graner Arts Factory<\/p>\n<p><span style=\"color: #0000ff;\"><a style=\"color: #0000ff;\" href=\"http:\/\/granerbcn.cat\/residencia\/sonia-gomez\/\">MORE INFORMATION HERE<\/a><\/span><\/p>\n<p><span style=\"color: #0000ff;\"><a style=\"color: #0000ff;\" href=\"http:\/\/soniagomez.com\/\">http:\/\/soniagomez.com\/<\/a><\/span><\/p>\n<p><strong>Contact\u00a0<\/strong><a href=\"gomezvicente7@googlemail.com\">gomezvicente7@googlemail.com<\/a><\/p>\n<p><iframe loading=\"lazy\" src=\"https:\/\/player.vimeo.com\/video\/332424876?h=66999973be&amp;dnt=1&amp;app_id=122963\" width=\"500\" height=\"281\" frameborder=\"0\" allow=\"autoplay; fullscreen; picture-in-picture\" allowfullscreen title=\"Sonia G&amp;oacute;mez, artista associada al Graner 2019\"><\/iframe><\/p>\n<p>&nbsp;<\/p>\n<\/div>\n","protected":false},"excerpt":{"rendered":"<p>JUAN CARLOS L\u00c9RIDA Juan Carlos L\u00e9rida is a flamenco dancer, [&hellip;]<\/p>\n","protected":false},"author":1,"featured_media":0,"parent":0,"menu_order":0,"comment_status":"closed","ping_status":"closed","template":"","meta":[],"_links":{"self":[{"href":"https:\/\/old.mercatflors.cat\/en\/wp-json\/wp\/v2\/pages\/43631\/"}],"collection":[{"href":"https:\/\/old.mercatflors.cat\/en\/wp-json\/wp\/v2\/pages\/"}],"about":[{"href":"https:\/\/old.mercatflors.cat\/en\/wp-json\/wp\/v2\/types\/page\/"}],"author":[{"embeddable":true,"href":"https:\/\/old.mercatflors.cat\/en\/wp-json\/wp\/v2\/users\/1\/"}],"replies":[{"embeddable":true,"href":"https:\/\/old.mercatflors.cat\/en\/wp-json\/wp\/v2\/comments\/?post=43631"}],"version-history":[{"count":0,"href":"https:\/\/old.mercatflors.cat\/en\/wp-json\/wp\/v2\/pages\/43631\/revisions\/"}],"wp:attachment":[{"href":"https:\/\/old.mercatflors.cat\/en\/wp-json\/wp\/v2\/media\/?parent=43631"}],"curies":[{"name":"wp","href":"https:\/\/api.w.org\/{rel}","templated":true}]}}

<h2><strong>JUAN CARLOS LÉRIDA</strong></h2>
<p><img decoding="async" loading="lazy" class="alignnone size-medium wp-image-43396" src="https://old.mercatflors.cat/wp-content/uploads/2019/07/Juan-Carlos-Lérida-350x200-350x200.jpg" alt="" width="350" height="200" srcset="https://old.mercatflors.cat/wp-content/uploads/2019/07/Juan-Carlos-Lérida-350x200.jpg 350w, https://old.mercatflors.cat/wp-content/uploads/2019/07/Juan-Carlos-Lérida-350x200-223x127.jpg 223w" sizes="(max-width: 350px) 100vw, 350px" /></p>
<p>Juan Carlos Lérida is a flamenco dancer, choreographer and pedagogue. Since 2002, he has taught flamenco, contemporary dance and composition at the Institut del Teatre, an institution that awarded him a Special Prize in 2007. Together with choreographers such as Joaquín Cortés and Belén Maya he has directed various shows – and also others on his own. He has been the coordinator of the Empirical Flamenco cycle organised by the Mercat de les Flors and is acknowledged as one of the today’s foremost proponents of avant-garde flamenco.</p>
<p>The Mercat de les Flors is accompanying Juan Carlos Lérida on a new project: <em>La liturgia de las horas</em>.</p>
<p>The 2019/20 season of DANCE AND TERRITORY will see the presentation of <em>Doce</em>, the first part of <em>La liturgia de las horas</em>, where Lérida draws on the foundations of what he refers to as <em>empirical flamenco</em> and continues to explore the foundations and poetics of the methodology he has developed through the repetition and deconstruction of the technical bases and expressiveness of flamenco.</p>
<p><em>La liturgia de las horas </em>is an ample exploration, a process developed over more than two years whose aim is to conceptualize the passage of Jesus Christ from the Last Supper to the Resurrection on the basis of the symbolism of the number twelve. This research was initiated in 2018 with the preparation of a supper at the Tanzhaus Theater in Düsseldorf and will end in 2020 with a twelve-hour performance at the Mercat de les Flors during the 2020-21 season.</p>
<p>Apart from the support of the Mercat, the project counts on the cooperation of other institutions for the presentation of different parts of the piece, with lines of work in diverse formats, such as <em>Máquinas sagradas</em> at the Fira Mediterrània in Manresa in 2018 and the Sismògraf festival in 2020, among others.</p>
<p><span style="color: #0000ff;"><a style="color: #0000ff;" href="http://granerbcn.cat/residencia/juan-carlos-lerida/">Juan Carlos Lérida is a resident artist in Graner during 2019</a></span></p>
<p><u>Last works</u></p>
<ul>
<li><em>Al baile</em></li>
<li><em>Bailografia</em></li>
<li><em>Al cante</em></li>
</ul>
<p><span style="color: #0000ff;"><a style="color: #0000ff;" href="http://www.juancarloslerida.com">www.juancarloslerida.com</a></span></p>
<p><strong>Contact</strong> Danilo Pioli <span style="color: #0000ff;"><a style="color: #0000ff;" href="mailto:info@juancarloslerida.com">info@juancarloslerida.com</a></span></p>
<p><iframe loading="lazy" width="500" height="281" src="https://www.youtube.com/embed/YBeXZ17z8w8?list=PL0bmsEHIbLnh4IVuV78kFo-J4X4Ezqk3d" frameborder="0" allow="accelerometer; autoplay; clipboard-write; encrypted-media; gyroscope; picture-in-picture" allowfullscreen></iframe></p>
<p><iframe loading="lazy" src="https://player.vimeo.com/video/362250403?h=54cb880ac2&amp;dnt=1&amp;app_id=122963" width="500" height="281" frameborder="0" allow="autoplay; fullscreen; picture-in-picture" allowfullscreen title="Juan Carlos L&amp;eacute;rida &amp;middot; Resid&amp;egrave;ncies 2019"></iframe></p>
<p><iframe loading="lazy" width="500" height="281" src="https://www.youtube.com/embed/nuj5OPAVmFU?feature=oembed" frameborder="0" allow="accelerometer; autoplay; clipboard-write; encrypted-media; gyroscope; picture-in-picture" allowfullscreen></iframe></p>
<hr />
<h2>QUIM BIGAS</h2>
<p><img decoding="async" loading="lazy" class="alignnone size-medium wp-image-43399" style="font-size: 16px;" src="https://old.mercatflors.cat/wp-content/uploads/2019/07/Quim-Bigas-350x200-350x200.jpg" alt="" width="350" height="200" srcset="https://old.mercatflors.cat/wp-content/uploads/2019/07/Quim-Bigas-350x200.jpg 350w, https://old.mercatflors.cat/wp-content/uploads/2019/07/Quim-Bigas-350x200-223x127.jpg 223w" sizes="(max-width: 350px) 100vw, 350px" /></p>
<p>Interested in the informative processes that are generated within creative procedures, Quim Bigas works in the fields of choreography, dramaturgy and the information society and his pieces contain aspects of research and provocation. With a degree in dance he went on to complete an artist-in-residency postgraduate at SEAD (Salzburg) and was a guest student at the School of New Developments in Dance &#8211; SNDO (Amsterdam). He is currently studying for a master’s in new performance practices in Stockholm. He lives between Copenhagen, Stockholm and Barcelona and he works with artists such as Aitana Cordero, Carme Torrent and El Conde de Torrefiel.</p>
<p>The Mercat de les Flors is accompanying <strong>Quim Bigas</strong> on a new project: <em>Desplaçament variable</em>.</p>
<p>Based on the Mercat de les Flors archive, the project <em>Desplaçament variable </em>is directed by <strong>Quim Bigas</strong>. His research is concerned with the analysis of the relationship of the body with space and, for this purpose, he has turned to the Mercat archive, which contains videos of all the artists who have performed at this venue or submitted audio-visual material to be presented there, from the 1980s until the present day. He has classified the videos and selected a set of works that will once again come to life onstage. With both artistic and documentary aspects, <em>Desplaçament variable</em> is a project about the solo works contained in the Mercat de les Flors archive and their respective descriptions. It is directed by <strong>Quim Bigas Bassart</strong>, with the collaboration of <strong>Raquel Tomàs</strong>, production by <strong>Anna Bohigas</strong>, graphics by <strong>Roger Adam</strong>, and the assistance of <strong>Júlia Rubies</strong>.</p>
<div class="text resizable object">
<p><strong>Investigation:</strong> September &#8211; december 2018</p>
<p><strong>Investigation presentation:</strong> 20 December 2018, Mercat de les Flors. <span style="color: #0000ff;"><a style="color: #0000ff;" href="https://dv.hotglue.me">More information</a></span>.</p>
<p><strong>Creation process:</strong> April &#8211; October 2019</p>
<p><strong>Premiere:</strong> October 2019, Mercat de les Flors</p>
<p><u>Last works</u></p>
<ul>
<li><em>Molar</em></li>
<li><em>Appreisers</em></li>
<li><em>Showing Godiva</em></li>
</ul>
<p><span style="color: #0000ff;"><a style="color: #0000ff;" href="http://www.quimbigas.com">www.quimbigas.com</a></span></p>
<p><strong>Contact</strong> <span style="color: #0000ff;"><a style="color: #0000ff;" href="mailto:info@quimbigas.com">info@quimbigas.com</a></span></p>
<p><iframe loading="lazy" width="500" height="281" src="https://www.youtube.com/embed/FezaF-ce-sE?feature=oembed" frameborder="0" allow="accelerometer; autoplay; clipboard-write; encrypted-media; gyroscope; picture-in-picture" allowfullscreen></iframe></p>
<p><iframe loading="lazy" width="500" height="281" src="https://www.youtube.com/embed/TADzxR1_Y8U?feature=oembed" frameborder="0" allow="accelerometer; autoplay; clipboard-write; encrypted-media; gyroscope; picture-in-picture" allowfullscreen></iframe></p>
<hr />
<h2>SONIA GÓMEZ</h2>
<p>Sonia Gómez (La Sénia, Tarragona) is a dancer, performer and choreographer. She studied contemporary dance and choreography at the Institut del Teatre in Barcelona and at P.A.R.T.S in Brussels. She has created her own shows since 2004. She has won several awards. These include the FAD Sebastià Gasch Prize in 2007; the 2010 prize at the International Fair in Huesca for the most innovative show on tour, <em>The Experiences with a stranger</em>; a special mention for <em>A Vore</em> at the 2017 Delfí Colomer Awards; and the best dance show prize at the 2018 Butaca Awards for <em>A Vore</em>.</p>
<p>She describes her performance strategies as follows: “I go to some place, relate, introduce myself, make myself understood, strengthen my position, let myself go, overcome any obstacles, force the situation, excel myself, have doubts, blush, try again, insist, test things out, provoke, rectify the path, look for a balance, leave without being seen, come back, try again, close my eyes, err, succumb, fall, melt or float, and go back in time.”</p>
<p>Sonia Gómez’s latest show is co-produced by the Mercat de les Flors – Graner Arts Factory</p>
<p><span style="color: #0000ff;"><a style="color: #0000ff;" href="http://granerbcn.cat/residencia/sonia-gomez/">MORE INFORMATION HERE</a></span></p>
<p><span style="color: #0000ff;"><a style="color: #0000ff;" href="http://soniagomez.com/">http://soniagomez.com/</a></span></p>
<p><strong>Contact </strong><a href="gomezvicente7@googlemail.com">gomezvicente7@googlemail.com</a></p>
<p><iframe loading="lazy" src="https://player.vimeo.com/video/332424876?h=66999973be&amp;dnt=1&amp;app_id=122963" width="500" height="281" frameborder="0" allow="autoplay; fullscreen; picture-in-picture" allowfullscreen title="Sonia G&amp;oacute;mez, artista associada al Graner 2019"></iframe></p>
<p>&nbsp;</p>
</div>

<p>JUAN CARLOS LÉRIDA Juan Carlos Lérida is a flamenco dancer, [&hellip;]</p>
