{"id":43946,"date":"2019-09-05T10:56:45","date_gmt":"2019-09-05T09:56:45","guid":{"rendered":"https:\/\/old.mercatflors.cat\/?page_id=43946"},"modified":"2019-09-05T10:56:45","modified_gmt":"2019-09-05T09:56:45","slug":"red-de-teatros","status":"publish","type":"page","link":"https:\/\/old.mercatflors.cat\/en\/red-de-teatros\/","title":{"rendered":"Red de Teatros"},"content":{"rendered":"<h2>Red de Teatros<\/h2>\n<p>The Red Espa\u00f1ola de Teatros, Auditorios, Circuitos y Festivales de Titularidad P\u00fablica is a non-profit cultural association established in February 2000, in a collaboration agreement with the INAEM (Instituto Nacional de las Artes Esc\u00e9nicas y de la M\u00fasica), Ministerio de Educaci\u00f3n Cultura y Deportes. The Network, currently has 159 members. These are spaces of exhibition of scenic arts of public ownership of all the national territory.\u00a0This includes the main theaters and auditoriums of the country and 12 networks and circuits of performing arts of communities that aglutinate their dependent spaces. As a result, the Red brings together more than 700 <strong>public exhibition spaces<\/strong>.<\/p>\n<p>&nbsp;<\/p>\n<p><span style=\"text-decoration: underline; color: #0000ff;\"><a style=\"color: #0000ff; text-decoration: underline;\" href=\"http:\/\/www.redescena.net\/home\/index.php\" target=\"_blank\" rel=\"noopener\">http:\/\/www.redescena.net<\/a><\/span><\/p>\n","protected":false},"excerpt":{"rendered":"<p>Red de Teatros The Red Espa\u00f1ola de Teatros, Auditorios, Circuitos [&hellip;]<\/p>\n","protected":false},"author":1,"featured_media":0,"parent":0,"menu_order":0,"comment_status":"open","ping_status":"open","template":"","meta":[],"_links":{"self":[{"href":"https:\/\/old.mercatflors.cat\/en\/wp-json\/wp\/v2\/pages\/43946\/"}],"collection":[{"href":"https:\/\/old.mercatflors.cat\/en\/wp-json\/wp\/v2\/pages\/"}],"about":[{"href":"https:\/\/old.mercatflors.cat\/en\/wp-json\/wp\/v2\/types\/page\/"}],"author":[{"embeddable":true,"href":"https:\/\/old.mercatflors.cat\/en\/wp-json\/wp\/v2\/users\/1\/"}],"replies":[{"embeddable":true,"href":"https:\/\/old.mercatflors.cat\/en\/wp-json\/wp\/v2\/comments\/?post=43946"}],"version-history":[{"count":0,"href":"https:\/\/old.mercatflors.cat\/en\/wp-json\/wp\/v2\/pages\/43946\/revisions\/"}],"wp:attachment":[{"href":"https:\/\/old.mercatflors.cat\/en\/wp-json\/wp\/v2\/media\/?parent=43946"}],"curies":[{"name":"wp","href":"https:\/\/api.w.org\/{rel}","templated":true}]}}

<h2>Red de Teatros</h2>
<p>The Red Española de Teatros, Auditorios, Circuitos y Festivales de Titularidad Pública is a non-profit cultural association established in February 2000, in a collaboration agreement with the INAEM (Instituto Nacional de las Artes Escénicas y de la Música), Ministerio de Educación Cultura y Deportes. The Network, currently has 159 members. These are spaces of exhibition of scenic arts of public ownership of all the national territory. This includes the main theaters and auditoriums of the country and 12 networks and circuits of performing arts of communities that aglutinate their dependent spaces. As a result, the Red brings together more than 700 <strong>public exhibition spaces</strong>.</p>
<p>&nbsp;</p>
<p><span style="text-decoration: underline; color: #0000ff;"><a style="color: #0000ff; text-decoration: underline;" href="http://www.redescena.net/home/index.php" target="_blank" rel="noopener">http://www.redescena.net</a></span></p>

<p>Red de Teatros The Red Española de Teatros, Auditorios, Circuitos [&hellip;]</p>
