{"id":45145,"date":"2019-12-10T13:33:44","date_gmt":"2019-12-10T12:33:44","guid":{"rendered":"https:\/\/old.mercatflors.cat\/?page_id=45145"},"modified":"2022-10-20T12:49:27","modified_gmt":"2022-10-20T11:49:27","slug":"creation-grants","status":"publish","type":"page","link":"https:\/\/old.mercatflors.cat\/en\/the-mercat\/creation-grants\/","title":{"rendered":"Creation Grants"},"content":{"rendered":"<ul>\n<li><a href=\"https:\/\/old.mercatflors.cat\/en\/2023-call-for-proposals-for-creative-grants-el-graner-fabrica-de-creacio\/\"><strong>2023 creative grants, El Graner F\u00e0brica de Creaci\u00f3<\/strong><\/a><a href=\"https:\/\/old.mercatflors.cat\/en\/2023-call-for-proposals-for-creative-grants-el-graner-fabrica-de-creacio\/\">Deadline: 03\/11\/2022, 2pm (Catalan Time)<\/a><\/li>\n<\/ul>\n<p><span style=\"color: #0000ff;\"><a style=\"color: #0000ff;\" href=\"https:\/\/old.mercatflors.cat\/informacio-basica-sobre-la-proteccio-de-dades\/\" target=\"_top\">Informaci\u00f3 b\u00e0sica sobre la protecci\u00f3 de dades<\/a><\/span><\/p>\n<p><a href=\"https:\/\/old.mercatflors.cat\/wp-content\/uploads\/2019\/12\/BASES-REGULADORES-PER-A-LA-CONCESSI\u00d3-DE-PREMIS-CMF.pdf\"><span style=\"color: #0000ff;\">Bases generals concessi\u00f3 ajuts i beques<\/span><\/a><\/p>\n","protected":false},"excerpt":{"rendered":"<p>2023 creative grants, El Graner F\u00e0brica de Creaci\u00f3Deadline: 03\/11\/2022, 2pm [&hellip;]<\/p>\n","protected":false},"author":1,"featured_media":0,"parent":5233,"menu_order":0,"comment_status":"closed","ping_status":"closed","template":"template-blocs-grocs.php","meta":[],"_links":{"self":[{"href":"https:\/\/old.mercatflors.cat\/en\/wp-json\/wp\/v2\/pages\/45145\/"}],"collection":[{"href":"https:\/\/old.mercatflors.cat\/en\/wp-json\/wp\/v2\/pages\/"}],"about":[{"href":"https:\/\/old.mercatflors.cat\/en\/wp-json\/wp\/v2\/types\/page\/"}],"author":[{"embeddable":true,"href":"https:\/\/old.mercatflors.cat\/en\/wp-json\/wp\/v2\/users\/1\/"}],"replies":[{"embeddable":true,"href":"https:\/\/old.mercatflors.cat\/en\/wp-json\/wp\/v2\/comments\/?post=45145"}],"version-history":[{"count":0,"href":"https:\/\/old.mercatflors.cat\/en\/wp-json\/wp\/v2\/pages\/45145\/revisions\/"}],"up":[{"embeddable":true,"href":"https:\/\/old.mercatflors.cat\/en\/wp-json\/wp\/v2\/pages\/5233\/"}],"wp:attachment":[{"href":"https:\/\/old.mercatflors.cat\/en\/wp-json\/wp\/v2\/media\/?parent=45145"}],"curies":[{"name":"wp","href":"https:\/\/api.w.org\/{rel}","templated":true}]}}

<ul>
<li><a href="https://old.mercatflors.cat/en/2023-call-for-proposals-for-creative-grants-el-graner-fabrica-de-creacio/"><strong>2023 creative grants, El Graner Fàbrica de Creació</strong></a><a href="https://old.mercatflors.cat/en/2023-call-for-proposals-for-creative-grants-el-graner-fabrica-de-creacio/">Deadline: 03/11/2022, 2pm (Catalan Time)</a></li>
</ul>
<p><span style="color: #0000ff;"><a style="color: #0000ff;" href="https://old.mercatflors.cat/informacio-basica-sobre-la-proteccio-de-dades/" target="_top">Informació bàsica sobre la protecció de dades</a></span></p>
<p><a href="https://old.mercatflors.cat/wp-content/uploads/2019/12/BASES-REGULADORES-PER-A-LA-CONCESSIÓ-DE-PREMIS-CMF.pdf"><span style="color: #0000ff;">Bases generals concessió ajuts i beques</span></a></p>

<p>2023 creative grants, El Graner Fàbrica de CreacióDeadline: 03/11/2022, 2pm [&hellip;]</p>
