{"id":5220,"date":"2012-12-24T11:55:41","date_gmt":"2012-12-24T11:55:41","guid":{"rendered":"https:\/\/old.mercatflors.cat\/?page_id=5220"},"modified":"2023-05-24T12:18:31","modified_gmt":"2023-05-24T11:18:31","slug":"the-mercat-team","status":"publish","type":"page","link":"https:\/\/old.mercatflors.cat\/en\/the-mercat\/presentation\/the-mercat-team\/","title":{"rendered":"The Mercat Team"},"content":{"rendered":"<h2>Direction and programming<\/h2>\n<p>Director\u00a0<strong>\u00c0ngels Margarit<\/strong><\/p>\n<p>Executive director\u00a0<strong>Feliu Batll\u00f3<\/strong><\/p>\n<p><strong>Judit Bombard\u00f3, Cristina Gabarr\u00f3, Montserrat Ismael, Marc Oliv\u00e9<\/strong><\/p>\n<h2>Communication<\/h2>\n<p><strong>Val\u00e9rie Bonnotte, Carme Clua, Noel Eduardo, Helena Font, Mireia Mas\u00f3, Merc\u00e8 Ros<\/strong><\/p>\n<h2>Production<\/h2>\n<p>Production Manager <strong>Antoni Tarrida<\/strong><\/p>\n<p><strong>Olalla Calvo, Raimon Comas, Victor Cuenca, Lucho Est\u00e9vez, Mariona Garc\u00eda, Jonatan Mart\u00ednez, Pere Milan, \u00d3scar Rodr\u00edguez, Guillem Saura, Marc Vilar<\/strong><\/p>\n<h2>Administration<\/h2>\n<p>Director of Administration <strong>M\u00aa Jos\u00e9 Navarrete<\/strong><\/p>\n<p><strong>Montse Fill\u00f3, Joan Carles Montagut, Llu\u00eds Pern\u00eda<\/strong><\/p>\n<h2>Graner team<\/h2>\n<p><strong>Sonia Fern\u00e1ndez, Paula Moliner, Conchita Pons,\u00a0Raquel Tom\u00e0s<\/strong><\/p>\n<h2>External collaborators<\/h2>\n<ul>\n<li>Audiovisuals\u00a0<strong>N\u00faria Oliv\u00e9<\/strong><\/li>\n<li>Photos &#8211; Mercat de les Flors\u00a0<strong>Maika Amuedo, Pau Fabregat, Pep Herrero, Albert Uriach, Rom\u00e1n Y\u00f1\u00e1n<\/strong><\/li>\n<li>Reception and ticket sales <strong>Eurotomb<\/strong><\/li>\n<li>Ushering <strong>Eurotomb<\/strong><\/li>\n<li>Technical support <strong>Focus<\/strong><\/li>\n<li>Computer technology <strong>Interwor<\/strong><\/li>\n<li>Bar service <strong>La Sole\u00e1<\/strong><\/li>\n<\/ul>\n","protected":false},"excerpt":{"rendered":"<p>Direction and programming Director\u00a0\u00c0ngels Margarit Executive director\u00a0Feliu Batll\u00f3 Judit Bombard\u00f3, [&hellip;]<\/p>\n","protected":false},"author":1,"featured_media":0,"parent":5200,"menu_order":0,"comment_status":"open","ping_status":"open","template":"","meta":[],"_links":{"self":[{"href":"https:\/\/old.mercatflors.cat\/en\/wp-json\/wp\/v2\/pages\/5220\/"}],"collection":[{"href":"https:\/\/old.mercatflors.cat\/en\/wp-json\/wp\/v2\/pages\/"}],"about":[{"href":"https:\/\/old.mercatflors.cat\/en\/wp-json\/wp\/v2\/types\/page\/"}],"author":[{"embeddable":true,"href":"https:\/\/old.mercatflors.cat\/en\/wp-json\/wp\/v2\/users\/1\/"}],"replies":[{"embeddable":true,"href":"https:\/\/old.mercatflors.cat\/en\/wp-json\/wp\/v2\/comments\/?post=5220"}],"version-history":[{"count":0,"href":"https:\/\/old.mercatflors.cat\/en\/wp-json\/wp\/v2\/pages\/5220\/revisions\/"}],"up":[{"embeddable":true,"href":"https:\/\/old.mercatflors.cat\/en\/wp-json\/wp\/v2\/pages\/5200\/"}],"wp:attachment":[{"href":"https:\/\/old.mercatflors.cat\/en\/wp-json\/wp\/v2\/media\/?parent=5220"}],"curies":[{"name":"wp","href":"https:\/\/api.w.org\/{rel}","templated":true}]}}

<h2>Direction and programming</h2>
<p>Director <strong>Àngels Margarit</strong></p>
<p>Executive director <strong>Feliu Batlló</strong></p>
<p><strong>Judit Bombardó, Cristina Gabarró, Montserrat Ismael, Marc Olivé</strong></p>
<h2>Communication</h2>
<p><strong>Valérie Bonnotte, Carme Clua, Noel Eduardo, Helena Font, Mireia Masó, Mercè Ros</strong></p>
<h2>Production</h2>
<p>Production Manager <strong>Antoni Tarrida</strong></p>
<p><strong>Olalla Calvo, Raimon Comas, Victor Cuenca, Lucho Estévez, Mariona García, Jonatan Martínez, Pere Milan, Óscar Rodríguez, Guillem Saura, Marc Vilar</strong></p>
<h2>Administration</h2>
<p>Director of Administration <strong>Mª José Navarrete</strong></p>
<p><strong>Montse Filló, Joan Carles Montagut, Lluís Pernía</strong></p>
<h2>Graner team</h2>
<p><strong>Sonia Fernández, Paula Moliner, Conchita Pons, Raquel Tomàs</strong></p>
<h2>External collaborators</h2>
<ul>
<li>Audiovisuals <strong>Núria Olivé</strong></li>
<li>Photos &#8211; Mercat de les Flors <strong>Maika Amuedo, Pau Fabregat, Pep Herrero, Albert Uriach, Román Yñán</strong></li>
<li>Reception and ticket sales <strong>Eurotomb</strong></li>
<li>Ushering <strong>Eurotomb</strong></li>
<li>Technical support <strong>Focus</strong></li>
<li>Computer technology <strong>Interwor</strong></li>
<li>Bar service <strong>La Soleá</strong></li>
</ul>

<p>Direction and programming Director Àngels Margarit Executive director Feliu Batlló Judit Bombardó, [&hellip;]</p>
