{"id":5228,"date":"2012-12-24T12:08:30","date_gmt":"2012-12-24T12:08:30","guid":{"rendered":"https:\/\/old.mercatflors.cat\/?page_id=5228"},"modified":"2018-11-08T14:00:23","modified_gmt":"2018-11-08T13:00:23","slug":"history","status":"publish","type":"page","link":"https:\/\/old.mercatflors.cat\/en\/the-mercat\/presentation\/history\/","title":{"rendered":"History"},"content":{"rendered":"<h2>A brief history<\/h2>\n<p>The history of the Mercat de les Flors as a municipal theatre goes back to 1983, when the then Councillor for Culture, Maria Aur\u00e8lia Capmany, and the mayor of Barcelona at that time, Pasqual Maragall, instigated the creation of this city performance space with the renovation of the Palace of Agriculture, built for the 1929 International Expo on the mountain of Montju\u00efc. After the premiere of the play <em>The Tragedy of Carmen<\/em>, by Peter Brook, the Mercat launched an irresistible programme of international shows and artists and, naturally, Catalan ones too. In the old warehouse of the Palace of Agriculture, Brook had found an ideal performance space for his play and managed to transmit his enthusiasm to the city\u2019s cultural authorities. This space and the rest of the Mercat de les Flors was remodelled and opened as a municipal theatre in 1985 with the premiere of <em>Mahabarata<\/em>, once again with Peter Brook directing.<\/p>\n<p>The great dome, twelve metres in diameter, which covers the Mercat entrance hall, is the work of the Majorcan artist Miquel Barcel\u00f3. In 1990, the City Council began the enlargement of the Mercat de les Flors, adding a new venue, the so-called B Space (Espai B), adjacent to the main building of the Mercat, and which was later named the Sala Ovidi Montllor. This space was eventually demolished to make way for the construction of the Institut del Teatre, including a new performance space on its premises, with the same name, which currently shares the programming with the Mercat. Therefore, the Mercat has four venues with uninterrupted programming:\u00a0 the Sala Maria Aur\u00e8lia Capmany, the Sala Ovidi Montllor, the Sala Sebasti\u00e0 Gasch, which hosts small-scale activities, and the Sala Pina Bausch, a multipurpose auditorium also for small-scale activities.<\/p>\n<p>The theatre, even in its beginnings, aimed to set an example in all types of creative expression: theatre, dance, music, performances, media art. Directors such as the aforementioned Peter Brook, Luca Ronconi, Peter Stein, Patrice Ch\u00e9reau, Carlos Marquer\u00ede, Robert Lepage, Tadeusz Kantor, Anatoli Vassiliev, Mario Gas, Calixto Bieito and Roger Bernat; national companies and figures such as La Fura dels Baus, Comediants, Els Joglars, La Cubana, S\u00e8mola Teatre, Sol Pic\u00f3, Mal Pelo, \u00c0ngels Margarit, La Carnicer\u00eda Teatro and Teatro de la Abad\u00eda; international ones such as Phillipe Genty, Wim Vandekeybus, La La La Human Steps and Rosas; festivals such as ArtFutura, Festival \u00c0sia and Primavera Sound; cinema with the presence of directors such as Fernando Trueba, Fernando Le\u00f3n, Joaquim Oristrell and Jaume Balaguer\u00f3; or music with La Paquera de Jerez, Carlos Santos, Georges Moustaki and many, many others, have made the Mercat de les Flors a touchstone for the performing arts and contemporary creativity in Catalonia. Since it opened, the Mercat has been directed by Joan M. Gual (two terms), Elena Posa and Andreu Morte (also on two occasions) and Francesc Casades\u00fas. The current director is \u00c0ngels Margarit. The Mercat de les Flors is part of the amenities that make up the so-called Ciutat del Teatre (City of Theatre), which consists of three theatre venues in the surroundings of the Pla\u00e7a Margarita Xirgu:\u00a0 the Mercat itself, Teatre Lliure and Institut del Teatre.<\/p>\n","protected":false},"excerpt":{"rendered":"<p>A brief history The history of the Mercat de les [&hellip;]<\/p>\n","protected":false},"author":1,"featured_media":21159,"parent":5200,"menu_order":0,"comment_status":"open","ping_status":"open","template":"","meta":[],"_links":{"self":[{"href":"https:\/\/old.mercatflors.cat\/en\/wp-json\/wp\/v2\/pages\/5228\/"}],"collection":[{"href":"https:\/\/old.mercatflors.cat\/en\/wp-json\/wp\/v2\/pages\/"}],"about":[{"href":"https:\/\/old.mercatflors.cat\/en\/wp-json\/wp\/v2\/types\/page\/"}],"author":[{"embeddable":true,"href":"https:\/\/old.mercatflors.cat\/en\/wp-json\/wp\/v2\/users\/1\/"}],"replies":[{"embeddable":true,"href":"https:\/\/old.mercatflors.cat\/en\/wp-json\/wp\/v2\/comments\/?post=5228"}],"version-history":[{"count":0,"href":"https:\/\/old.mercatflors.cat\/en\/wp-json\/wp\/v2\/pages\/5228\/revisions\/"}],"up":[{"embeddable":true,"href":"https:\/\/old.mercatflors.cat\/en\/wp-json\/wp\/v2\/pages\/5200\/"}],"wp:featuredmedia":[{"embeddable":true,"href":"https:\/\/old.mercatflors.cat\/en\/wp-json\/wp\/v2\/media\/21159\/"}],"wp:attachment":[{"href":"https:\/\/old.mercatflors.cat\/en\/wp-json\/wp\/v2\/media\/?parent=5228"}],"curies":[{"name":"wp","href":"https:\/\/api.w.org\/{rel}","templated":true}]}}

<h2>A brief history</h2>
<p>The history of the Mercat de les Flors as a municipal theatre goes back to 1983, when the then Councillor for Culture, Maria Aurèlia Capmany, and the mayor of Barcelona at that time, Pasqual Maragall, instigated the creation of this city performance space with the renovation of the Palace of Agriculture, built for the 1929 International Expo on the mountain of Montjuïc. After the premiere of the play <em>The Tragedy of Carmen</em>, by Peter Brook, the Mercat launched an irresistible programme of international shows and artists and, naturally, Catalan ones too. In the old warehouse of the Palace of Agriculture, Brook had found an ideal performance space for his play and managed to transmit his enthusiasm to the city’s cultural authorities. This space and the rest of the Mercat de les Flors was remodelled and opened as a municipal theatre in 1985 with the premiere of <em>Mahabarata</em>, once again with Peter Brook directing.</p>
<p>The great dome, twelve metres in diameter, which covers the Mercat entrance hall, is the work of the Majorcan artist Miquel Barceló. In 1990, the City Council began the enlargement of the Mercat de les Flors, adding a new venue, the so-called B Space (Espai B), adjacent to the main building of the Mercat, and which was later named the Sala Ovidi Montllor. This space was eventually demolished to make way for the construction of the Institut del Teatre, including a new performance space on its premises, with the same name, which currently shares the programming with the Mercat. Therefore, the Mercat has four venues with uninterrupted programming:  the Sala Maria Aurèlia Capmany, the Sala Ovidi Montllor, the Sala Sebastià Gasch, which hosts small-scale activities, and the Sala Pina Bausch, a multipurpose auditorium also for small-scale activities.</p>
<p>The theatre, even in its beginnings, aimed to set an example in all types of creative expression: theatre, dance, music, performances, media art. Directors such as the aforementioned Peter Brook, Luca Ronconi, Peter Stein, Patrice Chéreau, Carlos Marqueríe, Robert Lepage, Tadeusz Kantor, Anatoli Vassiliev, Mario Gas, Calixto Bieito and Roger Bernat; national companies and figures such as La Fura dels Baus, Comediants, Els Joglars, La Cubana, Sèmola Teatre, Sol Picó, Mal Pelo, Àngels Margarit, La Carnicería Teatro and Teatro de la Abadía; international ones such as Phillipe Genty, Wim Vandekeybus, La La La Human Steps and Rosas; festivals such as ArtFutura, Festival Àsia and Primavera Sound; cinema with the presence of directors such as Fernando Trueba, Fernando León, Joaquim Oristrell and Jaume Balagueró; or music with La Paquera de Jerez, Carlos Santos, Georges Moustaki and many, many others, have made the Mercat de les Flors a touchstone for the performing arts and contemporary creativity in Catalonia. Since it opened, the Mercat has been directed by Joan M. Gual (two terms), Elena Posa and Andreu Morte (also on two occasions) and Francesc Casadesús. The current director is Àngels Margarit. The Mercat de les Flors is part of the amenities that make up the so-called Ciutat del Teatre (City of Theatre), which consists of three theatre venues in the surroundings of the Plaça Margarita Xirgu:  the Mercat itself, Teatre Lliure and Institut del Teatre.</p>
