{"id":5252,"date":"2012-12-24T13:55:51","date_gmt":"2012-12-24T13:55:51","guid":{"rendered":"https:\/\/old.mercatflors.cat\/?page_id=5252"},"modified":"2012-12-24T13:56:30","modified_gmt":"2012-12-24T13:56:30","slug":"sala-om","status":"publish","type":"page","link":"https:\/\/old.mercatflors.cat\/en\/the-mercat\/buildings-and-auditoriums\/sala-om\/","title":{"rendered":"Sala OM"},"content":{"rendered":"<h2>Sala Ovidi Montllor<\/h2>\n<p>This auditorium, built in 2000 inside the premises of the Institut del Teatre, is shared with the Institut. Its seats 320 and has an Italian-style layout.<\/p>\n<p>The poet, singer and actor Ovidi Montllor (Alcoy, 1942 &#8211; Barcelona, 1995) debuted in theatre in 1962 with La Cassola, a company from Alcoy. In Barcelona, he worked with the companies directed by Adri\u00e0 Gual and N\u00faria Espert and in the CICF Independent Theatre Group, with Fransesc Nel\u00b7lo and Fabi\u00e0 Puigserver at the helm. In the late 1960s he began a distinguished career as a singer, setting his own lyrics to music and also texts by poets such as Salvador Espriu and Vicent Andr\u00e9s Estell\u00e9s. He was part of the <em>Nova Can\u00e7\u00f3<\/em> (New Song) artistic movement and in cinema played noteworthy roles in films such as <em>Furtivos <\/em>and <em>La oscura historia de la prima Montse.<\/em><\/p>\n<h2>Layout<\/h2>\n<p>View <a href=\"http:\/\/www.mercatflors.cat\/info_sales_mercat\/sala_om.rar\">the layout of the Sala Ovidi Montllor<\/a><\/p>\n","protected":false},"excerpt":{"rendered":"<p>Sala Ovidi Montllor This auditorium, built in 2000 inside the [&hellip;]<\/p>\n","protected":false},"author":1,"featured_media":3840,"parent":5245,"menu_order":0,"comment_status":"open","ping_status":"open","template":"","meta":[],"_links":{"self":[{"href":"https:\/\/old.mercatflors.cat\/en\/wp-json\/wp\/v2\/pages\/5252\/"}],"collection":[{"href":"https:\/\/old.mercatflors.cat\/en\/wp-json\/wp\/v2\/pages\/"}],"about":[{"href":"https:\/\/old.mercatflors.cat\/en\/wp-json\/wp\/v2\/types\/page\/"}],"author":[{"embeddable":true,"href":"https:\/\/old.mercatflors.cat\/en\/wp-json\/wp\/v2\/users\/1\/"}],"replies":[{"embeddable":true,"href":"https:\/\/old.mercatflors.cat\/en\/wp-json\/wp\/v2\/comments\/?post=5252"}],"version-history":[{"count":0,"href":"https:\/\/old.mercatflors.cat\/en\/wp-json\/wp\/v2\/pages\/5252\/revisions\/"}],"up":[{"embeddable":true,"href":"https:\/\/old.mercatflors.cat\/en\/wp-json\/wp\/v2\/pages\/5245\/"}],"wp:featuredmedia":[{"embeddable":true,"href":"https:\/\/old.mercatflors.cat\/en\/wp-json\/wp\/v2\/media\/3840\/"}],"wp:attachment":[{"href":"https:\/\/old.mercatflors.cat\/en\/wp-json\/wp\/v2\/media\/?parent=5252"}],"curies":[{"name":"wp","href":"https:\/\/api.w.org\/{rel}","templated":true}]}}

<h2>Sala Ovidi Montllor</h2>
<p>This auditorium, built in 2000 inside the premises of the Institut del Teatre, is shared with the Institut. Its seats 320 and has an Italian-style layout.</p>
<p>The poet, singer and actor Ovidi Montllor (Alcoy, 1942 &#8211; Barcelona, 1995) debuted in theatre in 1962 with La Cassola, a company from Alcoy. In Barcelona, he worked with the companies directed by Adrià Gual and Núria Espert and in the CICF Independent Theatre Group, with Fransesc Nel·lo and Fabià Puigserver at the helm. In the late 1960s he began a distinguished career as a singer, setting his own lyrics to music and also texts by poets such as Salvador Espriu and Vicent Andrés Estellés. He was part of the <em>Nova Cançó</em> (New Song) artistic movement and in cinema played noteworthy roles in films such as <em>Furtivos </em>and <em>La oscura historia de la prima Montse.</em></p>
<h2>Layout</h2>
<p>View <a href="http://www.mercatflors.cat/info_sales_mercat/sala_om.rar">the layout of the Sala Ovidi Montllor</a></p>
