{"id":56258,"date":"2022-07-06T14:18:35","date_gmt":"2022-07-06T13:18:35","guid":{"rendered":"https:\/\/old.mercatflors.cat\/?page_id=56258"},"modified":"2023-05-05T10:57:08","modified_gmt":"2023-05-05T09:57:08","slug":"conversations-and-debate-dramas-2022-23","status":"publish","type":"page","link":"https:\/\/old.mercatflors.cat\/en\/conversations-and-debate-dramas-2022-23\/","title":{"rendered":"CONVERSATIONS AND DEBATE DRAMAS"},"content":{"rendered":"<p>&nbsp;<\/p>\n<p>After the performance, the Mercat invites some of the season&#8217;s choreographers to come along and chat a while with their audience. This alternates with the &#8220;debate dramas&#8221; programme: versions, subversions or perversions of the after-performance encounters between audience and artists. In each session, a different dialectic game, a conversation guideline, will be activated with the goal of talking in a relaxed atmosphere about the performance that has just ended, while encouraging increased interaction among the audience. Not all of the games require the artists&#8217; presence at the debate. Debate dramas is an idea by Roberto Fratini, activated by Agost Produccions.<\/p>\n<p>This season, sessions with the artists about the works of:<\/p>\n<p>MARIA ROVIRA Converses post-funci\u00f3 matinal i funci\u00f3 vespre dv 7 octubre<\/p>\n<p>MAL PELO Conversa post-funci\u00f3 dv 28 octubre<\/p>\n<p>FRAN\u00c7OIS CHAIGNAUD Conversa post-funci\u00f3 ds 5 novembre<\/p>\n<p>IVC-ASUN NOALES Conversa despr\u00e9s funci\u00f3 vespre dv 27 gener<\/p>\n<p>PHILIPPE SAIRE Conversa post-funci\u00f3 dv 27 gener <em>(Party Room) <\/em><\/p>\n<p>METTE INGVARSTEN Conversa post-funci\u00f3 dv 3 febrer<\/p>\n<p>OLGA DE SOTO Dramat\u00fargies del Debat ds 11 febrer<\/p>\n<p>JOAO LIMA Conversa post-funci\u00f3 dj 16 febrer<\/p>\n<p>AMARANTA VELARDE Conversa post-funci\u00f3 dv 24 febrer<\/p>\n<p>GISELE VI\u00c8NNE Dramat\u00fargies del Debat dv 17 mar\u00e7<\/p>\n<p>TAIAT DANSA Pre-funci\u00f3 CAF\u00c8 BERLIN\u00c8S ds 18 mar\u00e7<\/p>\n<p>N\u00daRIA GUIU Conversa post-funci\u00f3 ds 22 abril<\/p>\n<p>ANA PI Conversa post-funci\u00f3 diumenge 30 abril<\/p>\n<p>LIA RODRIGUES Conversa post-funci\u00f3 dv 28 abril <em>(Furia)<\/em><\/p>\n<p>LIA RODRIGUES Conversa post-funci\u00f3 dv 5 maig\u00a0<em>(Encantado)<\/em><\/p>\n<p><del>LIA RODRIGUES Dramat\u00fargies del Debat ds 6 maig<\/del> Activitat cancel\u00b7lada<\/p>\n<p>&nbsp;<\/p>\n<p>Activitats gratu\u00eftes.<\/p>\n<p><strong>*** aquestes activitats estan subjectes a modificacions<\/strong><\/p>\n","protected":false},"excerpt":{"rendered":"<p>&nbsp; After the performance, the Mercat invites some of the [&hellip;]<\/p>\n","protected":false},"author":1,"featured_media":51952,"parent":0,"menu_order":0,"comment_status":"closed","ping_status":"closed","template":"","meta":[],"_links":{"self":[{"href":"https:\/\/old.mercatflors.cat\/en\/wp-json\/wp\/v2\/pages\/56258\/"}],"collection":[{"href":"https:\/\/old.mercatflors.cat\/en\/wp-json\/wp\/v2\/pages\/"}],"about":[{"href":"https:\/\/old.mercatflors.cat\/en\/wp-json\/wp\/v2\/types\/page\/"}],"author":[{"embeddable":true,"href":"https:\/\/old.mercatflors.cat\/en\/wp-json\/wp\/v2\/users\/1\/"}],"replies":[{"embeddable":true,"href":"https:\/\/old.mercatflors.cat\/en\/wp-json\/wp\/v2\/comments\/?post=56258"}],"version-history":[{"count":0,"href":"https:\/\/old.mercatflors.cat\/en\/wp-json\/wp\/v2\/pages\/56258\/revisions\/"}],"wp:featuredmedia":[{"embeddable":true,"href":"https:\/\/old.mercatflors.cat\/en\/wp-json\/wp\/v2\/media\/51952\/"}],"wp:attachment":[{"href":"https:\/\/old.mercatflors.cat\/en\/wp-json\/wp\/v2\/media\/?parent=56258"}],"curies":[{"name":"wp","href":"https:\/\/api.w.org\/{rel}","templated":true}]}}

<p>&nbsp;</p>
<p>After the performance, the Mercat invites some of the season&#8217;s choreographers to come along and chat a while with their audience. This alternates with the &#8220;debate dramas&#8221; programme: versions, subversions or perversions of the after-performance encounters between audience and artists. In each session, a different dialectic game, a conversation guideline, will be activated with the goal of talking in a relaxed atmosphere about the performance that has just ended, while encouraging increased interaction among the audience. Not all of the games require the artists&#8217; presence at the debate. Debate dramas is an idea by Roberto Fratini, activated by Agost Produccions.</p>
<p>This season, sessions with the artists about the works of:</p>
<p>MARIA ROVIRA Converses post-funció matinal i funció vespre dv 7 octubre</p>
<p>MAL PELO Conversa post-funció dv 28 octubre</p>
<p>FRANÇOIS CHAIGNAUD Conversa post-funció ds 5 novembre</p>
<p>IVC-ASUN NOALES Conversa després funció vespre dv 27 gener</p>
<p>PHILIPPE SAIRE Conversa post-funció dv 27 gener <em>(Party Room) </em></p>
<p>METTE INGVARSTEN Conversa post-funció dv 3 febrer</p>
<p>OLGA DE SOTO Dramatúrgies del Debat ds 11 febrer</p>
<p>JOAO LIMA Conversa post-funció dj 16 febrer</p>
<p>AMARANTA VELARDE Conversa post-funció dv 24 febrer</p>
<p>GISELE VIÈNNE Dramatúrgies del Debat dv 17 març</p>
<p>TAIAT DANSA Pre-funció CAFÈ BERLINÈS ds 18 març</p>
<p>NÚRIA GUIU Conversa post-funció ds 22 abril</p>
<p>ANA PI Conversa post-funció diumenge 30 abril</p>
<p>LIA RODRIGUES Conversa post-funció dv 28 abril <em>(Furia)</em></p>
<p>LIA RODRIGUES Conversa post-funció dv 5 maig <em>(Encantado)</em></p>
<p><del>LIA RODRIGUES Dramatúrgies del Debat ds 6 maig</del> Activitat cancel·lada</p>
<p>&nbsp;</p>
<p>Activitats gratuïtes.</p>
<p><strong>*** aquestes activitats estan subjectes a modificacions</strong></p>
