{"id":12438,"date":"2014-09-25T10:28:07","date_gmt":"2014-09-25T09:28:07","guid":{"rendered":"https:\/\/old.mercatflors.cat\/?page_id=12438"},"modified":"2014-09-25T10:54:13","modified_gmt":"2014-09-25T09:54:13","slug":"terminos-y-condiciones","status":"publish","type":"page","link":"https:\/\/old.mercatflors.cat\/es\/terminos-y-condiciones\/","title":{"rendered":"T\u00e9rminos y condiciones"},"content":{"rendered":"<p>La adquisici\u00f3n de una entrada, abono o invitaci\u00f3n (en adelante, entrada) representa la aceptaci\u00f3n de las condiciones siguientes:<\/p>\n<p>1.\u00a0\u00a0\u00a0 La entrada dispone de diferentes medidas de seguridad. No obstante, la Organizaci\u00f3n no garantiza su autenticidad si no ha sido adquirida en alguno de los puntos oficiales de venta. Cualquier entrada enmendada, rota, sospechosa de falsificaci\u00f3n o adquirida il\u00edcitamente autorizar\u00e1 a la Organizaci\u00f3n a privar el acceso a su portador. En estos casos, si no se le permite el acceso al recinto, la Organizaci\u00f3n declina responsabilidad alguna.<\/p>\n<p>2.\u00a0\u00a0\u00a0 Es condici\u00f3n para la admisi\u00f3n disponer de la entrada completa y en buen estado. La entrada se deber\u00e1 conservar en un lugar seco, lejos del calor, sin contacto alguno con pl\u00e1sticos ni campos magn\u00e9ticos, y se deber\u00e1 conservar hasta la salida del recinto.<\/p>\n<p>3.\u00a0\u00a0\u00a0 La Organizaci\u00f3n se reserva el derecho de modificar, si las circunstancias lo exigen, las fechas, los horarios, los programas o los int\u00e9rpretes anunciantes, as\u00ed como decretar la suspensi\u00f3n del espect\u00e1culo. Una vez adquirida la entrada no podr\u00e1 ser cambiada, ni su importe retornado, excepto por cancelaci\u00f3n del evento, caso en que la Organizaci\u00f3n se compromete a la devoluci\u00f3n del su importe en el mismo punto de compra hasta un mes despu\u00e9s de la suspensi\u00f3n.<\/p>\n<p>4.\u00a0\u00a0\u00a0 No estar\u00e1 permitida la entrada de p\u00fablico a la sala durante la interpretaci\u00f3n de las obras. Es potestad de la Organizaci\u00f3n permitir la entrada al recinto una vez haya empezado el espect\u00e1culo.<\/p>\n<p>5.\u00a0\u00a0\u00a0 La Organizaci\u00f3n se reserva el derecho de admisi\u00f3n. El portador de esta entrada se compromete a cumplir los requisitos y las condiciones de seguridad del recinto. La Organizaci\u00f3n no se hace responsable de la utilizaci\u00f3n indebida de las instalaciones.<\/p>\n<p>6.\u00a0\u00a0\u00a0 El portador de esta entrada se compromete a ser respetuoso con los artistas y el personal del recinto, as\u00ed como a desconectar sus aplicativos m\u00f3viles y cualquier tipo de alarma antes de acceder al recinto, y a no comer, beber o fumar en el interior de este. Tambi\u00e9n se proh\u00edbe la entrada de animales, excepto los perros de asistencia.<\/p>\n<p>7.\u00a0\u00a0\u00a0 La Organizaci\u00f3n se reserva todos los derechos de imagen y de propiedad intelectual del espect\u00e1culo. Se proh\u00edbe hacer fotograf\u00edas, con o sin flash, filmar o grabar, as\u00ed como la entrada al recinto con cualquier objeto o producto que la Organizaci\u00f3n considere peligroso o que est\u00e9n prohibidos por la normativa vigente.<\/p>\n<p>8.\u00a0\u00a0\u00a0 A estos efectos, el portador de esta entrada autoriza a la Organizaci\u00f3n a efectuar, de acuerdo con la ley, las revisiones o registros de persona y tenencias necesarios con tal de verificar que se cumplen las condiciones de acceso.<\/p>\n<p>9.\u00a0\u00a0\u00a0 La Organizaci\u00f3n no se har\u00e1 responsable de las p\u00e9rdidas, robos, deterioros, da\u00f1os o perjuicios causados al portador o a sus objetos personales durante la estancia en su recinto.<\/p>\n<p>10.\u00a0 Cualquier reclamaci\u00f3n relacionada con la realizaci\u00f3n, suspensi\u00f3n, modificaci\u00f3n o anulaci\u00f3n del espect\u00e1culo, se deber\u00e1 dirigir a la Organizaci\u00f3n con la presentaci\u00f3n de la entrada.<\/p>\n","protected":false},"excerpt":{"rendered":"<p>La adquisici\u00f3n de una entrada, abono o invitaci\u00f3n (en adelante, [&hellip;]<\/p>\n","protected":false},"author":1,"featured_media":0,"parent":0,"menu_order":0,"comment_status":"open","ping_status":"open","template":"","meta":[],"_links":{"self":[{"href":"https:\/\/old.mercatflors.cat\/es\/wp-json\/wp\/v2\/pages\/12438\/"}],"collection":[{"href":"https:\/\/old.mercatflors.cat\/es\/wp-json\/wp\/v2\/pages\/"}],"about":[{"href":"https:\/\/old.mercatflors.cat\/es\/wp-json\/wp\/v2\/types\/page\/"}],"author":[{"embeddable":true,"href":"https:\/\/old.mercatflors.cat\/es\/wp-json\/wp\/v2\/users\/1\/"}],"replies":[{"embeddable":true,"href":"https:\/\/old.mercatflors.cat\/es\/wp-json\/wp\/v2\/comments\/?post=12438"}],"version-history":[{"count":0,"href":"https:\/\/old.mercatflors.cat\/es\/wp-json\/wp\/v2\/pages\/12438\/revisions\/"}],"wp:attachment":[{"href":"https:\/\/old.mercatflors.cat\/es\/wp-json\/wp\/v2\/media\/?parent=12438"}],"curies":[{"name":"wp","href":"https:\/\/api.w.org\/{rel}","templated":true}]}}

Términos y condiciones

<p>La adquisición de una entrada, abono o invitación (en adelante, entrada) representa la aceptación de las condiciones siguientes:</p>
<p>1.    La entrada dispone de diferentes medidas de seguridad. No obstante, la Organización no garantiza su autenticidad si no ha sido adquirida en alguno de los puntos oficiales de venta. Cualquier entrada enmendada, rota, sospechosa de falsificación o adquirida ilícitamente autorizará a la Organización a privar el acceso a su portador. En estos casos, si no se le permite el acceso al recinto, la Organización declina responsabilidad alguna.</p>
<p>2.    Es condición para la admisión disponer de la entrada completa y en buen estado. La entrada se deberá conservar en un lugar seco, lejos del calor, sin contacto alguno con plásticos ni campos magnéticos, y se deberá conservar hasta la salida del recinto.</p>
<p>3.    La Organización se reserva el derecho de modificar, si las circunstancias lo exigen, las fechas, los horarios, los programas o los intérpretes anunciantes, así como decretar la suspensión del espectáculo. Una vez adquirida la entrada no podrá ser cambiada, ni su importe retornado, excepto por cancelación del evento, caso en que la Organización se compromete a la devolución del su importe en el mismo punto de compra hasta un mes después de la suspensión.</p>
<p>4.    No estará permitida la entrada de público a la sala durante la interpretación de las obras. Es potestad de la Organización permitir la entrada al recinto una vez haya empezado el espectáculo.</p>
<p>5.    La Organización se reserva el derecho de admisión. El portador de esta entrada se compromete a cumplir los requisitos y las condiciones de seguridad del recinto. La Organización no se hace responsable de la utilización indebida de las instalaciones.</p>
<p>6.    El portador de esta entrada se compromete a ser respetuoso con los artistas y el personal del recinto, así como a desconectar sus aplicativos móviles y cualquier tipo de alarma antes de acceder al recinto, y a no comer, beber o fumar en el interior de este. También se prohíbe la entrada de animales, excepto los perros de asistencia.</p>
<p>7.    La Organización se reserva todos los derechos de imagen y de propiedad intelectual del espectáculo. Se prohíbe hacer fotografías, con o sin flash, filmar o grabar, así como la entrada al recinto con cualquier objeto o producto que la Organización considere peligroso o que estén prohibidos por la normativa vigente.</p>
<p>8.    A estos efectos, el portador de esta entrada autoriza a la Organización a efectuar, de acuerdo con la ley, las revisiones o registros de persona y tenencias necesarios con tal de verificar que se cumplen las condiciones de acceso.</p>
<p>9.    La Organización no se hará responsable de las pérdidas, robos, deterioros, daños o perjuicios causados al portador o a sus objetos personales durante la estancia en su recinto.</p>
<p>10.  Cualquier reclamación relacionada con la realización, suspensión, modificación o anulación del espectáculo, se deberá dirigir a la Organización con la presentación de la entrada.</p>

<p>La adquisición de una entrada, abono o invitación (en adelante, [&hellip;]</p>
