{"id":1843,"date":"2012-07-31T09:18:26","date_gmt":"2012-07-31T09:18:26","guid":{"rendered":"https:\/\/old.mercatflors.cat\/?page_id=1843"},"modified":"2017-09-18T12:22:25","modified_gmt":"2017-09-18T11:22:25","slug":"temporada-vista","status":"publish","type":"page","link":"https:\/\/old.mercatflors.cat\/es\/temporada-vista\/","title":{"rendered":"Temporada a la vista Mercat de les Flors"},"content":{"rendered":"<p><span style=\"color: #ffffff;\">\u00bfQu\u00e9 hacer en Barcelona? Danza, circo, teatro, flamenco, performance, espect\u00e1culos, ciclos, festivales, actividades para familias y ni\u00f1os, programaci\u00f3n Mercat Flors, Barcelona, Catalunya<\/span><\/p>\n","protected":false},"excerpt":{"rendered":"<p>\u00bfQu\u00e9 hacer en Barcelona? Danza, circo, teatro, flamenco, performance, espect\u00e1culos, [&hellip;]<\/p>\n","protected":false},"author":1,"featured_media":0,"parent":0,"menu_order":0,"comment_status":"open","ping_status":"open","template":"","meta":[],"_links":{"self":[{"href":"https:\/\/old.mercatflors.cat\/es\/wp-json\/wp\/v2\/pages\/1843\/"}],"collection":[{"href":"https:\/\/old.mercatflors.cat\/es\/wp-json\/wp\/v2\/pages\/"}],"about":[{"href":"https:\/\/old.mercatflors.cat\/es\/wp-json\/wp\/v2\/types\/page\/"}],"author":[{"embeddable":true,"href":"https:\/\/old.mercatflors.cat\/es\/wp-json\/wp\/v2\/users\/1\/"}],"replies":[{"embeddable":true,"href":"https:\/\/old.mercatflors.cat\/es\/wp-json\/wp\/v2\/comments\/?post=1843"}],"version-history":[{"count":0,"href":"https:\/\/old.mercatflors.cat\/es\/wp-json\/wp\/v2\/pages\/1843\/revisions\/"}],"wp:attachment":[{"href":"https:\/\/old.mercatflors.cat\/es\/wp-json\/wp\/v2\/media\/?parent=1843"}],"curies":[{"name":"wp","href":"https:\/\/api.w.org\/{rel}","templated":true}]}}

<p><span style="color: #ffffff;">¿Qué hacer en Barcelona? Danza, circo, teatro, flamenco, performance, espectáculos, ciclos, festivales, actividades para familias y niños, programación Mercat Flors, Barcelona, Catalunya</span></p>

<p>¿Qué hacer en Barcelona? Danza, circo, teatro, flamenco, performance, espectáculos, [&hellip;]</p>
