{"id":24806,"date":"2018-10-26T11:11:08","date_gmt":"2018-10-26T10:11:08","guid":{"rendered":"https:\/\/old.mercatflors.cat\/?page_id=24806\/"},"modified":"2019-07-10T15:24:13","modified_gmt":"2019-07-10T14:24:13","slug":"politica-de-privacidad","status":"publish","type":"page","link":"https:\/\/old.mercatflors.cat\/es\/politica-de-privacidad\/","title":{"rendered":"Pol\u00edtica de Privacidad"},"content":{"rendered":"<p><span style=\"font-weight: 400;\">A trav\u00e9s de la web <a href=\"https:\/\/www.mercatflors.cat\">https:\/\/www.mercatflors.cat<\/a> (en adelante, la Web), la entidad \u201cConsorci del Mercat de les Flors \u201d (en adelante, el Consorcio) presta servicios.<\/span><\/p>\n<p><span style=\"font-weight: 400;\">Su privacidad es importante para nosotros. Por ello, queremos ser transparentes acerca de lo que pretendemos hacer con la informaci\u00f3n que nos confiere o que sabremos sobre Ud., es decir, sobre sus datos personales (en adelante Datos), no s\u00f3lo porque las leyes de protecci\u00f3n de datos nos lo requieren, sino tambi\u00e9n porque creemos en la honestidad hacia nuestros usuarios y clientes. Por favor, lea detenidamente esta Pol\u00edtica de Privacidad.<\/span><\/p>\n<p><span style=\"font-weight: 400;\">Le notificaremos por adelantado cualquier cambio realizado en esta Pol\u00edtica de Privacidad y no haremos cambios retroactivos que reduzcan sus derechos a la privacidad a menos que sea requerido legalmente y, en dicho supuesto, siempre ser\u00e1 necesario su consentimiento. No obstante, puede solicitar en cualquier momento su baja en nuestros servicios, \u00a0si no est\u00e1 conforme con los modificaciones realizadas.<\/span><\/p>\n<p><span style=\"font-weight: 400;\">De conformidad con lo dispuesto en Reglamento UE 2016\/679, del Parlamento Europeo y del Consejo de 27 de abril de 2016. (RGPD); MERCAT DE LES FLORS, le informa que mediante la aceptaci\u00f3n de esta Pol\u00edtica de Privacidad, presta su consentimiento informado, expreso, libre e inequ\u00edvoco para que los Datos que proporciona, sean tratados por MERCAT DE LES FLORS, como responsable del tratamiento, y sobre los que se aplican las medidas de seguridad, t\u00e9cnicas y organizativas previstas en la normativa vigente. <\/span><\/p>\n<p><span style=\"font-weight: 400;\">En este sentido y, conforme a lo establecido en el RGPD, a continuaci\u00f3n le detallamos la informaci\u00f3n sobre el tratamiento que MERCAT DE LES FLORS realiza sobre sus datos<\/span><\/p>\n<p>&nbsp;<\/p>\n<h2><b>\u00bfQui\u00e9n es el responsable del tratamiento de sus datos?<\/b><\/h2>\n<p><span style=\"font-weight: 400;\">CONSORCI MERCAT DE LES FLORS<\/span><\/p>\n<p><span style=\"font-weight: 400;\">C\/ Lleida, 59<\/span><\/p>\n<p><span style=\"font-weight: 400;\">08004-Barcelona<\/span><\/p>\n<p><span style=\"font-weight: 400;\">CIF: P0800194C<\/span><\/p>\n<p><span style=\"font-weight: 400;\">Tel: 932562600<\/span><\/p>\n<p><span style=\"font-weight: 400;\">Correo electr\u00f3nico: <a href=\"mailto:protecciodedades@mercatflors.cat\">protecciodedades@mercatflors.cat<\/a><\/span><\/p>\n<p>&nbsp;<\/p>\n<h2><b>\u00bfCon qu\u00e9 finalidad tratamos sus datos?<\/b><\/h2>\n<p><span style=\"font-weight: 400;\">En el Consorci del Mercat de les Flors., tratamos los datos que nos facilita con el fin de gestionar su solicitud (reserva) a trav\u00e9s de nuestra web, en taquilla, o a trav\u00e9s de entidades que colaboran con nosotros a tal fin.<\/span><\/p>\n<p><span style=\"font-weight: 400;\">Tambi\u00e9n utilizamos los datos facilitados por usted y las preferencias que ha manifestado para enviarle informaci\u00f3n de tipo promocional o publicitaria.<\/span><\/p>\n<p><span style=\"font-weight: 400;\">Igualmente, si as\u00ed lo ha solicitado, recibir\u00e1 el bolet\u00edn del Consorcio.<\/span><\/p>\n<p>&nbsp;<\/p>\n<h2><b>\u00bf Cu\u00e1l es la legitimaci\u00f3n para el tratamiento de sus datos? <\/b><\/h2>\n<p><span style=\"font-weight: 400;\">La base legal para el tratamiento de sus datos seria su consentimiento<\/span><\/p>\n<p><span style=\"font-weight: 400;\">El tratamiento \u00a0de sus datos se har\u00e1 en base a \u00a0las distintas finalidades que se detallan en el apartado anterior, y est\u00e1 basado en el consentimiento que se le solicita.<\/span><\/p>\n<p>&nbsp;<\/p>\n<h2><b>\u00bf A qu\u00e9 destinatarios se comunicar\u00e1n sus datos? <\/b><\/h2>\n<p><span style=\"font-weight: 400;\">En el tratamiento de gesti\u00f3n de su solicitud, a trav\u00e9s de la web, compra de entradas en taquilla, sus datos personales pueden ser cedidos por motivos legales o de organizaci\u00f3n operativa interna a entidades p\u00fablicas, empresas colaboradoras, asesores, profesionales o an\u00e1logos para llevar a cabo el tratamiento de datos personales por cuenta del Consorcio.<\/span><\/p>\n<p><span style=\"font-weight: 400;\">As\u00ed mismo, sus datos ser\u00e1n utilizados y\/o cedidos a empresas colaboradoras y a entidades p\u00fablicas con la finalidad de la elaboraci\u00f3n de estad\u00edsticos y de informaci\u00f3n relativa al sector cultural<\/span><\/p>\n<p><span style=\"font-weight: 400;\">Siempre se ceder\u00e1n los datos necesarios para dicha gesti\u00f3n y cumpliendo con todas las medidas de seguridad que establece la normativa de protecci\u00f3n de datos.<\/span><\/p>\n<p>&nbsp;<\/p>\n<h2><b>\u00bfCu\u00e1les son sus derechos cuando nos facilita los datos?<\/b><\/h2>\n<p><span style=\"font-weight: 400;\">Cualquier persona tiene derecho a obtener confirmaci\u00f3n sobre si MERCAT DE LES FLORS, \u00a0est\u00e1 tratando datos personales que le conciernan o no.<\/span><\/p>\n<p><span style=\"font-weight: 400;\">Tambi\u00e9n puede ejercer los derechos que le confiere la normativa vigente: derecho de acceso, rectificaci\u00f3n, supresi\u00f3n y oposici\u00f3n, limitaci\u00f3n del tratamiento, portabilidad de datos y a no ser objeto de decisiones individualizadas automatizadas.<\/span><\/p>\n<p><span style=\"font-weight: 400;\">Asimismo, tiene derecho a retirar el consentimiento en cualquier momento.<\/span><\/p>\n<p><span style=\"font-weight: 400;\">Puede ejercer sus derechos mediante cualquier medio que permita acreditar el env\u00edo y recepci\u00f3n de su solicitud. La solicitud habr\u00e1 de dirigirse a MERCAT DE LES FLORS, a trav\u00e9s de los datos que se incluyen en el apartado de \u201cResponsable del Tratamiento\u201d, indicando la referencia \u201cProtecci\u00f3n de Datos\u201d. En la solicitud debe constar: Nombre, apellidos y fotocopia de su DNI, petici\u00f3n en la que se concreta su solicitud y domicilio a efectos de notificaciones.<\/span><\/p>\n<p><span style=\"font-weight: 400;\">En caso de no estar satisfecho con la respuesta de MERCAT DE LES FLORS ante el ejercicio de sus derechos, tiene derecho a reclamar ante la Autoridad de Control la tutela de los mismos. <\/span><\/p>\n<p>&nbsp;<\/p>\n<h2><b>\u00bfC\u00f3mo hemos obtenido sus datos?<\/b><\/h2>\n<p><span style=\"font-weight: 400;\">Los datos personales objeto de tratamiento por Mercat de les Flors, \u00a0han sido proporcionados por Ud. mismo mediante la cumplimentaci\u00f3n del formulario habilitado a tal efecto en \u00a0a trav\u00e9s de nuestra web, taquilla, as\u00ed como de empresas que gestionan la venta de entradas para nosotros. <\/span><\/p>\n<p><span style=\"font-weight: 400;\">MERCAT DE LES FLORS, le informa, \u00a0del tratamiento de las siguientes categor\u00edas de datos, <\/span><\/p>\n<p><span style=\"font-weight: 400;\">Datos identificativos (Nombre, Apellidos, n\u00famero de tel\u00e9fono)<\/span><\/p>\n<p><span style=\"font-weight: 400;\">Fecha de nacimiento<\/span><\/p>\n<p><span style=\"font-weight: 400;\">Correo electr\u00f3nico<\/span><\/p>\n<p><span style=\"font-weight: 400;\">Direcciones postales y electr\u00f3nicas.<\/span><\/p>\n<p><span style=\"font-weight: 400;\">C\u00f3digo postal<\/span><\/p>\n<p><span style=\"font-weight: 400;\">No se tratan datos especialmente protegidos<\/span><\/p>\n<p>&nbsp;<\/p>\n<h2><b>\u00bf Durante cu\u00e1nto tiempo almacenaremos sus datos? <\/b><\/h2>\n<p><span style=\"font-weight: 400;\">Trataremos y almacenaremos sus datos el tiempo necesario para gestionar la solicitud, \u00a0as\u00ed como la poder dar cumplimiento a la finalidad informada en la capa b\u00e1sica.<\/span><\/p>\n<p><span style=\"font-weight: 400;\">Tambi\u00e9n retenemos sus datos para cumplir con los requisitos de la ley aplicable, prevenir acciones il\u00edcitas, resolver disputas, solucionar problemas, y otras acciones permitidas por la ley. Una vez que no sea necesario el tratamiento de sus datos, los eliminaremos y\/o bloquearemos conforme a nuestra pol\u00edtica de retenci\u00f3n y supresi\u00f3n de datos y los plazos de prescripci\u00f3n legal de conformidad la normativa vigente. \u00a0<\/span><\/p>\n<p><span style=\"font-weight: 400;\">En el Mercat de las Flors, \u00a0estamos preocupados por la seguridad y por garantizar y proteger su privacidad. Por ese motivo, le garantizamos que el tratamiento de sus datos se efect\u00faa bajo altos niveles de seguridad.<\/span><\/p>\n<p><span style=\"font-weight: 400;\">De acuerdo a los est\u00e1ndares del sector, mantenemos medidas t\u00e9cnicas y organizativas contra la destrucci\u00f3n accidental o ilegal, p\u00e9rdida o alteraci\u00f3n accidental, revelaci\u00f3n o acceso no autorizado y otras formas o procedimientos ilegales. <\/span><\/p>\n","protected":false},"excerpt":{"rendered":"<p>A trav\u00e9s de la web https:\/\/www.mercatflors.cat (en adelante, la Web), [&hellip;]<\/p>\n","protected":false},"author":1,"featured_media":0,"parent":0,"menu_order":0,"comment_status":"closed","ping_status":"closed","template":"","meta":[],"_links":{"self":[{"href":"https:\/\/old.mercatflors.cat\/es\/wp-json\/wp\/v2\/pages\/24806\/"}],"collection":[{"href":"https:\/\/old.mercatflors.cat\/es\/wp-json\/wp\/v2\/pages\/"}],"about":[{"href":"https:\/\/old.mercatflors.cat\/es\/wp-json\/wp\/v2\/types\/page\/"}],"author":[{"embeddable":true,"href":"https:\/\/old.mercatflors.cat\/es\/wp-json\/wp\/v2\/users\/1\/"}],"replies":[{"embeddable":true,"href":"https:\/\/old.mercatflors.cat\/es\/wp-json\/wp\/v2\/comments\/?post=24806"}],"version-history":[{"count":0,"href":"https:\/\/old.mercatflors.cat\/es\/wp-json\/wp\/v2\/pages\/24806\/revisions\/"}],"wp:attachment":[{"href":"https:\/\/old.mercatflors.cat\/es\/wp-json\/wp\/v2\/media\/?parent=24806"}],"curies":[{"name":"wp","href":"https:\/\/api.w.org\/{rel}","templated":true}]}}

Política de Privacidad

<p><span style="font-weight: 400;">A través de la web <a href="https://www.mercatflors.cat">https://www.mercatflors.cat</a> (en adelante, la Web), la entidad “Consorci del Mercat de les Flors ” (en adelante, el Consorcio) presta servicios.</span></p>
<p><span style="font-weight: 400;">Su privacidad es importante para nosotros. Por ello, queremos ser transparentes acerca de lo que pretendemos hacer con la información que nos confiere o que sabremos sobre Ud., es decir, sobre sus datos personales (en adelante Datos), no sólo porque las leyes de protección de datos nos lo requieren, sino también porque creemos en la honestidad hacia nuestros usuarios y clientes. Por favor, lea detenidamente esta Política de Privacidad.</span></p>
<p><span style="font-weight: 400;">Le notificaremos por adelantado cualquier cambio realizado en esta Política de Privacidad y no haremos cambios retroactivos que reduzcan sus derechos a la privacidad a menos que sea requerido legalmente y, en dicho supuesto, siempre será necesario su consentimiento. No obstante, puede solicitar en cualquier momento su baja en nuestros servicios,  si no está conforme con los modificaciones realizadas.</span></p>
<p><span style="font-weight: 400;">De conformidad con lo dispuesto en Reglamento UE 2016/679, del Parlamento Europeo y del Consejo de 27 de abril de 2016. (RGPD); MERCAT DE LES FLORS, le informa que mediante la aceptación de esta Política de Privacidad, presta su consentimiento informado, expreso, libre e inequívoco para que los Datos que proporciona, sean tratados por MERCAT DE LES FLORS, como responsable del tratamiento, y sobre los que se aplican las medidas de seguridad, técnicas y organizativas previstas en la normativa vigente. </span></p>
<p><span style="font-weight: 400;">En este sentido y, conforme a lo establecido en el RGPD, a continuación le detallamos la información sobre el tratamiento que MERCAT DE LES FLORS realiza sobre sus datos</span></p>
<p>&nbsp;</p>
<h2><b>¿Quién es el responsable del tratamiento de sus datos?</b></h2>
<p><span style="font-weight: 400;">CONSORCI MERCAT DE LES FLORS</span></p>
<p><span style="font-weight: 400;">C/ Lleida, 59</span></p>
<p><span style="font-weight: 400;">08004-Barcelona</span></p>
<p><span style="font-weight: 400;">CIF: P0800194C</span></p>
<p><span style="font-weight: 400;">Tel: 932562600</span></p>
<p><span style="font-weight: 400;">Correo electrónico: <a href="mailto:protecciodedades@mercatflors.cat">protecciodedades@mercatflors.cat</a></span></p>
<p>&nbsp;</p>
<h2><b>¿Con qué finalidad tratamos sus datos?</b></h2>
<p><span style="font-weight: 400;">En el Consorci del Mercat de les Flors., tratamos los datos que nos facilita con el fin de gestionar su solicitud (reserva) a través de nuestra web, en taquilla, o a través de entidades que colaboran con nosotros a tal fin.</span></p>
<p><span style="font-weight: 400;">También utilizamos los datos facilitados por usted y las preferencias que ha manifestado para enviarle información de tipo promocional o publicitaria.</span></p>
<p><span style="font-weight: 400;">Igualmente, si así lo ha solicitado, recibirá el boletín del Consorcio.</span></p>
<p>&nbsp;</p>
<h2><b>¿ Cuál es la legitimación para el tratamiento de sus datos? </b></h2>
<p><span style="font-weight: 400;">La base legal para el tratamiento de sus datos seria su consentimiento</span></p>
<p><span style="font-weight: 400;">El tratamiento  de sus datos se hará en base a  las distintas finalidades que se detallan en el apartado anterior, y está basado en el consentimiento que se le solicita.</span></p>
<p>&nbsp;</p>
<h2><b>¿ A qué destinatarios se comunicarán sus datos? </b></h2>
<p><span style="font-weight: 400;">En el tratamiento de gestión de su solicitud, a través de la web, compra de entradas en taquilla, sus datos personales pueden ser cedidos por motivos legales o de organización operativa interna a entidades públicas, empresas colaboradoras, asesores, profesionales o análogos para llevar a cabo el tratamiento de datos personales por cuenta del Consorcio.</span></p>
<p><span style="font-weight: 400;">Así mismo, sus datos serán utilizados y/o cedidos a empresas colaboradoras y a entidades públicas con la finalidad de la elaboración de estadísticos y de información relativa al sector cultural</span></p>
<p><span style="font-weight: 400;">Siempre se cederán los datos necesarios para dicha gestión y cumpliendo con todas las medidas de seguridad que establece la normativa de protección de datos.</span></p>
<p>&nbsp;</p>
<h2><b>¿Cuáles son sus derechos cuando nos facilita los datos?</b></h2>
<p><span style="font-weight: 400;">Cualquier persona tiene derecho a obtener confirmación sobre si MERCAT DE LES FLORS,  está tratando datos personales que le conciernan o no.</span></p>
<p><span style="font-weight: 400;">También puede ejercer los derechos que le confiere la normativa vigente: derecho de acceso, rectificación, supresión y oposición, limitación del tratamiento, portabilidad de datos y a no ser objeto de decisiones individualizadas automatizadas.</span></p>
<p><span style="font-weight: 400;">Asimismo, tiene derecho a retirar el consentimiento en cualquier momento.</span></p>
<p><span style="font-weight: 400;">Puede ejercer sus derechos mediante cualquier medio que permita acreditar el envío y recepción de su solicitud. La solicitud habrá de dirigirse a MERCAT DE LES FLORS, a través de los datos que se incluyen en el apartado de “Responsable del Tratamiento”, indicando la referencia “Protección de Datos”. En la solicitud debe constar: Nombre, apellidos y fotocopia de su DNI, petición en la que se concreta su solicitud y domicilio a efectos de notificaciones.</span></p>
<p><span style="font-weight: 400;">En caso de no estar satisfecho con la respuesta de MERCAT DE LES FLORS ante el ejercicio de sus derechos, tiene derecho a reclamar ante la Autoridad de Control la tutela de los mismos. </span></p>
<p>&nbsp;</p>
<h2><b>¿Cómo hemos obtenido sus datos?</b></h2>
<p><span style="font-weight: 400;">Los datos personales objeto de tratamiento por Mercat de les Flors,  han sido proporcionados por Ud. mismo mediante la cumplimentación del formulario habilitado a tal efecto en  a través de nuestra web, taquilla, así como de empresas que gestionan la venta de entradas para nosotros. </span></p>
<p><span style="font-weight: 400;">MERCAT DE LES FLORS, le informa,  del tratamiento de las siguientes categorías de datos, </span></p>
<p><span style="font-weight: 400;">Datos identificativos (Nombre, Apellidos, número de teléfono)</span></p>
<p><span style="font-weight: 400;">Fecha de nacimiento</span></p>
<p><span style="font-weight: 400;">Correo electrónico</span></p>
<p><span style="font-weight: 400;">Direcciones postales y electrónicas.</span></p>
<p><span style="font-weight: 400;">Código postal</span></p>
<p><span style="font-weight: 400;">No se tratan datos especialmente protegidos</span></p>
<p>&nbsp;</p>
<h2><b>¿ Durante cuánto tiempo almacenaremos sus datos? </b></h2>
<p><span style="font-weight: 400;">Trataremos y almacenaremos sus datos el tiempo necesario para gestionar la solicitud,  así como la poder dar cumplimiento a la finalidad informada en la capa básica.</span></p>
<p><span style="font-weight: 400;">También retenemos sus datos para cumplir con los requisitos de la ley aplicable, prevenir acciones ilícitas, resolver disputas, solucionar problemas, y otras acciones permitidas por la ley. Una vez que no sea necesario el tratamiento de sus datos, los eliminaremos y/o bloquearemos conforme a nuestra política de retención y supresión de datos y los plazos de prescripción legal de conformidad la normativa vigente.  </span></p>
<p><span style="font-weight: 400;">En el Mercat de las Flors,  estamos preocupados por la seguridad y por garantizar y proteger su privacidad. Por ese motivo, le garantizamos que el tratamiento de sus datos se efectúa bajo altos niveles de seguridad.</span></p>
<p><span style="font-weight: 400;">De acuerdo a los estándares del sector, mantenemos medidas técnicas y organizativas contra la destrucción accidental o ilegal, pérdida o alteración accidental, revelación o acceso no autorizado y otras formas o procedimientos ilegales. </span></p>

<p>A través de la web https://www.mercatflors.cat (en adelante, la Web), [&hellip;]</p>
