{"id":2785,"date":"2012-09-11T10:18:05","date_gmt":"2012-09-11T10:18:05","guid":{"rendered":"https:\/\/old.mercatflors.cat\/?page_id=2785"},"modified":"2019-01-31T14:41:19","modified_gmt":"2019-01-31T13:41:19","slug":"cuerpo-de-letra","status":"publish","type":"page","link":"https:\/\/old.mercatflors.cat\/es\/pensamiento-archivo-y-ediciones\/cuerpo-de-letra\/","title":{"rendered":"Cuerpo de letra"},"content":{"rendered":"<p>Cuerpo de Letra es una colecci\u00f3n editorial de danza y\u00a0pensamiento del Mercat de les Flors y\u00a0el Institut del Teatre.<\/p>\n<p>Ediciones en catal\u00e1n, castellano o gallego<\/p>\n<p><span style=\"text-decoration: underline; color: #0000ff;\"><a style=\"color: #0000ff; text-decoration: underline;\" href=\"http:\/\/www.edicionespoligrafa.com\/es\/catalog\/historia-teoria-critica\/cuerpo-de-letra\" target=\"_blank\" rel=\"noopener\">Puedes comprar los libros en la web de Ediciones Pol\u00edgrafa<\/a><\/span><\/p>\n<p>&nbsp;<\/p>\n<p><img decoding=\"async\" loading=\"lazy\" class=\"alignleft size-full wp-image-4609\" title=\"1311590060portada_exhaurir_la_dansa\" src=\"https:\/\/old.mercatflors.cat\/wp-content\/uploads\/2012\/07\/1311590060portada_exhaurir_la_dansa.jpg\" alt=\"\" width=\"350\" height=\"200\" \/><\/p>\n<h2>[CdL#1]. EXHAURIR LA DANSA<\/h2>\n<p><strong>Exhaurir la dansa. Performance i pol\u00edtica del moviment <\/strong>(2009).\u00a0<em>Andr\u00e9 Lepecki<br \/>\n<\/em>Revisi\u00f3n sobre las maneras de pensar la danza con el argumento a favor de un compromiso renovado entre ense\u00f1anza, pr\u00e1ctica y filosof\u00eda experimentales.<\/p>\n<hr \/>\n<p><img decoding=\"async\" loading=\"lazy\" class=\"alignleft size-full wp-image-4610\" title=\"1311589704portada_arquitectures_mirada\" src=\"https:\/\/old.mercatflors.cat\/wp-content\/uploads\/2012\/07\/1311589704portada_arquitectures_mirada.jpg\" alt=\"\" width=\"350\" height=\"200\" \/><\/p>\n<h2>[CdL#2]. ARQUITECTURES DE LA MIRADA<\/h2>\n<p><strong>Arquitectures de la mirada<\/strong> (2009). ISBN 978-84-613-4041-5\u00a0<em>Ana Buitrago<\/em> (ed.)<br \/>\nSiete ensayos sobre c\u00f3mo el artista y el espectador son responsables de las arquitecturas en lo ef\u00edmero.<\/p>\n<hr \/>\n<p><img decoding=\"async\" loading=\"lazy\" class=\"alignleft size-full wp-image-4612\" title=\"1311590350portada_hacer_historia\" src=\"https:\/\/old.mercatflors.cat\/wp-content\/uploads\/2012\/07\/1311590350portada_hacer_historia.jpg\" alt=\"\" width=\"350\" height=\"200\" \/><\/p>\n<h2>[CdL#3]. HACER HISTORIA<\/h2>\n<p><strong>Hacer historia. Reflexiones desde la pr\u00e1ctica de la danza <\/strong>(2010). ISBN 978-84-614-2802-1<br \/>\n<em>Isabel de Naver\u00e1n<\/em> (ed.)<br \/>\nLa pr\u00e1ctica art\u00edstica permite plantear nuevas metodolog\u00edas que revisen su implicaci\u00f3n en las formas de hacer historia.<\/p>\n<hr \/>\n<p><img decoding=\"async\" loading=\"lazy\" class=\"alignleft size-full wp-image-4613\" title=\"1334749513CdL4_A_contracuento_x_web\" src=\"https:\/\/old.mercatflors.cat\/wp-content\/uploads\/2012\/07\/1334749513CdL4_A_contracuento_x_web.jpg\" alt=\"\" width=\"350\" height=\"200\" \/><\/p>\n<h2>[CdL#4]. A CONTRACUENTO<\/h2>\n<p><strong>A contracuento. La danza y las derivas del narrar <\/strong>(2012)<br \/>\n<em>Roberto Fratini<\/em><\/p>\n<hr \/>\n<p><img decoding=\"async\" loading=\"lazy\" class=\"alignleft size-full wp-image-4613\" title=\"1334749513CdL4_A_contracuento_x_web\" src=\"https:\/\/old.mercatflors.cat\/wp-content\/uploads\/2015\/05\/ejercicios-de-ocupacion.jpg\" alt=\"\" width=\"350\" height=\"200\" \/><\/p>\n<h2>[CdL#5].\u00a0EJERCICIOS DE OCUPACI\u00d3N<\/h2>\n<p><strong>Ejercicios de ocupaci\u00f3n. Afectos, vida y trabajo\u00a0<\/strong>(2015)<br \/>\n<em>Ixiar Rozas y\u00a0Quim Pujol (eds.)<\/em><\/p>\n<hr \/>\n<p><img decoding=\"async\" loading=\"lazy\" class=\"alignleft size-full wp-image-4613\" title=\"1334749513CdL4_A_contracuento_x_web\" src=\"https:\/\/old.mercatflors.cat\/wp-content\/uploads\/2016\/11\/componer-el-plural.jpg\" alt=\"\" width=\"350\" height=\"200\" \/><\/p>\n<h2>[CdL#6].\u00a0COMPONER EL PLURAL<\/h2>\n<p><strong>Escena, cuerpo y pol\u00edtica\u00a0<\/strong>(2016)<br \/>\n<em>Victoria P\u00e9rez Royo y Diego Agull\u00f3 (eds.)<\/em><\/p>\n<hr \/>\n<p><img decoding=\"async\" loading=\"lazy\" class=\"alignleft size-full wp-image-4613\" title=\"1334749513CdL4_A_contracuento_x_web\" src=\"https:\/\/old.mercatflors.cat\/wp-content\/uploads\/2019\/01\/cos-de-lletra-7.jpg\" alt=\"\" width=\"350\" height=\"200\" \/><\/p>\n<h2>[CdL#7].\u00a0EL CUERPO INCALCULABLE<\/h2>\n<p><strong>William Forsythe, Gerald Siegmund y los diferenciales de la danza\u00a0<\/strong>(2018)<br \/>\n<em>Roberto Fratini Serafide, Magda Polo Pujadas (eds.)<\/em><\/p>\n","protected":false},"excerpt":{"rendered":"<p>Cuerpo de Letra es una colecci\u00f3n editorial de danza y\u00a0pensamiento [&hellip;]<\/p>\n","protected":false},"author":1,"featured_media":0,"parent":41816,"menu_order":0,"comment_status":"open","ping_status":"open","template":"template-relacionats-externs.php","meta":[],"_links":{"self":[{"href":"https:\/\/old.mercatflors.cat\/es\/wp-json\/wp\/v2\/pages\/2785\/"}],"collection":[{"href":"https:\/\/old.mercatflors.cat\/es\/wp-json\/wp\/v2\/pages\/"}],"about":[{"href":"https:\/\/old.mercatflors.cat\/es\/wp-json\/wp\/v2\/types\/page\/"}],"author":[{"embeddable":true,"href":"https:\/\/old.mercatflors.cat\/es\/wp-json\/wp\/v2\/users\/1\/"}],"replies":[{"embeddable":true,"href":"https:\/\/old.mercatflors.cat\/es\/wp-json\/wp\/v2\/comments\/?post=2785"}],"version-history":[{"count":0,"href":"https:\/\/old.mercatflors.cat\/es\/wp-json\/wp\/v2\/pages\/2785\/revisions\/"}],"up":[{"embeddable":true,"href":"https:\/\/old.mercatflors.cat\/es\/wp-json\/wp\/v2\/pages\/41816\/"}],"wp:attachment":[{"href":"https:\/\/old.mercatflors.cat\/es\/wp-json\/wp\/v2\/media\/?parent=2785"}],"curies":[{"name":"wp","href":"https:\/\/api.w.org\/{rel}","templated":true}]}}

<p>Cuerpo de Letra es una colección editorial de danza y pensamiento del Mercat de les Flors y el Institut del Teatre.</p>
<p>Ediciones en catalán, castellano o gallego</p>
<p><span style="text-decoration: underline; color: #0000ff;"><a style="color: #0000ff; text-decoration: underline;" href="http://www.edicionespoligrafa.com/es/catalog/historia-teoria-critica/cuerpo-de-letra" target="_blank" rel="noopener">Puedes comprar los libros en la web de Ediciones Polígrafa</a></span></p>
<p>&nbsp;</p>
<p><img decoding="async" loading="lazy" class="alignleft size-full wp-image-4609" title="1311590060portada_exhaurir_la_dansa" src="https://old.mercatflors.cat/wp-content/uploads/2012/07/1311590060portada_exhaurir_la_dansa.jpg" alt="" width="350" height="200" /></p>
<h2>[CdL#1]. EXHAURIR LA DANSA</h2>
<p><strong>Exhaurir la dansa. Performance i política del moviment </strong>(2009). <em>André Lepecki<br />
</em>Revisión sobre las maneras de pensar la danza con el argumento a favor de un compromiso renovado entre enseñanza, práctica y filosofía experimentales.</p>
<hr />
<p><img decoding="async" loading="lazy" class="alignleft size-full wp-image-4610" title="1311589704portada_arquitectures_mirada" src="https://old.mercatflors.cat/wp-content/uploads/2012/07/1311589704portada_arquitectures_mirada.jpg" alt="" width="350" height="200" /></p>
<h2>[CdL#2]. ARQUITECTURES DE LA MIRADA</h2>
<p><strong>Arquitectures de la mirada</strong> (2009). ISBN 978-84-613-4041-5 <em>Ana Buitrago</em> (ed.)<br />
Siete ensayos sobre cómo el artista y el espectador son responsables de las arquitecturas en lo efímero.</p>
<hr />
<p><img decoding="async" loading="lazy" class="alignleft size-full wp-image-4612" title="1311590350portada_hacer_historia" src="https://old.mercatflors.cat/wp-content/uploads/2012/07/1311590350portada_hacer_historia.jpg" alt="" width="350" height="200" /></p>
<h2>[CdL#3]. HACER HISTORIA</h2>
<p><strong>Hacer historia. Reflexiones desde la práctica de la danza </strong>(2010). ISBN 978-84-614-2802-1<br />
<em>Isabel de Naverán</em> (ed.)<br />
La práctica artística permite plantear nuevas metodologías que revisen su implicación en las formas de hacer historia.</p>
<hr />
<p><img decoding="async" loading="lazy" class="alignleft size-full wp-image-4613" title="1334749513CdL4_A_contracuento_x_web" src="https://old.mercatflors.cat/wp-content/uploads/2012/07/1334749513CdL4_A_contracuento_x_web.jpg" alt="" width="350" height="200" /></p>
<h2>[CdL#4]. A CONTRACUENTO</h2>
<p><strong>A contracuento. La danza y las derivas del narrar </strong>(2012)<br />
<em>Roberto Fratini</em></p>
<hr />
<p><img decoding="async" loading="lazy" class="alignleft size-full wp-image-4613" title="1334749513CdL4_A_contracuento_x_web" src="https://old.mercatflors.cat/wp-content/uploads/2015/05/ejercicios-de-ocupacion.jpg" alt="" width="350" height="200" /></p>
<h2>[CdL#5]. EJERCICIOS DE OCUPACIÓN</h2>
<p><strong>Ejercicios de ocupación. Afectos, vida y trabajo </strong>(2015)<br />
<em>Ixiar Rozas y Quim Pujol (eds.)</em></p>
<hr />
<p><img decoding="async" loading="lazy" class="alignleft size-full wp-image-4613" title="1334749513CdL4_A_contracuento_x_web" src="https://old.mercatflors.cat/wp-content/uploads/2016/11/componer-el-plural.jpg" alt="" width="350" height="200" /></p>
<h2>[CdL#6]. COMPONER EL PLURAL</h2>
<p><strong>Escena, cuerpo y política </strong>(2016)<br />
<em>Victoria Pérez Royo y Diego Agulló (eds.)</em></p>
<hr />
<p><img decoding="async" loading="lazy" class="alignleft size-full wp-image-4613" title="1334749513CdL4_A_contracuento_x_web" src="https://old.mercatflors.cat/wp-content/uploads/2019/01/cos-de-lletra-7.jpg" alt="" width="350" height="200" /></p>
<h2>[CdL#7]. EL CUERPO INCALCULABLE</h2>
<p><strong>William Forsythe, Gerald Siegmund y los diferenciales de la danza </strong>(2018)<br />
<em>Roberto Fratini Serafide, Magda Polo Pujadas (eds.)</em></p>

<p>Cuerpo de Letra es una colección editorial de danza y pensamiento [&hellip;]</p>
