{"id":2788,"date":"2012-09-11T10:19:23","date_gmt":"2012-09-11T10:19:23","guid":{"rendered":"https:\/\/old.mercatflors.cat\/?page_id=2788"},"modified":"2013-05-23T15:51:00","modified_gmt":"2013-05-23T14:51:00","slug":"dvd-educativos-dan-dan-dansa","status":"publish","type":"page","link":"https:\/\/old.mercatflors.cat\/es\/pensamiento-archivo-y-ediciones\/dvd-educativos-dan-dan-dansa\/","title":{"rendered":"DVD educativos. Dan Dan Dansa"},"content":{"rendered":"<p>Con motivo del ciclo para todos los p\u00fablicos Dan Dan Dansa, un programa que naci\u00f3 con la voluntad de acompa\u00f1ar a los peque\u00f1os en el descubrimiento de la danza. En colaboraci\u00f3n con Benec\u00e9 producciones<\/p>\n<p>Ediciones en catal\u00e1n, castellano, ingl\u00e9s y franc\u00e9s<\/p>\n<p><em>A la venta en puntos habituales<\/em><\/p>\n<p>&nbsp;<\/p>\n<p><img decoding=\"async\" loading=\"lazy\" class=\"alignleft size-full wp-image-4602\" title=\"1311598904portada_dvd_momentari\" alt=\"\" src=\"https:\/\/old.mercatflors.cat\/wp-content\/uploads\/2012\/07\/1311598904portada_dvd_momentari.jpg\" width=\"350\" height=\"200\" \/><\/p>\n<h2><strong><em>Momentari<\/em>, de NATS NUS<\/strong><\/h2>\n<p>Video del montaje acompa\u00f1ado de una gu\u00eda ilustrada de actividades y juegos para disfrutar del placer de la danza de la mano de un personaje estramb\u00f3tico<br \/>\n<em>Recomendado para ni\u00f1os y ni\u00f1as a partir de 6 a\u00f1os, madres, padres y educadores<\/em><\/p>\n<hr \/>\n<p><img decoding=\"async\" loading=\"lazy\" class=\"alignleft size-full wp-image-4604\" title=\"1311595754portada_dvd_flexelf\" alt=\"\" src=\"https:\/\/old.mercatflors.cat\/wp-content\/uploads\/2012\/07\/1311595754portada_dvd_flexelf.jpg\" width=\"350\" height=\"200\" \/><\/p>\n<h2><strong><em>Flexelf<\/em>, de \u00c0NGELS MARGARIT \/ CIA. MUDANCES<\/strong><\/h2>\n<p>La propuesta educativa trabaja alrededor de la idea de la flexibilidad, la transformaci\u00f3n y el reflejo para descubrir que no todo es lo que parece<br \/>\n<em>Recomendado para ni\u00f1os y ni\u00f1as a partir de 5 a\u00f1os, madres, padres y educadores<\/em><\/p>\n<hr \/>\n<p><img decoding=\"async\" loading=\"lazy\" class=\"alignleft size-full wp-image-4605\" title=\"1311595747portada_dvd_nubes\" alt=\"\" src=\"https:\/\/old.mercatflors.cat\/wp-content\/uploads\/2012\/07\/1311595747portada_dvd_nubes.jpg\" width=\"350\" height=\"200\" \/><\/p>\n<h2><strong><em>Nubes<\/em>, de ARACALADANZA<\/strong><\/h2>\n<p>Experimentar y so\u00f1ar con el cuerpo es posible con las propuestas para jugar y pintar bailando que siguen al visionado del espect\u00e1culo<br \/>\n<em>Recomendado para ni\u00f1os y ni\u00f1as a partir de 5 a\u00f1os, madres, padres y educadores<\/em><\/p>\n<hr \/>\n<p>&nbsp;<\/p>\n","protected":false},"excerpt":{"rendered":"<p>Con motivo del ciclo para todos los p\u00fablicos Dan Dan [&hellip;]<\/p>\n","protected":false},"author":1,"featured_media":0,"parent":41816,"menu_order":0,"comment_status":"open","ping_status":"open","template":"template-relacionats-externs.php","meta":[],"_links":{"self":[{"href":"https:\/\/old.mercatflors.cat\/es\/wp-json\/wp\/v2\/pages\/2788\/"}],"collection":[{"href":"https:\/\/old.mercatflors.cat\/es\/wp-json\/wp\/v2\/pages\/"}],"about":[{"href":"https:\/\/old.mercatflors.cat\/es\/wp-json\/wp\/v2\/types\/page\/"}],"author":[{"embeddable":true,"href":"https:\/\/old.mercatflors.cat\/es\/wp-json\/wp\/v2\/users\/1\/"}],"replies":[{"embeddable":true,"href":"https:\/\/old.mercatflors.cat\/es\/wp-json\/wp\/v2\/comments\/?post=2788"}],"version-history":[{"count":0,"href":"https:\/\/old.mercatflors.cat\/es\/wp-json\/wp\/v2\/pages\/2788\/revisions\/"}],"up":[{"embeddable":true,"href":"https:\/\/old.mercatflors.cat\/es\/wp-json\/wp\/v2\/pages\/41816\/"}],"wp:attachment":[{"href":"https:\/\/old.mercatflors.cat\/es\/wp-json\/wp\/v2\/media\/?parent=2788"}],"curies":[{"name":"wp","href":"https:\/\/api.w.org\/{rel}","templated":true}]}}

<p>Con motivo del ciclo para todos los públicos Dan Dan Dansa, un programa que nació con la voluntad de acompañar a los pequeños en el descubrimiento de la danza. En colaboración con Benecé producciones</p>
<p>Ediciones en catalán, castellano, inglés y francés</p>
<p><em>A la venta en puntos habituales</em></p>
<p>&nbsp;</p>
<p><img decoding="async" loading="lazy" class="alignleft size-full wp-image-4602" title="1311598904portada_dvd_momentari" alt="" src="https://old.mercatflors.cat/wp-content/uploads/2012/07/1311598904portada_dvd_momentari.jpg" width="350" height="200" /></p>
<h2><strong><em>Momentari</em>, de NATS NUS</strong></h2>
<p>Video del montaje acompañado de una guía ilustrada de actividades y juegos para disfrutar del placer de la danza de la mano de un personaje estrambótico<br />
<em>Recomendado para niños y niñas a partir de 6 años, madres, padres y educadores</em></p>
<hr />
<p><img decoding="async" loading="lazy" class="alignleft size-full wp-image-4604" title="1311595754portada_dvd_flexelf" alt="" src="https://old.mercatflors.cat/wp-content/uploads/2012/07/1311595754portada_dvd_flexelf.jpg" width="350" height="200" /></p>
<h2><strong><em>Flexelf</em>, de ÀNGELS MARGARIT / CIA. MUDANCES</strong></h2>
<p>La propuesta educativa trabaja alrededor de la idea de la flexibilidad, la transformación y el reflejo para descubrir que no todo es lo que parece<br />
<em>Recomendado para niños y niñas a partir de 5 años, madres, padres y educadores</em></p>
<hr />
<p><img decoding="async" loading="lazy" class="alignleft size-full wp-image-4605" title="1311595747portada_dvd_nubes" alt="" src="https://old.mercatflors.cat/wp-content/uploads/2012/07/1311595747portada_dvd_nubes.jpg" width="350" height="200" /></p>
<h2><strong><em>Nubes</em>, de ARACALADANZA</strong></h2>
<p>Experimentar y soñar con el cuerpo es posible con las propuestas para jugar y pintar bailando que siguen al visionado del espectáculo<br />
<em>Recomendado para niños y niñas a partir de 5 años, madres, padres y educadores</em></p>
<hr />
<p>&nbsp;</p>

<p>Con motivo del ciclo para todos los públicos Dan Dan [&hellip;]</p>
