{"id":2798,"date":"2012-09-11T10:54:06","date_gmt":"2012-09-11T10:54:06","guid":{"rendered":"https:\/\/old.mercatflors.cat\/?page_id=2798"},"modified":"2019-06-18T09:06:22","modified_gmt":"2019-06-18T08:06:22","slug":"retratos-coreograficos","status":"publish","type":"page","link":"https:\/\/old.mercatflors.cat\/es\/pensamiento-archivo-y-ediciones\/retratos-coreograficos\/","title":{"rendered":"Retratos coreogr\u00e1ficos"},"content":{"rendered":"<p>Los Retratos Coreogr\u00e1ficos est\u00e1n realizados por la directora de Cine N\u00faria Oliv\u00e9-Belles<\/p>\n","protected":false},"excerpt":{"rendered":"<p>Los Retratos Coreogr\u00e1ficos est\u00e1n realizados por la directora de Cine [&hellip;]<\/p>\n","protected":false},"author":1,"featured_media":0,"parent":41816,"menu_order":0,"comment_status":"open","ping_status":"open","template":"template-retrats-coreografics.php","meta":[],"_links":{"self":[{"href":"https:\/\/old.mercatflors.cat\/es\/wp-json\/wp\/v2\/pages\/2798\/"}],"collection":[{"href":"https:\/\/old.mercatflors.cat\/es\/wp-json\/wp\/v2\/pages\/"}],"about":[{"href":"https:\/\/old.mercatflors.cat\/es\/wp-json\/wp\/v2\/types\/page\/"}],"author":[{"embeddable":true,"href":"https:\/\/old.mercatflors.cat\/es\/wp-json\/wp\/v2\/users\/1\/"}],"replies":[{"embeddable":true,"href":"https:\/\/old.mercatflors.cat\/es\/wp-json\/wp\/v2\/comments\/?post=2798"}],"version-history":[{"count":0,"href":"https:\/\/old.mercatflors.cat\/es\/wp-json\/wp\/v2\/pages\/2798\/revisions\/"}],"up":[{"embeddable":true,"href":"https:\/\/old.mercatflors.cat\/es\/wp-json\/wp\/v2\/pages\/41816\/"}],"wp:attachment":[{"href":"https:\/\/old.mercatflors.cat\/es\/wp-json\/wp\/v2\/media\/?parent=2798"}],"curies":[{"name":"wp","href":"https:\/\/api.w.org\/{rel}","templated":true}]}}

Retratos coreográficos

<p>Los Retratos Coreográficos están realizados por la directora de Cine Núria Olivé-Belles</p>

<p>Los Retratos Coreográficos están realizados por la directora de Cine [&hellip;]</p>
