{"id":3722,"date":"2012-09-18T15:17:08","date_gmt":"2012-09-18T15:17:08","guid":{"rendered":"https:\/\/old.mercatflors.cat\/?page_id=3722"},"modified":"2019-07-03T12:34:03","modified_gmt":"2019-07-03T11:34:03","slug":"maleta-didactica","status":"publish","type":"page","link":"https:\/\/old.mercatflors.cat\/es\/maleta-didactica\/","title":{"rendered":"MALETA DID\u00c1CTICA"},"content":{"rendered":"<h2>LA MALETA DID\u00c1CTICA DAN DAN DANSA<\/h2>\n<p>La Maleta Dan Dan Dansa ha abierto un nuevo camino sin olvidar su primer objetivo: ofrecer materiales y metodolog\u00edas diversas para trabajar la danza en la escuela. Una buena ense\u00f1anza de la danza es muy importante y por eso nos ofrecemos para atender a todos los centros educativos animados en introducir en el aula el disfruet y el trabajo del cuerpo y el movimiento. Hemos contactado con los Centros de Recursos de cada distrite y\/o ciudad y algunos teatros de toda Catalunya para acercar el proceso de pr\u00e9stamo a cada escuela y comenzar a crear juntos talleres o cursos introductorios para conocer y participar del proceso y trabajo de este recurso did\u00e1ctico.<\/p>\n<p>Cont\u00e1ctanos para m\u00e1s informaci\u00f3n en: <span style=\"text-decoration: underline; color: #000080;\"><a href=\"mailto:educatius@mercatflors.cat\" target=\"_blank\" rel=\"noopener\"><span style=\"color: #000080;\">educatius@mercatflors.cat<\/span><\/a><\/span><\/p>\n","protected":false},"excerpt":{"rendered":"<p>LA MALETA DID\u00c1CTICA DAN DAN DANSA La Maleta Dan Dan [&hellip;]<\/p>\n","protected":false},"author":1,"featured_media":42733,"parent":0,"menu_order":0,"comment_status":"open","ping_status":"open","template":"","meta":[],"_links":{"self":[{"href":"https:\/\/old.mercatflors.cat\/es\/wp-json\/wp\/v2\/pages\/3722\/"}],"collection":[{"href":"https:\/\/old.mercatflors.cat\/es\/wp-json\/wp\/v2\/pages\/"}],"about":[{"href":"https:\/\/old.mercatflors.cat\/es\/wp-json\/wp\/v2\/types\/page\/"}],"author":[{"embeddable":true,"href":"https:\/\/old.mercatflors.cat\/es\/wp-json\/wp\/v2\/users\/1\/"}],"replies":[{"embeddable":true,"href":"https:\/\/old.mercatflors.cat\/es\/wp-json\/wp\/v2\/comments\/?post=3722"}],"version-history":[{"count":0,"href":"https:\/\/old.mercatflors.cat\/es\/wp-json\/wp\/v2\/pages\/3722\/revisions\/"}],"wp:featuredmedia":[{"embeddable":true,"href":"https:\/\/old.mercatflors.cat\/es\/wp-json\/wp\/v2\/media\/42733\/"}],"wp:attachment":[{"href":"https:\/\/old.mercatflors.cat\/es\/wp-json\/wp\/v2\/media\/?parent=3722"}],"curies":[{"name":"wp","href":"https:\/\/api.w.org\/{rel}","templated":true}]}}

MALETA DIDÁCTICA

<h2>LA MALETA DIDÁCTICA DAN DAN DANSA</h2>
<p>La Maleta Dan Dan Dansa ha abierto un nuevo camino sin olvidar su primer objetivo: ofrecer materiales y metodologías diversas para trabajar la danza en la escuela. Una buena enseñanza de la danza es muy importante y por eso nos ofrecemos para atender a todos los centros educativos animados en introducir en el aula el disfruet y el trabajo del cuerpo y el movimiento. Hemos contactado con los Centros de Recursos de cada distrite y/o ciudad y algunos teatros de toda Catalunya para acercar el proceso de préstamo a cada escuela y comenzar a crear juntos talleres o cursos introductorios para conocer y participar del proceso y trabajo de este recurso didáctico.</p>
<p>Contáctanos para más información en: <span style="text-decoration: underline; color: #000080;"><a href="mailto:educatius@mercatflors.cat" target="_blank" rel="noopener"><span style="color: #000080;">educatius@mercatflors.cat</span></a></span></p>

<p>LA MALETA DIDÁCTICA DAN DAN DANSA La Maleta Dan Dan [&hellip;]</p>
