{"id":3728,"date":"2012-09-18T15:25:56","date_gmt":"2012-09-18T15:25:56","guid":{"rendered":"https:\/\/old.mercatflors.cat\/?page_id=3728"},"modified":"2012-10-23T12:46:16","modified_gmt":"2012-10-23T12:46:16","slug":"grada-joven","status":"publish","type":"page","link":"https:\/\/old.mercatflors.cat\/es\/grada-joven\/","title":{"rendered":"Grada joven"},"content":{"rendered":"<p>El Mercat apuesta por los j\u00f3venes, abriendo grada, abriendo horarios y abriendo nuevo programa!<\/p>\n<p>El programa Grada Joven propone sesiones pr\u00f3ximas y amenas, con un formato de trabajo y ensayo, para entender y descubrir el proceso de composici\u00f3n de un espect\u00e1culo de danza. Formatos diversos que buscan romper barreras y establecer di\u00e1logos, a partir del espect\u00e1culo, entre el creador y el espectador. Dirigido a j\u00f3venes estudiantes de Ciclo Superior de Primaria, Secundaria, Bachillerato y ciclos formativos a disfrutar de sus espect\u00e1culos.<\/p>\n<p><strong><a href=\"https:\/\/docs.google.com\/spreadsheet\/viewform?fromEmail=true&amp;formkey=dEUzbjY1VDBOMXM0VzVZT3JscU1tT2c6MQ\" target=\"_blank\">Formulario de inscripci\u00f3n<\/a><\/strong><\/p>\n","protected":false},"excerpt":{"rendered":"<p>El Mercat apuesta por los j\u00f3venes, abriendo grada, abriendo horarios [&hellip;]<\/p>\n","protected":false},"author":1,"featured_media":0,"parent":0,"menu_order":0,"comment_status":"open","ping_status":"open","template":"","meta":[],"_links":{"self":[{"href":"https:\/\/old.mercatflors.cat\/es\/wp-json\/wp\/v2\/pages\/3728\/"}],"collection":[{"href":"https:\/\/old.mercatflors.cat\/es\/wp-json\/wp\/v2\/pages\/"}],"about":[{"href":"https:\/\/old.mercatflors.cat\/es\/wp-json\/wp\/v2\/types\/page\/"}],"author":[{"embeddable":true,"href":"https:\/\/old.mercatflors.cat\/es\/wp-json\/wp\/v2\/users\/1\/"}],"replies":[{"embeddable":true,"href":"https:\/\/old.mercatflors.cat\/es\/wp-json\/wp\/v2\/comments\/?post=3728"}],"version-history":[{"count":0,"href":"https:\/\/old.mercatflors.cat\/es\/wp-json\/wp\/v2\/pages\/3728\/revisions\/"}],"wp:attachment":[{"href":"https:\/\/old.mercatflors.cat\/es\/wp-json\/wp\/v2\/media\/?parent=3728"}],"curies":[{"name":"wp","href":"https:\/\/api.w.org\/{rel}","templated":true}]}}

<p>El Mercat apuesta por los jóvenes, abriendo grada, abriendo horarios y abriendo nuevo programa!</p>
<p>El programa Grada Joven propone sesiones próximas y amenas, con un formato de trabajo y ensayo, para entender y descubrir el proceso de composición de un espectáculo de danza. Formatos diversos que buscan romper barreras y establecer diálogos, a partir del espectáculo, entre el creador y el espectador. Dirigido a jóvenes estudiantes de Ciclo Superior de Primaria, Secundaria, Bachillerato y ciclos formativos a disfrutar de sus espectáculos.</p>
<p><strong><a href="https://docs.google.com/spreadsheet/viewform?fromEmail=true&amp;formkey=dEUzbjY1VDBOMXM0VzVZT3JscU1tT2c6MQ" target="_blank">Formulario de inscripción</a></strong></p>

<p>El Mercat apuesta por los jóvenes, abriendo grada, abriendo horarios [&hellip;]</p>
