{"id":40438,"date":"2019-04-26T13:14:13","date_gmt":"2019-04-26T12:14:13","guid":{"rendered":"https:\/\/old.mercatflors.cat\/?page_id=40438"},"modified":"2022-06-29T18:48:38","modified_gmt":"2022-06-29T17:48:38","slug":"proyecto-tot-dansa-2022","status":"publish","type":"page","link":"https:\/\/old.mercatflors.cat\/es\/proyecto-tot-dansa-2022\/","title":{"rendered":"Proyecto TOT DANSA"},"content":{"rendered":"<p>&nbsp;<\/p>\n<h2><b>TOT DANSA <\/b><\/h2>\n<p>Tot Dansa es un proyecto art\u00edstico y educativo que impulsan conjuntamente el Instituto de Cultura de Barcelona (ICUB), el Mercat de les Flors y el Institut del Teatre.<\/p>\n<p>El proyecto Tot Dansa es un proyecto que une educaci\u00f3n y cultura y tiene como objetivo principal promover y favorecer la cohesi\u00f3n, la integraci\u00f3n y el trabajo en equipo a trav\u00e9s del lenguaje del movimiento y la danza de creaci\u00f3n contempor\u00e1nea. Tot Dansa invita a participar a todo el alumnado de los centros p\u00fablicos de ense\u00f1anza secundaria y de bachillerato de Barcelona y a su profesorado. Trata de generar y consolidar v\u00ednculos para acercarlos al proceso de creaci\u00f3n art\u00edstica en todas sus fases. Se convierte en una herramienta formativa y educativa que conecta varios perfiles, generaciones y realidades. Es un proyecto din\u00e1mico y vivo, en el cual la direcci\u00f3n coreogr\u00e1fica cambia peri\u00f3dicamente, as\u00ed como la participaci\u00f3n de los institutos, que pueden formar parte del proyecto un m\u00e1ximo de dos a\u00f1os consecutivos. La representaci\u00f3n final o espect\u00e1culo es la culminaci\u00f3n del proceso creativo que han vivido desde el inicio del curso los 12 institutos.<\/p>\n<h2><b>TOT DANSA 22<\/b><\/h2>\n<p><strong>La creaci\u00f3n y la propuesta art\u00edstica<\/strong><\/p>\n<p>La danza puede ser una cosa tan sencilla como &#8220;usar el cuerpo&#8221;, un cuerpo que todos y todas tenemos. Una de las maravillas del g\u00e9nero humano es la diferencia entre cada una de las personas que lo conforman y, por lo tanto, de sus cuerpos y su uso. Cada cual tiene su cuerpo y es diferente de los otros. A la hora de usar el cuerpo, el resultado se concreta en una calidad de movimiento \u00fanica que nos define y nos diferencia como personas. En esta edici\u00f3n de TOT DANSA os proponemos abrir la mirada para disfrutar de la riqueza de la diferencia en las personalidades, en los cuerpos y en el movimiento de todas y cada una de las chicas y chicos que participan.<\/p>\n<p><img decoding=\"async\" loading=\"lazy\" class=\"alignnone wp-image-54950\" src=\"https:\/\/old.mercatflors.cat\/wp-content\/uploads\/2022\/05\/TD_ASSAIG_9-350x201.jpg\" alt=\"\" width=\"413\" height=\"237\" srcset=\"https:\/\/old.mercatflors.cat\/wp-content\/uploads\/2022\/05\/TD_ASSAIG_9-350x201.jpg 350w, https:\/\/old.mercatflors.cat\/wp-content\/uploads\/2022\/05\/TD_ASSAIG_9-768x442.jpg 768w, https:\/\/old.mercatflors.cat\/wp-content\/uploads\/2022\/05\/TD_ASSAIG_9-790x455.jpg 790w, https:\/\/old.mercatflors.cat\/wp-content\/uploads\/2022\/05\/TD_ASSAIG_9-223x127.jpg 223w, https:\/\/old.mercatflors.cat\/wp-content\/uploads\/2022\/05\/TD_ASSAIG_9.jpg 1909w\" sizes=\"(max-width: 413px) 100vw, 413px\" \/><\/p>\n<p><strong>Direcci\u00f3n art\u00edstica y coreogr\u00e1fica:<\/strong> Sergi F\u00e4ustino*<\/p>\n<p><strong>Equipo de formaci\u00f3n y apoyo coreogr\u00e1fico:<\/strong> Maxime Iannarelli, Carmen Mu\u00f1oz, Bruno Ram\u00edrez, Carlos Fern\u00e1ndez, Aina Torn\u00e9, Barbara Cappi.<\/p>\n<p><strong>Presentaci\u00f3n con los institutos<\/strong> INS Anna Gironella de Mundet, INS Barri Bes\u00f3s, INS Doctor Puigvert, INS Nou Barris, INS ESC Tur\u00f3 de Roquetes y INS Vall d\u2019Hebron:<\/p>\n<p>Mi\u00e9rcoles 11 de mayo a las 11 h (Funci\u00f3n de los centros)<br \/>\nMi\u00e9rcoles 11 de mayo a las 18 h (Funci\u00f3n abierta)<\/p>\n<p><strong>Presentaci\u00f3n con los institutos<\/strong>\u00a0INS ESC Coves d\u2019en Cimany, INS El Joncar, INS Jaume Balmes, INS Llu\u00eds Dom\u00e8nech i Montaner, INS Maria Espinalt y INS Vapor del Fil:<\/p>\n<p>Martes 17 de mayo a las 12 h (Funci\u00f3n de los centros)<br \/>\nMartes 17 de mayo a las 18 h (Funci\u00f3n abierta)<\/p>\n<p>Sala MAC, Mercat de les Flors Lleida, 59<\/p>\n<p>*<strong>Sergi F\u00e4ustino<\/strong> es uno de los creadores imprescindibles de la escena contempor\u00e1nea nacional desde el estreno de <em>Nutritiu<\/em> en el 2002. Su investigaci\u00f3n sobre el cuerpo, el cansancio y los l\u00edmites f\u00edsicos atraviesa de manera continuada su trabajo de los \u00faltimos 10 a\u00f1os con una profundidad, compromiso y coherencia dif\u00edciles de encontrar en el panorama actual y, por eso mismo, extremadamente valiosas. Sergi F\u00e4ustino ha pasado por muchas etapas como creador, ha sido habitual en la programaci\u00f3n &#8216;Radicals Lliures&#8217; en el Teatre Lliure con Rigola, en las programaciones y proyectos de La Portaa Barcelona y en el Teatro Pradillo de Madrid o el festival &#8216;El lugar sin l\u00edmites&#8217; del Centro Dram\u00e1tico Nacional. Como creador ha ido evolucionando, profundizando y clarificando sus l\u00edneas de inter\u00e9s hasta llegar a una depuraci\u00f3n que va mucho m\u00e1s all\u00e1 de la forma o del estilo, un posicionamiento \u00e9tico como creador.<\/p>\n<p><iframe loading=\"lazy\" width=\"500\" height=\"281\" src=\"https:\/\/www.youtube.com\/embed\/4RyVDr1C35w?feature=oembed\" frameborder=\"0\" allow=\"accelerometer; autoplay; clipboard-write; encrypted-media; gyroscope; picture-in-picture\" allowfullscreen title=\"TOT DANSA 2022\"><\/iframe><\/p>\n<p><strong><span style=\"color: #0000ff;\"><a style=\"color: #0000ff;\" href=\"https:\/\/old.mercatflors.cat\/es\/proyecto-tot-dansa\/\" target=\"_blank\" rel=\"noopener noreferrer\">M\u00e1s informaci\u00f3n del proyecto y de las propuestas de a\u00f1os anteriores aqu\u00ed<\/a><\/span><\/strong><\/p>\n","protected":false},"excerpt":{"rendered":"<p>&nbsp; TOT DANSA Tot Dansa es un proyecto art\u00edstico y [&hellip;]<\/p>\n","protected":false},"author":1,"featured_media":54949,"parent":0,"menu_order":0,"comment_status":"closed","ping_status":"closed","template":"template-blocs-grocs.php","meta":[],"_links":{"self":[{"href":"https:\/\/old.mercatflors.cat\/es\/wp-json\/wp\/v2\/pages\/40438\/"}],"collection":[{"href":"https:\/\/old.mercatflors.cat\/es\/wp-json\/wp\/v2\/pages\/"}],"about":[{"href":"https:\/\/old.mercatflors.cat\/es\/wp-json\/wp\/v2\/types\/page\/"}],"author":[{"embeddable":true,"href":"https:\/\/old.mercatflors.cat\/es\/wp-json\/wp\/v2\/users\/1\/"}],"replies":[{"embeddable":true,"href":"https:\/\/old.mercatflors.cat\/es\/wp-json\/wp\/v2\/comments\/?post=40438"}],"version-history":[{"count":0,"href":"https:\/\/old.mercatflors.cat\/es\/wp-json\/wp\/v2\/pages\/40438\/revisions\/"}],"wp:featuredmedia":[{"embeddable":true,"href":"https:\/\/old.mercatflors.cat\/es\/wp-json\/wp\/v2\/media\/54949\/"}],"wp:attachment":[{"href":"https:\/\/old.mercatflors.cat\/es\/wp-json\/wp\/v2\/media\/?parent=40438"}],"curies":[{"name":"wp","href":"https:\/\/api.w.org\/{rel}","templated":true}]}}

<p>&nbsp;</p>
<h2><b>TOT DANSA </b></h2>
<p>Tot Dansa es un proyecto artístico y educativo que impulsan conjuntamente el Instituto de Cultura de Barcelona (ICUB), el Mercat de les Flors y el Institut del Teatre.</p>
<p>El proyecto Tot Dansa es un proyecto que une educación y cultura y tiene como objetivo principal promover y favorecer la cohesión, la integración y el trabajo en equipo a través del lenguaje del movimiento y la danza de creación contemporánea. Tot Dansa invita a participar a todo el alumnado de los centros públicos de enseñanza secundaria y de bachillerato de Barcelona y a su profesorado. Trata de generar y consolidar vínculos para acercarlos al proceso de creación artística en todas sus fases. Se convierte en una herramienta formativa y educativa que conecta varios perfiles, generaciones y realidades. Es un proyecto dinámico y vivo, en el cual la dirección coreográfica cambia periódicamente, así como la participación de los institutos, que pueden formar parte del proyecto un máximo de dos años consecutivos. La representación final o espectáculo es la culminación del proceso creativo que han vivido desde el inicio del curso los 12 institutos.</p>
<h2><b>TOT DANSA 22</b></h2>
<p><strong>La creación y la propuesta artística</strong></p>
<p>La danza puede ser una cosa tan sencilla como &#8220;usar el cuerpo&#8221;, un cuerpo que todos y todas tenemos. Una de las maravillas del género humano es la diferencia entre cada una de las personas que lo conforman y, por lo tanto, de sus cuerpos y su uso. Cada cual tiene su cuerpo y es diferente de los otros. A la hora de usar el cuerpo, el resultado se concreta en una calidad de movimiento única que nos define y nos diferencia como personas. En esta edición de TOT DANSA os proponemos abrir la mirada para disfrutar de la riqueza de la diferencia en las personalidades, en los cuerpos y en el movimiento de todas y cada una de las chicas y chicos que participan.</p>
<p><img decoding="async" loading="lazy" class="alignnone wp-image-54950" src="https://old.mercatflors.cat/wp-content/uploads/2022/05/TD_ASSAIG_9-350x201.jpg" alt="" width="413" height="237" srcset="https://old.mercatflors.cat/wp-content/uploads/2022/05/TD_ASSAIG_9-350x201.jpg 350w, https://old.mercatflors.cat/wp-content/uploads/2022/05/TD_ASSAIG_9-768x442.jpg 768w, https://old.mercatflors.cat/wp-content/uploads/2022/05/TD_ASSAIG_9-790x455.jpg 790w, https://old.mercatflors.cat/wp-content/uploads/2022/05/TD_ASSAIG_9-223x127.jpg 223w, https://old.mercatflors.cat/wp-content/uploads/2022/05/TD_ASSAIG_9.jpg 1909w" sizes="(max-width: 413px) 100vw, 413px" /></p>
<p><strong>Dirección artística y coreográfica:</strong> Sergi Fäustino*</p>
<p><strong>Equipo de formación y apoyo coreográfico:</strong> Maxime Iannarelli, Carmen Muñoz, Bruno Ramírez, Carlos Fernández, Aina Torné, Barbara Cappi.</p>
<p><strong>Presentación con los institutos</strong> INS Anna Gironella de Mundet, INS Barri Besós, INS Doctor Puigvert, INS Nou Barris, INS ESC Turó de Roquetes y INS Vall d’Hebron:</p>
<p>Miércoles 11 de mayo a las 11 h (Función de los centros)<br />
Miércoles 11 de mayo a las 18 h (Función abierta)</p>
<p><strong>Presentación con los institutos</strong> INS ESC Coves d’en Cimany, INS El Joncar, INS Jaume Balmes, INS Lluís Domènech i Montaner, INS Maria Espinalt y INS Vapor del Fil:</p>
<p>Martes 17 de mayo a las 12 h (Función de los centros)<br />
Martes 17 de mayo a las 18 h (Función abierta)</p>
<p>Sala MAC, Mercat de les Flors Lleida, 59</p>
<p>*<strong>Sergi Fäustino</strong> es uno de los creadores imprescindibles de la escena contemporánea nacional desde el estreno de <em>Nutritiu</em> en el 2002. Su investigación sobre el cuerpo, el cansancio y los límites físicos atraviesa de manera continuada su trabajo de los últimos 10 años con una profundidad, compromiso y coherencia difíciles de encontrar en el panorama actual y, por eso mismo, extremadamente valiosas. Sergi Fäustino ha pasado por muchas etapas como creador, ha sido habitual en la programación &#8216;Radicals Lliures&#8217; en el Teatre Lliure con Rigola, en las programaciones y proyectos de La Portaa Barcelona y en el Teatro Pradillo de Madrid o el festival &#8216;El lugar sin límites&#8217; del Centro Dramático Nacional. Como creador ha ido evolucionando, profundizando y clarificando sus líneas de interés hasta llegar a una depuración que va mucho más allá de la forma o del estilo, un posicionamiento ético como creador.</p>
<p><iframe loading="lazy" width="500" height="281" src="https://www.youtube.com/embed/4RyVDr1C35w?feature=oembed" frameborder="0" allow="accelerometer; autoplay; clipboard-write; encrypted-media; gyroscope; picture-in-picture" allowfullscreen title="TOT DANSA 2022"></iframe></p>
<p><strong><span style="color: #0000ff;"><a style="color: #0000ff;" href="https://old.mercatflors.cat/es/proyecto-tot-dansa/" target="_blank" rel="noopener noreferrer">Más información del proyecto y de las propuestas de años anteriores aquí</a></span></strong></p>

<p>&nbsp; TOT DANSA Tot Dansa es un proyecto artístico y [&hellip;]</p>
