{"id":40447,"date":"2019-04-26T13:13:23","date_gmt":"2019-04-26T12:13:23","guid":{"rendered":"https:\/\/old.mercatflors.cat\/?page_id=40447"},"modified":"2022-11-02T15:34:34","modified_gmt":"2022-11-02T14:34:34","slug":"programa-en-residencia-red","status":"publish","type":"page","link":"https:\/\/old.mercatflors.cat\/es\/programa-en-residencia-red\/","title":{"rendered":"PROGRAMA &#8220;EN RESID\u00c8NCIA&#8221;"},"content":{"rendered":"<p>&nbsp;<\/p>\n<p>\u201cCreadores EN RESIDENCIA en los institutos de Barcelona\u201d es un programa del Institut de Cultura de Barcelona y del Consorci d\u2019Educaci\u00f3 de Barcelona, ideado en cooperaci\u00f3n con la asociaci\u00f3n A Bao A Qu. EN RESIDENCIA introduce la creaci\u00f3n contempor\u00e1nea en los centros p\u00fablicos de educaci\u00f3n secundaria de la ciudad, a trav\u00e9s del contacto directo y continuado de un\/a creador\/a con los estudiantes.<\/p>\n<p>El objetivo de <strong><a href=\"http:\/\/www.enresidencia.org\" target=\"_blank\" rel=\"noopener\">EN RESID\u00c8NCIA<\/a>\u00a0<\/strong>es invitar a un creador para elaborar y compartir una obra desarrollada en colaboraci\u00f3n de estudiantes de secundaria y con firma del propio artista, es decir, con un compromiso profesional. El creador tiene que transmitir todo lo que conlleva realizar una obra art\u00edstica, tienen que incluir a los j\u00f3venes y hacerlos part\u00edcipes de todo el proceso. Una buena manera de empezar a provocoar un di\u00e1logo art\u00edstico es a trav\u00e9s de sus obras para generar otras. Para que esto se lleve a cabo, el instituto se tiene que involucrar. Por una parte, hace falta entender que se trata de un trabajo transversal d\u00f3nde colaboran diferentes asignaturas, y por la otra, hace falta elegir un profesor tutor que conducir\u00e1 y animar\u00e1 el grupo clase. El creador ir\u00e1 al instituto dos horas a la semana y el trabajo transversal ser\u00e1 una mezcla de las aportaciones del artista, de los j\u00f3venes y de los profesores. La idea es generar una contaminaci\u00f3n art\u00edstica entre ellos.<\/p>\n<p>Consulta tota la informaci\u00f3n de la\u00a0<strong>edici\u00f3n 2022-2023 d\u2019EN RESiD\u00c8NCiA<\/strong>\u00a0<span style=\"color: #0000ff;\"><a style=\"color: #0000ff;\" href=\"https:\/\/old.mercatflors.cat\/es\/en-residencia-2022-23\/\">AQU\u00cd<\/a><\/span><\/p>\n<p>Si quieres conocer los antecedentes y evoluci\u00f3n del proyecto entra <a href=\"https:\/\/old.mercatflors.cat\/es\/programa-en-residencia-archivo\/\"><span style=\"color: #0000ff;\">AQU\u00cd<\/span><\/a><\/p>\n<p><span style=\"color: #0000ff;\"><a style=\"color: #0000ff;\" href=\"http:\/\/www.enresidencia.org\/\">Web\u00a0EN RESiD\u00c8NCiA<\/a><\/span><\/p>\n","protected":false},"excerpt":{"rendered":"<p>&nbsp; \u201cCreadores EN RESIDENCIA en los institutos de Barcelona\u201d es [&hellip;]<\/p>\n","protected":false},"author":1,"featured_media":43263,"parent":0,"menu_order":0,"comment_status":"closed","ping_status":"closed","template":"","meta":[],"_links":{"self":[{"href":"https:\/\/old.mercatflors.cat\/es\/wp-json\/wp\/v2\/pages\/40447\/"}],"collection":[{"href":"https:\/\/old.mercatflors.cat\/es\/wp-json\/wp\/v2\/pages\/"}],"about":[{"href":"https:\/\/old.mercatflors.cat\/es\/wp-json\/wp\/v2\/types\/page\/"}],"author":[{"embeddable":true,"href":"https:\/\/old.mercatflors.cat\/es\/wp-json\/wp\/v2\/users\/1\/"}],"replies":[{"embeddable":true,"href":"https:\/\/old.mercatflors.cat\/es\/wp-json\/wp\/v2\/comments\/?post=40447"}],"version-history":[{"count":0,"href":"https:\/\/old.mercatflors.cat\/es\/wp-json\/wp\/v2\/pages\/40447\/revisions\/"}],"wp:featuredmedia":[{"embeddable":true,"href":"https:\/\/old.mercatflors.cat\/es\/wp-json\/wp\/v2\/media\/43263\/"}],"wp:attachment":[{"href":"https:\/\/old.mercatflors.cat\/es\/wp-json\/wp\/v2\/media\/?parent=40447"}],"curies":[{"name":"wp","href":"https:\/\/api.w.org\/{rel}","templated":true}]}}

PROGRAMA &#8220;EN RESIDÈNCIA&#8221;

<p>&nbsp;</p>
<p>“Creadores EN RESIDENCIA en los institutos de Barcelona” es un programa del Institut de Cultura de Barcelona y del Consorci d’Educació de Barcelona, ideado en cooperación con la asociación A Bao A Qu. EN RESIDENCIA introduce la creación contemporánea en los centros públicos de educación secundaria de la ciudad, a través del contacto directo y continuado de un/a creador/a con los estudiantes.</p>
<p>El objetivo de <strong><a href="http://www.enresidencia.org" target="_blank" rel="noopener">EN RESIDÈNCIA</a> </strong>es invitar a un creador para elaborar y compartir una obra desarrollada en colaboración de estudiantes de secundaria y con firma del propio artista, es decir, con un compromiso profesional. El creador tiene que transmitir todo lo que conlleva realizar una obra artística, tienen que incluir a los jóvenes y hacerlos partícipes de todo el proceso. Una buena manera de empezar a provocoar un diálogo artístico es a través de sus obras para generar otras. Para que esto se lleve a cabo, el instituto se tiene que involucrar. Por una parte, hace falta entender que se trata de un trabajo transversal dónde colaboran diferentes asignaturas, y por la otra, hace falta elegir un profesor tutor que conducirá y animará el grupo clase. El creador irá al instituto dos horas a la semana y el trabajo transversal será una mezcla de las aportaciones del artista, de los jóvenes y de los profesores. La idea es generar una contaminación artística entre ellos.</p>
<p>Consulta tota la información de la <strong>edición 2022-2023 d’EN RESiDÈNCiA</strong> <span style="color: #0000ff;"><a style="color: #0000ff;" href="https://old.mercatflors.cat/es/en-residencia-2022-23/">AQUÍ</a></span></p>
<p>Si quieres conocer los antecedentes y evolución del proyecto entra <a href="https://old.mercatflors.cat/es/programa-en-residencia-archivo/"><span style="color: #0000ff;">AQUÍ</span></a></p>
<p><span style="color: #0000ff;"><a style="color: #0000ff;" href="http://www.enresidencia.org/">Web EN RESiDÈNCiA</a></span></p>
