{"id":41584,"date":"2019-06-13T14:19:00","date_gmt":"2019-06-13T13:19:00","guid":{"rendered":"https:\/\/old.mercatflors.cat\/itineraris-2019-20\/"},"modified":"2019-09-03T09:54:14","modified_gmt":"2019-09-03T08:54:14","slug":"itineraris-2019-20","status":"publish","type":"page","link":"https:\/\/old.mercatflors.cat\/es\/itineraris-2019-20\/","title":{"rendered":"Itinerarios tem\u00e1ticos"},"content":{"rendered":"<p>&nbsp;<\/p>\n<p>&nbsp;<\/p>\n<p>Desde el Mercat de les Flors\u00a0te sugerimos diferentes itinerarios para que puedas seleccionar los espect\u00e1culos m\u00e1s adecuados. D\u00e9jate\u00a0llevar,\u00a0pru\u00e9balos o haz\u00a0tu propio recorrido a trav\u00e9s de nuestra programaci\u00f3n.<\/p>\n<p><span style=\"color: #0000ff;\"><a style=\"color: #0000ff;\" href=\"https:\/\/old.mercatflors.cat\/es\/temporada-vista\/\">Consulta aqu\u00ed toda la programaci\u00f3n 2019\/20<\/a><\/span><\/p>\n<ul>\n<li><a href=\"https:\/\/old.mercatflors.cat\/es\/constelaciones-2019-20\/\"><strong>Constelaciones<\/strong>Universos particulares en torno a un creador o colectivo de creadores para hacer una inmersi\u00f3n a su creaci\u00f3n y trayectoria.<\/a><\/li>\n<li><a href=\"https:\/\/old.mercatflors.cat\/es\/itineraris\/talla-unica-2019-20\/\"><strong><strong>Talla \u00danica<\/strong><\/strong>Piezas de lenguajes y disciplinas diversas para todos. Las pod\u00e9is disfrutar en familia o en grupos de todas las edades.<\/a><\/li>\n<li><a href=\"https:\/\/old.mercatflors.cat\/es\/itineraris\/circo-2019-20\/\"><strong>Circo<\/strong>Este a\u00f1o es un circo de proximidad, hecho en casa. Nuevas propuestas con grandes y peque\u00f1os retos descabellados, inveros\u00edmiles, po\u00e9ticos e incre\u00edbles.<\/a><\/li>\n<li><a href=\"https:\/\/old.mercatflors.cat\/es\/itineraris\/narrativas-2019-20\/\"><strong>Narrativas<\/strong>Creaciones que nos explican historias, en las que la danza est\u00e1 al servicio de un relato y la coreograf\u00eda y\/o dramaturgia esc\u00e9nica son m\u00e1s teatrales.<\/a><\/li>\n<li><a href=\"https:\/\/old.mercatflors.cat\/es\/itineraris\/partituras-espacio-cuerpo-y-escritura-2019-20\/\"><strong>Partituras (Espacio, Cuerpo y Escritura)<\/strong>Donde la escritura del cuerpo y del movimiento son el objeto de la investigaci\u00f3n po\u00e9tica y discursiva.<\/a><\/li>\n<li><a href=\"https:\/\/old.mercatflors.cat\/es\/itineraris\/raices-vinculo-desplazamiento-2019-20\/\"><strong>Ra\u00edz, v\u00ednculo y desplazamiento<\/strong>Creaciones con un punto de origen en alg\u00fan elemento del pasado, sea del lenguaje, de la historia y desplazan su sentido<em>.<\/em><\/a><\/li>\n<li><a href=\"https:\/\/old.mercatflors.cat\/es\/itineraris\/danza-y-territorio-otras-perspectivas-2019-20\/\"><strong><strong>Danza y Territorio \/ Otras Perspectivas<\/strong><\/strong>Un Itinerario que nos invita hacer una traves\u00eda para obras que nos ofrecen otras perspectivas i provocan un cambio de mirada.<\/a><\/li>\n<li><a href=\"https:\/\/old.mercatflors.cat\/es\/itineraris\/solos-2019-20\/\"><strong>Solos<\/strong>Un viaje a trav\u00e9s de solos de contenidos, int\u00e9rpretes y po\u00e9ticas muy diversas. Obras que nos permiten una intensidad e intimidad especial con la pieza y el int\u00e9rprete.<\/a><\/li>\n<\/ul>\n<p>\u00bfNecesitas ayuda para\u00a0elegir un espect\u00e1culo? Escribe a\u00a0<span style=\"color: #0000ff;\"><a style=\"color: #0000ff;\" href=\"mailto:publics@mercatflors.cat\">publics@mercatflors.cat<\/a><\/span>\u00a0o llama al 93 256 26 05,\u00a0y te aconsejaremos.<\/p>\n","protected":false},"excerpt":{"rendered":"<p>&nbsp; &nbsp; Desde el Mercat de les Flors\u00a0te sugerimos diferentes [&hellip;]<\/p>\n","protected":false},"author":1,"featured_media":42592,"parent":0,"menu_order":0,"comment_status":"closed","ping_status":"closed","template":"template-blocs-grocs.php","meta":[],"_links":{"self":[{"href":"https:\/\/old.mercatflors.cat\/es\/wp-json\/wp\/v2\/pages\/41584\/"}],"collection":[{"href":"https:\/\/old.mercatflors.cat\/es\/wp-json\/wp\/v2\/pages\/"}],"about":[{"href":"https:\/\/old.mercatflors.cat\/es\/wp-json\/wp\/v2\/types\/page\/"}],"author":[{"embeddable":true,"href":"https:\/\/old.mercatflors.cat\/es\/wp-json\/wp\/v2\/users\/1\/"}],"replies":[{"embeddable":true,"href":"https:\/\/old.mercatflors.cat\/es\/wp-json\/wp\/v2\/comments\/?post=41584"}],"version-history":[{"count":0,"href":"https:\/\/old.mercatflors.cat\/es\/wp-json\/wp\/v2\/pages\/41584\/revisions\/"}],"wp:featuredmedia":[{"embeddable":true,"href":"https:\/\/old.mercatflors.cat\/es\/wp-json\/wp\/v2\/media\/42592\/"}],"wp:attachment":[{"href":"https:\/\/old.mercatflors.cat\/es\/wp-json\/wp\/v2\/media\/?parent=41584"}],"curies":[{"name":"wp","href":"https:\/\/api.w.org\/{rel}","templated":true}]}}

Itinerarios temáticos

<p>&nbsp;</p>
<p>&nbsp;</p>
<p>Desde el Mercat de les Flors te sugerimos diferentes itinerarios para que puedas seleccionar los espectáculos más adecuados. Déjate llevar, pruébalos o haz tu propio recorrido a través de nuestra programación.</p>
<p><span style="color: #0000ff;"><a style="color: #0000ff;" href="https://old.mercatflors.cat/es/temporada-vista/">Consulta aquí toda la programación 2019/20</a></span></p>
<ul>
<li><a href="https://old.mercatflors.cat/es/constelaciones-2019-20/"><strong>Constelaciones</strong>Universos particulares en torno a un creador o colectivo de creadores para hacer una inmersión a su creación y trayectoria.</a></li>
<li><a href="https://old.mercatflors.cat/es/itineraris/talla-unica-2019-20/"><strong><strong>Talla Única</strong></strong>Piezas de lenguajes y disciplinas diversas para todos. Las podéis disfrutar en familia o en grupos de todas las edades.</a></li>
<li><a href="https://old.mercatflors.cat/es/itineraris/circo-2019-20/"><strong>Circo</strong>Este año es un circo de proximidad, hecho en casa. Nuevas propuestas con grandes y pequeños retos descabellados, inverosímiles, poéticos e increíbles.</a></li>
<li><a href="https://old.mercatflors.cat/es/itineraris/narrativas-2019-20/"><strong>Narrativas</strong>Creaciones que nos explican historias, en las que la danza está al servicio de un relato y la coreografía y/o dramaturgia escénica son más teatrales.</a></li>
<li><a href="https://old.mercatflors.cat/es/itineraris/partituras-espacio-cuerpo-y-escritura-2019-20/"><strong>Partituras (Espacio, Cuerpo y Escritura)</strong>Donde la escritura del cuerpo y del movimiento son el objeto de la investigación poética y discursiva.</a></li>
<li><a href="https://old.mercatflors.cat/es/itineraris/raices-vinculo-desplazamiento-2019-20/"><strong>Raíz, vínculo y desplazamiento</strong>Creaciones con un punto de origen en algún elemento del pasado, sea del lenguaje, de la historia y desplazan su sentido<em>.</em></a></li>
<li><a href="https://old.mercatflors.cat/es/itineraris/danza-y-territorio-otras-perspectivas-2019-20/"><strong><strong>Danza y Territorio / Otras Perspectivas</strong></strong>Un Itinerario que nos invita hacer una travesía para obras que nos ofrecen otras perspectivas i provocan un cambio de mirada.</a></li>
<li><a href="https://old.mercatflors.cat/es/itineraris/solos-2019-20/"><strong>Solos</strong>Un viaje a través de solos de contenidos, intérpretes y poéticas muy diversas. Obras que nos permiten una intensidad e intimidad especial con la pieza y el intérprete.</a></li>
</ul>
<p>¿Necesitas ayuda para elegir un espectáculo? Escribe a <span style="color: #0000ff;"><a style="color: #0000ff;" href="mailto:publics@mercatflors.cat">publics@mercatflors.cat</a></span> o llama al 93 256 26 05, y te aconsejaremos.</p>
