{"id":41599,"date":"2019-06-20T09:10:31","date_gmt":"2019-06-20T08:10:31","guid":{"rendered":"https:\/\/old.mercatflors.cat\/?page_id=41599"},"modified":"2019-08-26T13:20:18","modified_gmt":"2019-08-26T12:20:18","slug":"constelaciones-2019-20","status":"publish","type":"page","link":"https:\/\/old.mercatflors.cat\/es\/constelaciones-2019-20\/","title":{"rendered":"Constelaciones"},"content":{"rendered":"<p>&nbsp;<\/p>\n<p>Universos particulares en torno a un creador o colectivo de creadores para hacer una inmersi\u00f3n a su creaci\u00f3n y trayectoria. Una Constelaci\u00f3n sit\u00faa al artista en un mapa de relaciones, es una aproximaci\u00f3n a su universo particular para a la vez hacer visibles sus v\u00ednculos.<\/p>\n<p>Cada constelaci\u00f3n ha sido pensada con el artista, trabajando conjuntamente la selecci\u00f3n de piezas que se presentan, los artistas invitados que comparten miradas comunes y la programaci\u00f3n expandida en paralelo a las obras presentadas.<\/p>\n<p><strong>Durante la constelaci\u00f3n se desplegar\u00e1 una programaci\u00f3n paralela a los espect\u00e1culos con conferencias, pel\u00edculas y actividades te\u00f3ricas y pr\u00e1cticas. <\/strong>Ver la <span style=\"color: #0000ff;\"><a style=\"color: #0000ff;\" href=\"https:\/\/old.mercatflors.cat\/es\/programacion-expandida\/\">Programaci\u00f3n Expandida<\/a><\/span>.<\/p>\n<p>&nbsp;<\/p>\n<ul>\n<li><a href=\"https:\/\/old.mercatflors.cat\/es\/ciclesifestivals\/constelacion-lia-rodrigues-companhia-de-dancas\/\"><strong>LIA RODRIGUES COMPANHIA DE DAN\u00c7AS<\/strong>Lia Rodrigues ha desarrollado un gran trabajo en un estrato desfavorecido de la sociedad brasile\u00f1a desde la danza contempor\u00e1nea, con un compromiso \u00e9tico, est\u00e9tico y pol\u00edtico.<\/a><\/li>\n<li><a href=\"https:\/\/old.mercatflors.cat\/es\/ciclesifestivals\/constelacion-societat-doctor-alonso\/\"><strong>SOCIETAT DOCTOR ALONSO<\/strong>Hace del concepto del desplazamiento una de las claves fundamentales de su lenguaje y nos invita a una lectura diferente que rompe con las f\u00f3rmulas del teatro tradicional.<\/a><\/li>\n<\/ul>\n","protected":false},"excerpt":{"rendered":"<p>&nbsp; Universos particulares en torno a un creador o colectivo [&hellip;]<\/p>\n","protected":false},"author":1,"featured_media":41917,"parent":0,"menu_order":0,"comment_status":"closed","ping_status":"closed","template":"template-blocs-grocs.php","meta":[],"_links":{"self":[{"href":"https:\/\/old.mercatflors.cat\/es\/wp-json\/wp\/v2\/pages\/41599\/"}],"collection":[{"href":"https:\/\/old.mercatflors.cat\/es\/wp-json\/wp\/v2\/pages\/"}],"about":[{"href":"https:\/\/old.mercatflors.cat\/es\/wp-json\/wp\/v2\/types\/page\/"}],"author":[{"embeddable":true,"href":"https:\/\/old.mercatflors.cat\/es\/wp-json\/wp\/v2\/users\/1\/"}],"replies":[{"embeddable":true,"href":"https:\/\/old.mercatflors.cat\/es\/wp-json\/wp\/v2\/comments\/?post=41599"}],"version-history":[{"count":0,"href":"https:\/\/old.mercatflors.cat\/es\/wp-json\/wp\/v2\/pages\/41599\/revisions\/"}],"wp:featuredmedia":[{"embeddable":true,"href":"https:\/\/old.mercatflors.cat\/es\/wp-json\/wp\/v2\/media\/41917\/"}],"wp:attachment":[{"href":"https:\/\/old.mercatflors.cat\/es\/wp-json\/wp\/v2\/media\/?parent=41599"}],"curies":[{"name":"wp","href":"https:\/\/api.w.org\/{rel}","templated":true}]}}

<p>&nbsp;</p>
<p>Universos particulares en torno a un creador o colectivo de creadores para hacer una inmersión a su creación y trayectoria. Una Constelación sitúa al artista en un mapa de relaciones, es una aproximación a su universo particular para a la vez hacer visibles sus vínculos.</p>
<p>Cada constelación ha sido pensada con el artista, trabajando conjuntamente la selección de piezas que se presentan, los artistas invitados que comparten miradas comunes y la programación expandida en paralelo a las obras presentadas.</p>
<p><strong>Durante la constelación se desplegará una programación paralela a los espectáculos con conferencias, películas y actividades teóricas y prácticas. </strong>Ver la <span style="color: #0000ff;"><a style="color: #0000ff;" href="https://old.mercatflors.cat/es/programacion-expandida/">Programación Expandida</a></span>.</p>
<p>&nbsp;</p>
<ul>
<li><a href="https://old.mercatflors.cat/es/ciclesifestivals/constelacion-lia-rodrigues-companhia-de-dancas/"><strong>LIA RODRIGUES COMPANHIA DE DANÇAS</strong>Lia Rodrigues ha desarrollado un gran trabajo en un estrato desfavorecido de la sociedad brasileña desde la danza contemporánea, con un compromiso ético, estético y político.</a></li>
<li><a href="https://old.mercatflors.cat/es/ciclesifestivals/constelacion-societat-doctor-alonso/"><strong>SOCIETAT DOCTOR ALONSO</strong>Hace del concepto del desplazamiento una de las claves fundamentales de su lenguaje y nos invita a una lectura diferente que rompe con las fórmulas del teatro tradicional.</a></li>
</ul>
