{"id":41816,"date":"2019-06-18T09:02:24","date_gmt":"2019-06-18T08:02:24","guid":{"rendered":"https:\/\/old.mercatflors.cat\/?page_id=41816"},"modified":"2023-03-23T16:01:52","modified_gmt":"2023-03-23T15:01:52","slug":"pensamiento-archivo-y-ediciones","status":"publish","type":"page","link":"https:\/\/old.mercatflors.cat\/es\/pensamiento-archivo-y-ediciones\/","title":{"rendered":"Pensamiento, archivo y ediciones"},"content":{"rendered":"<ul>\n<li><a href=\"https:\/\/old.mercatflors.cat\/blog\/\"><strong>El blog del Mercat<\/strong>Reflexiones en torno a la danza<\/a><\/li>\n<li><a href=\"https:\/\/old.mercatflors.cat\/es\/pensamiento-archivo-y-ediciones\/els-podcasts-del-mercat-de-les-flors\/\"><strong>Los Podcasts del Mercat<\/strong>Programas monogr\u00e1ficos que recogen las voces de los creadores m\u00e1s interesantes del momento<\/a><\/li>\n<li><a href=\"https:\/\/old.mercatflors.cat\/es\/pensamiento-archivo-y-ediciones\/paragrafies\/\"><strong>Paragrafies<\/strong>Nueva colecci\u00f3n de monogr\u00e1ficos sobre core\u00f3grafos de nuestra casa<\/a><\/li>\n<li><a href=\"https:\/\/old.mercatflors.cat\/es\/pensamiento-archivo-y-ediciones\/cuerpo-de-letra\/\"><strong>Cuerpo de letra<\/strong>Una colecci\u00f3n editorial de danza y pensamiento del Mercat de les Flors y el Institut del Teatre<\/a><\/li>\n<li><a href=\"https:\/\/old.mercatflors.cat\/es\/pensamiento-archivo-y-ediciones\/retratos-coreograficos\/\"><strong>Retratos coreogr\u00e1ficos<\/strong>Realizados por la directora de cine N\u00faria Oliv\u00e9-Bell\u00e9s<\/a><\/li>\n<li><a href=\"https:\/\/old.mercatflors.cat\/es\/pensamiento-archivo-y-ediciones\/dvd-educativos-dan-dan-dansa\/\"><strong>DVD educativos<\/strong>Con motivo del ciclo para todos los p\u00fablicos Dan Dan Dansa, un programa de acompa\u00f1amiento de ni\u00f1os y ni\u00f1as en el descubrimiento de la danza<\/a><\/li>\n<li><a href=\"https:\/\/old.mercatflors.cat\/es\/pensamiento-archivo-y-ediciones\/revista-del-mercat\/\"><strong>Revista del Mercat<\/strong>Revista que da voz a las opiniones de core\u00f3grafos y profesionales del sector a nivel internacional<\/a><\/li>\n<li><a href=\"https:\/\/old.mercatflors.cat\/es\/temporada\/2018-2019-es\/\"><strong>Hemeroteca d&#8217;espectacles<\/strong>Archivo de espect\u00e1culos de temporadas anteriores<\/a><\/li>\n<\/ul>\n","protected":false},"excerpt":{"rendered":"<p>El blog del MercatReflexiones en torno a la danza Los [&hellip;]<\/p>\n","protected":false},"author":1,"featured_media":0,"parent":0,"menu_order":0,"comment_status":"closed","ping_status":"closed","template":"template-blocs-grocs.php","meta":[],"_links":{"self":[{"href":"https:\/\/old.mercatflors.cat\/es\/wp-json\/wp\/v2\/pages\/41816\/"}],"collection":[{"href":"https:\/\/old.mercatflors.cat\/es\/wp-json\/wp\/v2\/pages\/"}],"about":[{"href":"https:\/\/old.mercatflors.cat\/es\/wp-json\/wp\/v2\/types\/page\/"}],"author":[{"embeddable":true,"href":"https:\/\/old.mercatflors.cat\/es\/wp-json\/wp\/v2\/users\/1\/"}],"replies":[{"embeddable":true,"href":"https:\/\/old.mercatflors.cat\/es\/wp-json\/wp\/v2\/comments\/?post=41816"}],"version-history":[{"count":0,"href":"https:\/\/old.mercatflors.cat\/es\/wp-json\/wp\/v2\/pages\/41816\/revisions\/"}],"wp:attachment":[{"href":"https:\/\/old.mercatflors.cat\/es\/wp-json\/wp\/v2\/media\/?parent=41816"}],"curies":[{"name":"wp","href":"https:\/\/api.w.org\/{rel}","templated":true}]}}

<ul>
<li><a href="https://old.mercatflors.cat/blog/"><strong>El blog del Mercat</strong>Reflexiones en torno a la danza</a></li>
<li><a href="https://old.mercatflors.cat/es/pensamiento-archivo-y-ediciones/els-podcasts-del-mercat-de-les-flors/"><strong>Los Podcasts del Mercat</strong>Programas monográficos que recogen las voces de los creadores más interesantes del momento</a></li>
<li><a href="https://old.mercatflors.cat/es/pensamiento-archivo-y-ediciones/paragrafies/"><strong>Paragrafies</strong>Nueva colección de monográficos sobre coreógrafos de nuestra casa</a></li>
<li><a href="https://old.mercatflors.cat/es/pensamiento-archivo-y-ediciones/cuerpo-de-letra/"><strong>Cuerpo de letra</strong>Una colección editorial de danza y pensamiento del Mercat de les Flors y el Institut del Teatre</a></li>
<li><a href="https://old.mercatflors.cat/es/pensamiento-archivo-y-ediciones/retratos-coreograficos/"><strong>Retratos coreográficos</strong>Realizados por la directora de cine Núria Olivé-Bellés</a></li>
<li><a href="https://old.mercatflors.cat/es/pensamiento-archivo-y-ediciones/dvd-educativos-dan-dan-dansa/"><strong>DVD educativos</strong>Con motivo del ciclo para todos los públicos Dan Dan Dansa, un programa de acompañamiento de niños y niñas en el descubrimiento de la danza</a></li>
<li><a href="https://old.mercatflors.cat/es/pensamiento-archivo-y-ediciones/revista-del-mercat/"><strong>Revista del Mercat</strong>Revista que da voz a las opiniones de coreógrafos y profesionales del sector a nivel internacional</a></li>
<li><a href="https://old.mercatflors.cat/es/temporada/2018-2019-es/"><strong>Hemeroteca d&#8217;espectacles</strong>Archivo de espectáculos de temporadas anteriores</a></li>
</ul>
