{"id":41856,"date":"2019-06-18T11:14:32","date_gmt":"2019-06-18T10:14:32","guid":{"rendered":"https:\/\/old.mercatflors.cat\/?page_id=41856"},"modified":"2019-06-18T11:29:42","modified_gmt":"2019-06-18T10:29:42","slug":"el-graner-centro-de-creacion","status":"publish","type":"page","link":"https:\/\/old.mercatflors.cat\/es\/el-graner-centro-de-creacion\/","title":{"rendered":"El Graner centro de creaci\u00f3n"},"content":{"rendered":"<p>&nbsp;<\/p>\n<p>&nbsp;<\/p>\n<p><span style=\"color: #0000ff;\"><a style=\"color: #0000ff;\" href=\"http:\/\/granerbcn.cat\/es\">El Graner<\/a> <\/span>es un centro de creaci\u00f3n y profundizaci\u00f3n en el lenguaje del cuerpo y del movimiento de Barcelona. Se incluye dentro del programa\u00a0<strong>F\u00e0briques de Creaci\u00f3 de l\u2019Ajuntament de Barcelona<\/strong>\u00a0y cuenta con la gesti\u00f3n del Mercat de les Flors, con la colaboraci\u00f3n de la APDC y la ACPDC.<\/p>\n<p>Situado en el barrio de\u00a0<strong>La Marina del Port Vell<\/strong>, ocupa una antigua f\u00e1brica de bombillas de mil metros cuadrados, en los cuales se combinan espacios de trabajo (estudios y oficinas) y espacios para la vida cotidiana (cocina, terraza, espacios de descanso y lavabos). En este sentido, Graner funciona como un espacio p\u00fablico que genera recursos para la creaci\u00f3n, pero que al mismo tiempo tambi\u00e9n es una casa, un hogar que acoge a todas las personas que trabajan en \u00e9l. As\u00ed pues, tanto las y los artistas como el equipo de gesti\u00f3n se consideran \u201chabitantes\u201d de esta f\u00e1brica.<\/p>\n<p><strong>El Graner es un centro dedicado a la atenci\u00f3n de todo lo que rodea la danza y los lenguajes del cuerpo<\/strong>. El objetivo de un equipamiento p\u00fablico dedicado a la creaci\u00f3n como el Graner es ser capaz de atender y dialogar con cada proceso de creaci\u00f3n que acoge. As\u00ed, nuestros esfuerzos se centran en ser un espacio abierto, disponible y flexible, capaz de generar las condiciones adecuadas para la creaci\u00f3n y establecer un di\u00e1logo fruct\u00edfero y constante con nuestro entorno.<\/p>\n<p>En el caso del Graner, se ha apostado por un modelo flexible y horizontal, donde se da la posibilidad no solo de la libertad art\u00edstica sino tambi\u00e9n de la conciliaci\u00f3n entre vida laboral y familiar. Adem\u00e1s, el modelo apuesta por una estrecha vinculaci\u00f3n con el territorio (el barrio de La Marina y la ciudad de Barcelona) y rechaza el uso del espacio como simple contenedor. Para conseguirlo, el Graner invierte capacidades profesionales en la gestaci\u00f3n de proyectos en red y colaborativos, que promueven un acercamiento a la cultura desde la excelencia art\u00edstica, para pensar y vivir la cultura de manera viva y heterog\u00e9nea, no normativizada ni hegem\u00f3nica.<\/p>\n<p>El Graner es un espacio de experimentaci\u00f3n, ensayo, creaci\u00f3n y formaci\u00f3n continuada de los artistas y creadores de la danza y las artes vivas, en base a diferentes l\u00edneas de trabajo y para incidir en el tejido creativo desde diferentes contextos. Los principales ejes del Graner son:\u00a0<strong>creaci\u00f3n, investigaci\u00f3n, educaci\u00f3n, proximidad e internacionalizaci\u00f3n.<\/strong><\/p>\n<p><iframe loading=\"lazy\" src=\"https:\/\/player.vimeo.com\/video\/154742375?dnt=1&#038;app_id=122963\" width=\"500\" height=\"281\" frameborder=\"0\" title=\"Recorrido por los espacios del Graner\" allow=\"autoplay; fullscreen\" allowfullscreen><\/iframe><\/p>\n<p>&nbsp;<\/p>\n","protected":false},"excerpt":{"rendered":"<p>&nbsp; &nbsp; El Graner es un centro de creaci\u00f3n y [&hellip;]<\/p>\n","protected":false},"author":1,"featured_media":41862,"parent":0,"menu_order":0,"comment_status":"closed","ping_status":"closed","template":"","meta":[],"_links":{"self":[{"href":"https:\/\/old.mercatflors.cat\/es\/wp-json\/wp\/v2\/pages\/41856\/"}],"collection":[{"href":"https:\/\/old.mercatflors.cat\/es\/wp-json\/wp\/v2\/pages\/"}],"about":[{"href":"https:\/\/old.mercatflors.cat\/es\/wp-json\/wp\/v2\/types\/page\/"}],"author":[{"embeddable":true,"href":"https:\/\/old.mercatflors.cat\/es\/wp-json\/wp\/v2\/users\/1\/"}],"replies":[{"embeddable":true,"href":"https:\/\/old.mercatflors.cat\/es\/wp-json\/wp\/v2\/comments\/?post=41856"}],"version-history":[{"count":0,"href":"https:\/\/old.mercatflors.cat\/es\/wp-json\/wp\/v2\/pages\/41856\/revisions\/"}],"wp:featuredmedia":[{"embeddable":true,"href":"https:\/\/old.mercatflors.cat\/es\/wp-json\/wp\/v2\/media\/41862\/"}],"wp:attachment":[{"href":"https:\/\/old.mercatflors.cat\/es\/wp-json\/wp\/v2\/media\/?parent=41856"}],"curies":[{"name":"wp","href":"https:\/\/api.w.org\/{rel}","templated":true}]}}

El Graner centro de creación

<p>&nbsp;</p>
<p>&nbsp;</p>
<p><span style="color: #0000ff;"><a style="color: #0000ff;" href="http://granerbcn.cat/es">El Graner</a> </span>es un centro de creación y profundización en el lenguaje del cuerpo y del movimiento de Barcelona. Se incluye dentro del programa <strong>Fàbriques de Creació de l’Ajuntament de Barcelona</strong> y cuenta con la gestión del Mercat de les Flors, con la colaboración de la APDC y la ACPDC.</p>
<p>Situado en el barrio de <strong>La Marina del Port Vell</strong>, ocupa una antigua fábrica de bombillas de mil metros cuadrados, en los cuales se combinan espacios de trabajo (estudios y oficinas) y espacios para la vida cotidiana (cocina, terraza, espacios de descanso y lavabos). En este sentido, Graner funciona como un espacio público que genera recursos para la creación, pero que al mismo tiempo también es una casa, un hogar que acoge a todas las personas que trabajan en él. Así pues, tanto las y los artistas como el equipo de gestión se consideran “habitantes” de esta fábrica.</p>
<p><strong>El Graner es un centro dedicado a la atención de todo lo que rodea la danza y los lenguajes del cuerpo</strong>. El objetivo de un equipamiento público dedicado a la creación como el Graner es ser capaz de atender y dialogar con cada proceso de creación que acoge. Así, nuestros esfuerzos se centran en ser un espacio abierto, disponible y flexible, capaz de generar las condiciones adecuadas para la creación y establecer un diálogo fructífero y constante con nuestro entorno.</p>
<p>En el caso del Graner, se ha apostado por un modelo flexible y horizontal, donde se da la posibilidad no solo de la libertad artística sino también de la conciliación entre vida laboral y familiar. Además, el modelo apuesta por una estrecha vinculación con el territorio (el barrio de La Marina y la ciudad de Barcelona) y rechaza el uso del espacio como simple contenedor. Para conseguirlo, el Graner invierte capacidades profesionales en la gestación de proyectos en red y colaborativos, que promueven un acercamiento a la cultura desde la excelencia artística, para pensar y vivir la cultura de manera viva y heterogénea, no normativizada ni hegemónica.</p>
<p>El Graner es un espacio de experimentación, ensayo, creación y formación continuada de los artistas y creadores de la danza y las artes vivas, en base a diferentes líneas de trabajo y para incidir en el tejido creativo desde diferentes contextos. Los principales ejes del Graner son: <strong>creación, investigación, educación, proximidad e internacionalización.</strong></p>
<p><iframe loading="lazy" src="https://player.vimeo.com/video/154742375?dnt=1&#038;app_id=122963" width="500" height="281" frameborder="0" title="Recorrido por los espacios del Graner" allow="autoplay; fullscreen" allowfullscreen></iframe></p>
<p>&nbsp;</p>

<p>&nbsp; &nbsp; El Graner es un centro de creación y [&hellip;]</p>
