{"id":42473,"date":"2019-07-01T11:52:44","date_gmt":"2019-07-01T10:52:44","guid":{"rendered":"https:\/\/old.mercatflors.cat\/?page_id=42473"},"modified":"2022-06-21T14:47:57","modified_gmt":"2022-06-21T13:47:57","slug":"programas-educativos-0-18-2021-22","status":"publish","type":"page","link":"https:\/\/old.mercatflors.cat\/es\/programas-educativos-0-18-2021-22\/","title":{"rendered":"Programas educativos: 0-18"},"content":{"rendered":"<h2>Esta informaci\u00f3n se corresponde con la temporada 2021-2022. En breve se publicar\u00e1 la informaci\u00f3n actualizada.<\/h2>\n<h2>Ponemos cara al descubrimiento | Ponemos cara a la imaginaci\u00f3n | Ponemos cara a la emoci\u00f3n<\/h2>\n<p>Un ecosistema es un sistema formado por una comunidad natural de seres vivos y su ambiente f\u00edsico, un conjunto de espacios concretos donde cada individuo ejerce una funci\u00f3n dentro de una gran estructura. Esta imagen de diferentes h\u00e1bitats interconectados define tambi\u00e9n el talante de c\u00f3mo, desde el Mercat de les Flors, construimos, a\u00f1o tras a\u00f1o, nuestro programa educativo. Dentro de la infinidad de relaciones posibles de este ecosistema, proponemos nuestros proyectos en este espacio natural de intercambio y riqueza entre los microcosmos de la educaci\u00f3n y de la danza.<\/p>\n<p>Cada nuevo curso representa un nuevo reto y en este, especialmente, asumimos que existe una necesidad de encuentro, de proximidad y de pensar en una educaci\u00f3n m\u00e1s inclusiva y transversal que sit\u00fae el cuerpo como motor emocional y f\u00edsico y, por lo tanto, como la clave del proceso de aprendizaje. Dentro del tejido que representa nuestro territorio a nivel de barrio, de ciudad y de pa\u00eds, luchamos para que nuestras l\u00edneas de trabajo tengan su inicio en la presencia del cuerpo dentro y fuera las aulas, con la acci\u00f3n de reconstruir y reinventar caminos para integrar el cuerpo a la sociedad y poder llegar a las diferentes comunidades que nos rodean.<\/p>\n<p>Desde un trabajo artesanal, hemos dise\u00f1ado un programa que fusiona la danza y la escuela m\u00e1s all\u00e1 del hecho esc\u00e9nico, mostrando los diferentes recorridos de la creaci\u00f3n que parten del imaginario de cada uno de los artistas con quienes colaboramos. Por lo tanto, una temporada con los artistas y la creaci\u00f3n al alcance, m\u00e1s cerca todav\u00eda, de nuestra red educativa. Consolidamos nuestros proyectos, al mismo tiempo que trazamos nuevos v\u00ednculos creativos entre el Mercat y la escuela, compartiendo con los diferentes equipos educativos la fragilidad del momento actual, pero tambi\u00e9n la certeza de poner el cuerpo en el centro de nuestras pr\u00e1cticas y reflexiones para generar nuevas miradas alrededor de la pedagog\u00eda y la creaci\u00f3n. Durante el pr\u00f3ximo curso trabajaremos para encontrarnos, para ponernos cara, para pensar juntas y para colocar en la intersecci\u00f3n del conjunto de h\u00e1bitats que se creen las necesidades de nuestros ni\u00f1os y nuestros j\u00f3venes, d\u00e1ndoles la posibilidad de entender, desde la relaci\u00f3n con su cuerpo y su movimiento, el momento actual que les ha tocado vivir.<\/p>\n<p>&nbsp;<\/p>\n<ul>\n<li><a href=\"https:\/\/old.mercatflors.cat\/es\/ciclesifestivals\/0-5-escola-bressol-educacion-infantil-2021-22\/\"><strong>BRESSOL \/ INFANTIL (0-5 A\u00d1OS) &#8211; EL PETIT<\/strong><\/a><\/li>\n<li><a href=\"https:\/\/old.mercatflors.cat\/es\/ciclesifestivals\/5-12-anos-educacion-infantil-y-primaria-2021-22\/\"><strong>INFANTIL Y PRIMARIA (5-12 A\u00d1OS)<\/strong><\/a><\/li>\n<li><a href=\"https:\/\/old.mercatflors.cat\/es\/ciclesifestivals\/12-18-anos-educacion-secundaria-bachillerato-y-ciclos-formativos-2021-22\/\"><strong>SECUNDARIA, BACHILLERATO Y CF (12-18 A\u00d1OS) &#8211; GRADA JOVE<\/strong><\/a><\/li>\n<li><a href=\"https:\/\/old.mercatflors.cat\/es\/herramientas-y-recursos-2019-20\/\"><strong>M\u00c1S RECURSOS<\/strong>Para alumnos y maestros<\/a><\/li>\n<\/ul>\n<h2><strong>INSCRIPCIONES ESCOLARES<\/strong><\/h2>\n<p>Inscripciones en los espect\u00e1culos 2020-2021: <span style=\"color: #0000ff;\"><a style=\"color: #0000ff;\" href=\"http:\/\/www.barcelona.cat\/ccp\">www.barcelona.cat\/ccp<\/a><\/span>\u00a0(a partir del mi\u00e9rcoles 1 de septiembre a las 9h)<\/p>\n<p>Desc\u00e1rgate\u00a0<strong><a href=\"https:\/\/old.mercatflors.cat\/wp-content\/uploads\/2021\/07\/MKT_21_22_educatius-OK-v10.pdf\"><span style=\"color: #0000ff;\">AQU\u00cd<\/span> <\/a><\/strong>el desplegable de Educativos 0-18<\/p>\n<p>M\u00e1s informaci\u00f3n: <a href=\"mailto:educatius@mercatflors.cat\"><span style=\"color: #0000ff;\">educatius@mercatflors.cat \/\u00a0<\/span><\/a>93 301 00 60<\/p>\n","protected":false},"excerpt":{"rendered":"<p>Esta informaci\u00f3n se corresponde con la temporada 2021-2022. En breve [&hellip;]<\/p>\n","protected":false},"author":1,"featured_media":0,"parent":0,"menu_order":0,"comment_status":"closed","ping_status":"closed","template":"template-blocs-grocs.php","meta":[],"_links":{"self":[{"href":"https:\/\/old.mercatflors.cat\/es\/wp-json\/wp\/v2\/pages\/42473\/"}],"collection":[{"href":"https:\/\/old.mercatflors.cat\/es\/wp-json\/wp\/v2\/pages\/"}],"about":[{"href":"https:\/\/old.mercatflors.cat\/es\/wp-json\/wp\/v2\/types\/page\/"}],"author":[{"embeddable":true,"href":"https:\/\/old.mercatflors.cat\/es\/wp-json\/wp\/v2\/users\/1\/"}],"replies":[{"embeddable":true,"href":"https:\/\/old.mercatflors.cat\/es\/wp-json\/wp\/v2\/comments\/?post=42473"}],"version-history":[{"count":0,"href":"https:\/\/old.mercatflors.cat\/es\/wp-json\/wp\/v2\/pages\/42473\/revisions\/"}],"wp:attachment":[{"href":"https:\/\/old.mercatflors.cat\/es\/wp-json\/wp\/v2\/media\/?parent=42473"}],"curies":[{"name":"wp","href":"https:\/\/api.w.org\/{rel}","templated":true}]}}

<h2>Esta información se corresponde con la temporada 2021-2022. En breve se publicará la información actualizada.</h2>
<h2>Ponemos cara al descubrimiento | Ponemos cara a la imaginación | Ponemos cara a la emoción</h2>
<p>Un ecosistema es un sistema formado por una comunidad natural de seres vivos y su ambiente físico, un conjunto de espacios concretos donde cada individuo ejerce una función dentro de una gran estructura. Esta imagen de diferentes hábitats interconectados define también el talante de cómo, desde el Mercat de les Flors, construimos, año tras año, nuestro programa educativo. Dentro de la infinidad de relaciones posibles de este ecosistema, proponemos nuestros proyectos en este espacio natural de intercambio y riqueza entre los microcosmos de la educación y de la danza.</p>
<p>Cada nuevo curso representa un nuevo reto y en este, especialmente, asumimos que existe una necesidad de encuentro, de proximidad y de pensar en una educación más inclusiva y transversal que sitúe el cuerpo como motor emocional y físico y, por lo tanto, como la clave del proceso de aprendizaje. Dentro del tejido que representa nuestro territorio a nivel de barrio, de ciudad y de país, luchamos para que nuestras líneas de trabajo tengan su inicio en la presencia del cuerpo dentro y fuera las aulas, con la acción de reconstruir y reinventar caminos para integrar el cuerpo a la sociedad y poder llegar a las diferentes comunidades que nos rodean.</p>
<p>Desde un trabajo artesanal, hemos diseñado un programa que fusiona la danza y la escuela más allá del hecho escénico, mostrando los diferentes recorridos de la creación que parten del imaginario de cada uno de los artistas con quienes colaboramos. Por lo tanto, una temporada con los artistas y la creación al alcance, más cerca todavía, de nuestra red educativa. Consolidamos nuestros proyectos, al mismo tiempo que trazamos nuevos vínculos creativos entre el Mercat y la escuela, compartiendo con los diferentes equipos educativos la fragilidad del momento actual, pero también la certeza de poner el cuerpo en el centro de nuestras prácticas y reflexiones para generar nuevas miradas alrededor de la pedagogía y la creación. Durante el próximo curso trabajaremos para encontrarnos, para ponernos cara, para pensar juntas y para colocar en la intersección del conjunto de hábitats que se creen las necesidades de nuestros niños y nuestros jóvenes, dándoles la posibilidad de entender, desde la relación con su cuerpo y su movimiento, el momento actual que les ha tocado vivir.</p>
<p>&nbsp;</p>
<ul>
<li><a href="https://old.mercatflors.cat/es/ciclesifestivals/0-5-escola-bressol-educacion-infantil-2021-22/"><strong>BRESSOL / INFANTIL (0-5 AÑOS) &#8211; EL PETIT</strong></a></li>
<li><a href="https://old.mercatflors.cat/es/ciclesifestivals/5-12-anos-educacion-infantil-y-primaria-2021-22/"><strong>INFANTIL Y PRIMARIA (5-12 AÑOS)</strong></a></li>
<li><a href="https://old.mercatflors.cat/es/ciclesifestivals/12-18-anos-educacion-secundaria-bachillerato-y-ciclos-formativos-2021-22/"><strong>SECUNDARIA, BACHILLERATO Y CF (12-18 AÑOS) &#8211; GRADA JOVE</strong></a></li>
<li><a href="https://old.mercatflors.cat/es/herramientas-y-recursos-2019-20/"><strong>MÁS RECURSOS</strong>Para alumnos y maestros</a></li>
</ul>
<h2><strong>INSCRIPCIONES ESCOLARES</strong></h2>
<p>Inscripciones en los espectáculos 2020-2021: <span style="color: #0000ff;"><a style="color: #0000ff;" href="http://www.barcelona.cat/ccp">www.barcelona.cat/ccp</a></span> (a partir del miércoles 1 de septiembre a las 9h)</p>
<p>Descárgate <strong><a href="https://old.mercatflors.cat/wp-content/uploads/2021/07/MKT_21_22_educatius-OK-v10.pdf"><span style="color: #0000ff;">AQUÍ</span> </a></strong>el desplegable de Educativos 0-18</p>
<p>Más información: <a href="mailto:educatius@mercatflors.cat"><span style="color: #0000ff;">educatius@mercatflors.cat / </span></a>93 301 00 60</p>

<p>Esta información se corresponde con la temporada 2021-2022. En breve [&hellip;]</p>
