{"id":42823,"date":"2019-07-04T14:19:27","date_gmt":"2019-07-04T13:19:27","guid":{"rendered":"https:\/\/old.mercatflors.cat\/?page_id=42823"},"modified":"2022-07-19T14:16:40","modified_gmt":"2022-07-19T13:16:40","slug":"programa-en-residencia-archivo","status":"publish","type":"page","link":"https:\/\/old.mercatflors.cat\/es\/programa-en-residencia-archivo\/","title":{"rendered":"PROGRAMA &#8220;EN RESiD\u00c8NCiA&#8221; &#8211; Archivo"},"content":{"rendered":"<div class=\"gmail-uncode_text_column\">\n<h2 class=\"title\">EN RESiD\u00c8NCiA 2012-20<\/h2>\n<p><strong>PROYECTO &#8216;EN RESiD\u00c8NCiA&#8217;, GRANER-MERCAT DE LES FLORS COMO MEDIADOR:<\/strong><\/p>\n<p><strong>CURS 2021-22:<\/strong><\/p>\n<p>Institut Maria Espinalt amb l\u2019Adri\u00e1n Vega<\/p>\n<p>Institut Tur\u00f3 de Roquetes amb S\u00f2nia G\u00f3mez<\/p>\n<p>Consulta la info <a href=\"https:\/\/old.mercatflors.cat\/en-residencia-2021-2022\/\"><span style=\"color: #0000ff;\"><strong>aqu\u00ed<\/strong><\/span><\/a><\/p>\n<p><strong>Curso 2020\/21:<\/strong><\/p>\n<p>Institut Salvador Espriu con David Climent<\/p>\n<p><span class=\"autor\">Institut Montju\u00efc con S\u00edlvia Sant Funk<\/span><\/p>\n<p>Consulta la info <a href=\"https:\/\/old.mercatflors.cat\/es\/programa-en-residencia-2020-2021\/\"><span style=\"color: #0000ff;\"><strong>aqu\u00ed<\/strong><\/span><\/a><\/p>\n<p><strong>Curso 2019\/20:<\/strong><\/p>\n<p>Institut Escola Antaviana con Sebasti\u00e1n Garc\u00eda Ferro<\/p>\n<p><span class=\"autor\">Institut Bernat Metge con Jo\u00e3o Lima<\/span><\/p>\n<p>Consulta la info\u00a0<span style=\"color: #0000ff;\"><a style=\"color: #0000ff;\" href=\"https:\/\/old.mercatflors.cat\/es\/programa-en-residencia-2019-20\/\" target=\"_blank\" rel=\"noopener\"><strong>aqu\u00ed<\/strong><\/a><\/span><\/p>\n<p><strong>Curso 2018\/19:<\/strong><\/p>\n<p>IES Barri Bes\u00f2s con Andr\u00e9s Waksman. Consulta el blog de seguimento\u00a0<span style=\"color: #0000ff;\"><a style=\"color: #0000ff;\" href=\"http:\/\/blocsenresidencia.bcn.cat\/barribesos1819\/\" target=\"_blank\" rel=\"noopener\"><strong>aqu\u00ed<\/strong><\/a><\/span><\/p>\n<p>IES Josep Comas i Sol\u00e0 con Constanza Brn\u010di\u0107. Consulta el blog de seguimento<a href=\"http:\/\/blocsenresidencia.bcn.cat\/comasisola1819\/\" target=\"_blank\" rel=\"noopener\"><strong>\u00a0<span style=\"color: #0000ff;\">aqu\u00ed<\/span><\/strong><\/a><\/p>\n<p><strong>Curso 2017\/18:<\/strong><\/p>\n<p>IES Montju\u00efc con Jorge Dutor y Guillem Mont de Palol. Consulta el\u00a0blog de seguimento <span style=\"color: #0000ff;\"><a style=\"color: #0000ff;\" href=\"http:\/\/blocsenresidencia.bcn.cat\/moisesbroggi1718\/\" target=\"_blank\" rel=\"noopener\"><strong>aqu\u00ed<\/strong><\/a><\/span><\/p>\n<p>IES Mois\u00e8s Broggi con Big Bouncers. Consulta el\u00a0blog de seguimento <span style=\"color: #0000ff;\"><strong><a style=\"color: #0000ff;\" href=\"http:\/\/blocsenresidencia.bcn.cat\/montjuic1718\/\" target=\"_blank\" rel=\"noopener\">aqu\u00ed<\/a><\/strong><\/span><\/p>\n<p><strong>Curso 2016\/17:\u00a0<\/strong><\/p>\n<p>IES Josep Comas i Sol\u00e0 con Toni Mira. Consulta el\u00a0blog de seguimento <span style=\"color: #0000ff;\"><a style=\"color: #0000ff;\" href=\"http:\/\/blocsenresidencia.bcn.cat\/comasisola1617\/\" target=\"_blank\" rel=\"noopener\"><strong>aqu\u00ed<\/strong><\/a><\/span><\/p>\n<p><strong>Curso 2015\/16:<\/strong><\/p>\n<p>IES Montju\u00efc con Societat Doctor Alonso. Consulta el\u00a0blog de seguimento <span style=\"color: #0000ff;\"><a style=\"color: #0000ff;\" href=\"http:\/\/blocsenresidencia.bcn.cat\/montjuic1516\/\" target=\"_blank\" rel=\"noopener\"><strong>aqu\u00ed\u00a0<\/strong><\/a><\/span><\/p>\n<p><strong>Curso 2014\/15:<\/strong><\/p>\n<p>IES Men\u00e9ndez i Pelayo con Aimar P\u00e9rez Gal\u00ed. Consulta el\u00a0blog de seguimento <span style=\"color: #0000ff;\"><a style=\"color: #0000ff;\" href=\"http:\/\/blocsenresidencia.bcn.cat\/menendezpelayo1415\/\" target=\"_blank\" rel=\"noopener\"><strong>aqu\u00ed<\/strong><\/a><\/span><\/p>\n<p><strong>Curso 2013\/14:<\/strong><\/p>\n<p>IES Mil\u00e0 i Fontanals con Loscorderos.sc. Consulta el\u00a0blog de seguimento <span style=\"color: #0000ff;\"><a style=\"color: #0000ff;\" href=\"http:\/\/blocsenresidencia.bcn.cat\/milaifontanals\/\" target=\"_blank\" rel=\"noopener\"><strong>aqu\u00ed<\/strong><\/a><\/span><\/p>\n<p><strong>Curso 2012\/13:<\/strong><\/p>\n<p>IES Joan Coromines con \u00c0ngels Margarit. Consulta el\u00a0blog de seguimento <span style=\"color: #0000ff;\"><a style=\"color: #0000ff;\" href=\"http:\/\/blocsenresidencia.bcn.cat\/joancoromines\/\" target=\"_blank\" rel=\"noopener\"><strong>aqu\u00ed<\/strong><\/a><\/span><\/p>\n<\/div>\n<p><img decoding=\"async\" loading=\"lazy\" class=\"alignleft size-full wp-image-42690\" src=\"https:\/\/old.mercatflors.cat\/wp-content\/uploads\/2019\/07\/Captura-de-pantalla-2014-05-30-a-las-18.09.59.png\" alt=\"\" width=\"632\" height=\"428\" srcset=\"https:\/\/old.mercatflors.cat\/wp-content\/uploads\/2019\/07\/Captura-de-pantalla-2014-05-30-a-las-18.09.59.png 632w, https:\/\/old.mercatflors.cat\/wp-content\/uploads\/2019\/07\/Captura-de-pantalla-2014-05-30-a-las-18.09.59-350x237.png 350w\" sizes=\"(max-width: 632px) 100vw, 632px\" \/><\/p>\n<div class=\"content\">\n<h2 class=\"title\">V\u00cdDEOS &#8216;EN RESiD\u00c8NCiA&#8217;<\/h2>\n<p>A continuaci\u00f3n encontrar\u00e1s un v\u00eddeo donde puedes descubrir el proceso de creaci\u00f3n de la cia. Societat Doctor Alonso con los alumnos del IES Montju\u00efc y las reflexiones de los artistas, alumnos y profesorado sobre el proyecto.<\/p>\n<\/div>\n<article id=\"programa-en-residencia\" class=\"about_block\">\n<div class=\"fluid-embed\"><iframe loading=\"lazy\" title=\"En Resid\u00e8ncia 15-16 IES Montju\u00efc\" src=\"https:\/\/player.vimeo.com\/video\/176604865?app_id=122963&amp;title=0&amp;byline=0&amp;portrait=0\" width=\"640\" height=\"360\" frameborder=\"0\" allowfullscreen=\"allowfullscreen\" data-mce-fragment=\"1\"><\/iframe><\/div>\n<\/article>\n<article id=\"videos-en-residencia\" class=\"about_block\">\n<div class=\"fluid-embed\"><\/div>\n<\/article>\n<div><\/div>\n<div class=\"fluid-embed\"><strong>Encontrar\u00e1s m\u00e1s v\u00eddeos de la participaci\u00f3n del programa EN RESiD\u00c8NCiA\u00a0<span style=\"color: #0000ff;\"><a style=\"color: #0000ff;\" href=\"https:\/\/vimeo.com\/album\/5781771\" target=\"_blank\" rel=\"noopener\">AQU\u00cd<\/a><\/span><\/strong><\/div>\n<div><\/div>\n<h2><strong>Encuentro EN RESiDENCiA en el marco del Festival S\u00c2LMON&lt;18<\/strong><\/h2>\n<div>\n<p>Primer encuentro de institutos que participan en el programa EN RESiDENCiA en un mismo curso en el marco del Festival salmon &lt;18. Las motivaciones del encuentro se explican desde el propio Festival: \u201cDesde hace 6 a\u00f1os el Granero forma parte de este programa y este a\u00f1o es la primera vez que comisariado y coordinamos dos EN RESiDENCiA: en el IES Mois\u00e9s Broggi y en el IES Montju\u00efc (en nuestro barrio). Asimismo, cuando miramos los creadores que participan en esta 9\u00aa edici\u00f3n de EN RESiDENCiA vemos muchos artistas que han estado o se relacionan con la programaci\u00f3n de un festival como el S\u00c2LMON&lt;. Este es el motor de este encuentro ya la vez es el reto ya que no nos planteamos el encuentro como una muestra o una exposici\u00f3n de lo que actualmente trabajan cada uno de ellos, ya sea con las Big Bouncers, Jorge Dutor y Guillem Mont de Palol o Anna Pantinat, sino que se trata de una jornada de todo el d\u00eda donde los alumnos ser\u00e1n los protagonistas y se explicar\u00e1n en primera persona, compartir\u00e1n procesos art\u00edsticos y se relacionar\u00e1n con otra realidad que no es la del d\u00eda a d\u00eda de su instituto. Asimismo, se suman a la jornada Nymanyam, espacio y proyecto art\u00edstico que vincula diferentes formas de arte con la comida como elemento vehicular para crear situaciones compartidas. \u201d<\/p>\n<p>Institutos implicados: IES Montju\u00efc, IES Mois\u00e8s Broggi, IES Josep Comas i Sol\u00e0.<\/p>\n<p>Equipos mediadores: Graner y L\u2019Afluent.<\/p>\n<p>Creadores participantes: Big Bouncers, Jorge Dutor i Guillem Mont de Palol y Anna Pantinat.<\/p>\n<\/div>\n<div>\n<h2 class=\"title\"><strong>ENCUENTRO CONTAMINACI\u00d3N S\u00c2LMON&lt; 19<\/strong><\/h2>\n<div class=\"content\">\n<p><span class=\"gmail-font-117749\">Este encuentro forma parte de los procesos de contaminaci\u00f3n que\u00a0<strong>EN RESiD\u00c8NCiA<\/strong> realiza durante los meses de enero y febrero de 2019, donde los protagonistas del proyecto ponen en com\u00fan el estado de los procesos de creaci\u00f3n. El motor de este encuentro es gnerar contaminaciones art\u00edsticas, poniendo a los alumnos como protagonistas de la jornada.\u00a0Tomando como punto de partida la idea de que la experiencia art\u00edstica tiene que pasar por un proceso de reflexi\u00f3n colectiva, los j\u00f3venes se explicar\u00e1n en primera persona las diferentes maneras de trabajar en el aula, compartiendo procesos art\u00edsticos para relacionarse con otra realidad que no es la del d\u00eda a d\u00eda de su instituto.<\/span><\/p>\n<p>Este encuentro se enmarca en el proyecto ENRESiD\u00c8NCiA y se vincul\u00f3 a la programaci\u00f3n del Festival S\u00c2LMON&lt;<\/p>\n<p><strong>Institutos implicados:\u00a0<\/strong>Institut Barri Bes\u00f3s, Institut Josep Comas i Sol\u00e0, Institut Pau Claris, Institut Pr\u00edncep de Girona.<\/p>\n<p><strong>Profesorado implicado:\u00a0<\/strong>Jordi S\u00e0nchez i Laura Domingo; Mar\u00eda \u00c1ngeles Rivero; Xavier Calvo; Joan Fontdegl\u00f2ria i \u00d3scar Sorribes.<\/p>\n<p><strong>Equipos mediadores:<\/strong>\u00a0Mercat de les Flors i Graner, Antic Teatre i Experimentem amb l\u2019Art.<\/p>\n<p><strong>Creadores participantes:\u00a0<\/strong>Andr\u00e9s Waksman; Constanza Brn\u010di\u0107; Txalo Toloza i Laida Azkona, i Fito Conesa.<\/p>\n<p><strong>Alumnos y alumnas participantes:<\/strong>\u00a0Alumnos de 2n d\u2019ESO del Institut Barri Bes\u00f3s, alumnos de 3ro y 4\u00ba d\u2019ESO del IES Josep Comas i Sol\u00e0, alumnos de\u00a04\u00ba de ESO de l\u2019Institut Pau Claris y alumnos de 4\u00ba de ESO del Institut Pr\u00edncep de Girona.<\/p>\n<\/div>\n<p><img decoding=\"async\" loading=\"lazy\" class=\"alignleft size-large wp-image-42675\" src=\"https:\/\/old.mercatflors.cat\/wp-content\/uploads\/2019\/07\/51437143_2077765138936233_9094931022688026624_n-735x490.jpg\" alt=\"\" width=\"735\" height=\"490\" srcset=\"https:\/\/old.mercatflors.cat\/wp-content\/uploads\/2019\/07\/51437143_2077765138936233_9094931022688026624_n-735x490.jpg 735w, https:\/\/old.mercatflors.cat\/wp-content\/uploads\/2019\/07\/51437143_2077765138936233_9094931022688026624_n-350x233.jpg 350w, https:\/\/old.mercatflors.cat\/wp-content\/uploads\/2019\/07\/51437143_2077765138936233_9094931022688026624_n-768x512.jpg 768w, https:\/\/old.mercatflors.cat\/wp-content\/uploads\/2019\/07\/51437143_2077765138936233_9094931022688026624_n.jpg 960w\" sizes=\"(max-width: 735px) 100vw, 735px\" \/><\/p>\n<\/div>\n","protected":false},"excerpt":{"rendered":"<p>EN RESiD\u00c8NCiA 2012-20 PROYECTO &#8216;EN RESiD\u00c8NCiA&#8217;, GRANER-MERCAT DE LES FLORS [&hellip;]<\/p>\n","protected":false},"author":1,"featured_media":0,"parent":0,"menu_order":0,"comment_status":"closed","ping_status":"closed","template":"","meta":[],"_links":{"self":[{"href":"https:\/\/old.mercatflors.cat\/es\/wp-json\/wp\/v2\/pages\/42823\/"}],"collection":[{"href":"https:\/\/old.mercatflors.cat\/es\/wp-json\/wp\/v2\/pages\/"}],"about":[{"href":"https:\/\/old.mercatflors.cat\/es\/wp-json\/wp\/v2\/types\/page\/"}],"author":[{"embeddable":true,"href":"https:\/\/old.mercatflors.cat\/es\/wp-json\/wp\/v2\/users\/1\/"}],"replies":[{"embeddable":true,"href":"https:\/\/old.mercatflors.cat\/es\/wp-json\/wp\/v2\/comments\/?post=42823"}],"version-history":[{"count":0,"href":"https:\/\/old.mercatflors.cat\/es\/wp-json\/wp\/v2\/pages\/42823\/revisions\/"}],"wp:attachment":[{"href":"https:\/\/old.mercatflors.cat\/es\/wp-json\/wp\/v2\/media\/?parent=42823"}],"curies":[{"name":"wp","href":"https:\/\/api.w.org\/{rel}","templated":true}]}}

PROGRAMA &#8220;EN RESiDÈNCiA&#8221; &#8211; Archivo

<div class="gmail-uncode_text_column">
<h2 class="title">EN RESiDÈNCiA 2012-20</h2>
<p><strong>PROYECTO &#8216;EN RESiDÈNCiA&#8217;, GRANER-MERCAT DE LES FLORS COMO MEDIADOR:</strong></p>
<p><strong>CURS 2021-22:</strong></p>
<p>Institut Maria Espinalt amb l’Adrián Vega</p>
<p>Institut Turó de Roquetes amb Sònia Gómez</p>
<p>Consulta la info <a href="https://old.mercatflors.cat/en-residencia-2021-2022/"><span style="color: #0000ff;"><strong>aquí</strong></span></a></p>
<p><strong>Curso 2020/21:</strong></p>
<p>Institut Salvador Espriu con David Climent</p>
<p><span class="autor">Institut Montjuïc con Sílvia Sant Funk</span></p>
<p>Consulta la info <a href="https://old.mercatflors.cat/es/programa-en-residencia-2020-2021/"><span style="color: #0000ff;"><strong>aquí</strong></span></a></p>
<p><strong>Curso 2019/20:</strong></p>
<p>Institut Escola Antaviana con Sebastián García Ferro</p>
<p><span class="autor">Institut Bernat Metge con João Lima</span></p>
<p>Consulta la info <span style="color: #0000ff;"><a style="color: #0000ff;" href="https://old.mercatflors.cat/es/programa-en-residencia-2019-20/" target="_blank" rel="noopener"><strong>aquí</strong></a></span></p>
<p><strong>Curso 2018/19:</strong></p>
<p>IES Barri Besòs con Andrés Waksman. Consulta el blog de seguimento <span style="color: #0000ff;"><a style="color: #0000ff;" href="http://blocsenresidencia.bcn.cat/barribesos1819/" target="_blank" rel="noopener"><strong>aquí</strong></a></span></p>
<p>IES Josep Comas i Solà con Constanza Brnčić. Consulta el blog de seguimento<a href="http://blocsenresidencia.bcn.cat/comasisola1819/" target="_blank" rel="noopener"><strong> <span style="color: #0000ff;">aquí</span></strong></a></p>
<p><strong>Curso 2017/18:</strong></p>
<p>IES Montjuïc con Jorge Dutor y Guillem Mont de Palol. Consulta el blog de seguimento <span style="color: #0000ff;"><a style="color: #0000ff;" href="http://blocsenresidencia.bcn.cat/moisesbroggi1718/" target="_blank" rel="noopener"><strong>aquí</strong></a></span></p>
<p>IES Moisès Broggi con Big Bouncers. Consulta el blog de seguimento <span style="color: #0000ff;"><strong><a style="color: #0000ff;" href="http://blocsenresidencia.bcn.cat/montjuic1718/" target="_blank" rel="noopener">aquí</a></strong></span></p>
<p><strong>Curso 2016/17: </strong></p>
<p>IES Josep Comas i Solà con Toni Mira. Consulta el blog de seguimento <span style="color: #0000ff;"><a style="color: #0000ff;" href="http://blocsenresidencia.bcn.cat/comasisola1617/" target="_blank" rel="noopener"><strong>aquí</strong></a></span></p>
<p><strong>Curso 2015/16:</strong></p>
<p>IES Montjuïc con Societat Doctor Alonso. Consulta el blog de seguimento <span style="color: #0000ff;"><a style="color: #0000ff;" href="http://blocsenresidencia.bcn.cat/montjuic1516/" target="_blank" rel="noopener"><strong>aquí </strong></a></span></p>
<p><strong>Curso 2014/15:</strong></p>
<p>IES Menéndez i Pelayo con Aimar Pérez Galí. Consulta el blog de seguimento <span style="color: #0000ff;"><a style="color: #0000ff;" href="http://blocsenresidencia.bcn.cat/menendezpelayo1415/" target="_blank" rel="noopener"><strong>aquí</strong></a></span></p>
<p><strong>Curso 2013/14:</strong></p>
<p>IES Milà i Fontanals con Loscorderos.sc. Consulta el blog de seguimento <span style="color: #0000ff;"><a style="color: #0000ff;" href="http://blocsenresidencia.bcn.cat/milaifontanals/" target="_blank" rel="noopener"><strong>aquí</strong></a></span></p>
<p><strong>Curso 2012/13:</strong></p>
<p>IES Joan Coromines con Àngels Margarit. Consulta el blog de seguimento <span style="color: #0000ff;"><a style="color: #0000ff;" href="http://blocsenresidencia.bcn.cat/joancoromines/" target="_blank" rel="noopener"><strong>aquí</strong></a></span></p>
</div>
<p><img decoding="async" loading="lazy" class="alignleft size-full wp-image-42690" src="https://old.mercatflors.cat/wp-content/uploads/2019/07/Captura-de-pantalla-2014-05-30-a-las-18.09.59.png" alt="" width="632" height="428" srcset="https://old.mercatflors.cat/wp-content/uploads/2019/07/Captura-de-pantalla-2014-05-30-a-las-18.09.59.png 632w, https://old.mercatflors.cat/wp-content/uploads/2019/07/Captura-de-pantalla-2014-05-30-a-las-18.09.59-350x237.png 350w" sizes="(max-width: 632px) 100vw, 632px" /></p>
<div class="content">
<h2 class="title">VÍDEOS &#8216;EN RESiDÈNCiA&#8217;</h2>
<p>A continuación encontrarás un vídeo donde puedes descubrir el proceso de creación de la cia. Societat Doctor Alonso con los alumnos del IES Montjuïc y las reflexiones de los artistas, alumnos y profesorado sobre el proyecto.</p>
</div>
<article id="programa-en-residencia" class="about_block">
<div class="fluid-embed"><iframe loading="lazy" title="En Residència 15-16 IES Montjuïc" src="https://player.vimeo.com/video/176604865?app_id=122963&amp;title=0&amp;byline=0&amp;portrait=0" width="640" height="360" frameborder="0" allowfullscreen="allowfullscreen" data-mce-fragment="1"></iframe></div>
</article>
<article id="videos-en-residencia" class="about_block">
<div class="fluid-embed"></div>
</article>
<div></div>
<div class="fluid-embed"><strong>Encontrarás más vídeos de la participación del programa EN RESiDÈNCiA <span style="color: #0000ff;"><a style="color: #0000ff;" href="https://vimeo.com/album/5781771" target="_blank" rel="noopener">AQUÍ</a></span></strong></div>
<div></div>
<h2><strong>Encuentro EN RESiDENCiA en el marco del Festival SÂLMON&lt;18</strong></h2>
<div>
<p>Primer encuentro de institutos que participan en el programa EN RESiDENCiA en un mismo curso en el marco del Festival salmon &lt;18. Las motivaciones del encuentro se explican desde el propio Festival: “Desde hace 6 años el Granero forma parte de este programa y este año es la primera vez que comisariado y coordinamos dos EN RESiDENCiA: en el IES Moisés Broggi y en el IES Montjuïc (en nuestro barrio). Asimismo, cuando miramos los creadores que participan en esta 9ª edición de EN RESiDENCiA vemos muchos artistas que han estado o se relacionan con la programación de un festival como el SÂLMON&lt;. Este es el motor de este encuentro ya la vez es el reto ya que no nos planteamos el encuentro como una muestra o una exposición de lo que actualmente trabajan cada uno de ellos, ya sea con las Big Bouncers, Jorge Dutor y Guillem Mont de Palol o Anna Pantinat, sino que se trata de una jornada de todo el día donde los alumnos serán los protagonistas y se explicarán en primera persona, compartirán procesos artísticos y se relacionarán con otra realidad que no es la del día a día de su instituto. Asimismo, se suman a la jornada Nymanyam, espacio y proyecto artístico que vincula diferentes formas de arte con la comida como elemento vehicular para crear situaciones compartidas. ”</p>
<p>Institutos implicados: IES Montjuïc, IES Moisès Broggi, IES Josep Comas i Solà.</p>
<p>Equipos mediadores: Graner y L’Afluent.</p>
<p>Creadores participantes: Big Bouncers, Jorge Dutor i Guillem Mont de Palol y Anna Pantinat.</p>
</div>
<div>
<h2 class="title"><strong>ENCUENTRO CONTAMINACIÓN SÂLMON&lt; 19</strong></h2>
<div class="content">
<p><span class="gmail-font-117749">Este encuentro forma parte de los procesos de contaminación que <strong>EN RESiDÈNCiA</strong> realiza durante los meses de enero y febrero de 2019, donde los protagonistas del proyecto ponen en común el estado de los procesos de creación. El motor de este encuentro es gnerar contaminaciones artísticas, poniendo a los alumnos como protagonistas de la jornada. Tomando como punto de partida la idea de que la experiencia artística tiene que pasar por un proceso de reflexión colectiva, los jóvenes se explicarán en primera persona las diferentes maneras de trabajar en el aula, compartiendo procesos artísticos para relacionarse con otra realidad que no es la del día a día de su instituto.</span></p>
<p>Este encuentro se enmarca en el proyecto ENRESiDÈNCiA y se vinculó a la programación del Festival SÂLMON&lt;</p>
<p><strong>Institutos implicados: </strong>Institut Barri Besós, Institut Josep Comas i Solà, Institut Pau Claris, Institut Príncep de Girona.</p>
<p><strong>Profesorado implicado: </strong>Jordi Sànchez i Laura Domingo; María Ángeles Rivero; Xavier Calvo; Joan Fontdeglòria i Óscar Sorribes.</p>
<p><strong>Equipos mediadores:</strong> Mercat de les Flors i Graner, Antic Teatre i Experimentem amb l’Art.</p>
<p><strong>Creadores participantes: </strong>Andrés Waksman; Constanza Brnčić; Txalo Toloza i Laida Azkona, i Fito Conesa.</p>
<p><strong>Alumnos y alumnas participantes:</strong> Alumnos de 2n d’ESO del Institut Barri Besós, alumnos de 3ro y 4º d’ESO del IES Josep Comas i Solà, alumnos de 4º de ESO de l’Institut Pau Claris y alumnos de 4º de ESO del Institut Príncep de Girona.</p>
</div>
<p><img decoding="async" loading="lazy" class="alignleft size-large wp-image-42675" src="https://old.mercatflors.cat/wp-content/uploads/2019/07/51437143_2077765138936233_9094931022688026624_n-735x490.jpg" alt="" width="735" height="490" srcset="https://old.mercatflors.cat/wp-content/uploads/2019/07/51437143_2077765138936233_9094931022688026624_n-735x490.jpg 735w, https://old.mercatflors.cat/wp-content/uploads/2019/07/51437143_2077765138936233_9094931022688026624_n-350x233.jpg 350w, https://old.mercatflors.cat/wp-content/uploads/2019/07/51437143_2077765138936233_9094931022688026624_n-768x512.jpg 768w, https://old.mercatflors.cat/wp-content/uploads/2019/07/51437143_2077765138936233_9094931022688026624_n.jpg 960w" sizes="(max-width: 735px) 100vw, 735px" /></p>
</div>

<p>EN RESiDÈNCiA 2012-20 PROYECTO &#8216;EN RESiDÈNCiA&#8217;, GRANER-MERCAT DE LES FLORS [&hellip;]</p>
