{"id":42850,"date":"2019-07-08T15:59:54","date_gmt":"2019-07-08T14:59:54","guid":{"rendered":"https:\/\/old.mercatflors.cat\/?page_id=42850"},"modified":"2021-10-29T11:34:25","modified_gmt":"2021-10-29T10:34:25","slug":"educativos-0-18","status":"publish","type":"page","link":"https:\/\/old.mercatflors.cat\/es\/educativos-0-18\/","title":{"rendered":"Educaci\u00f3n 0-18"},"content":{"rendered":"<ul>\n<li><a href=\"https:\/\/old.mercatflors.cat\/programes-educatius-0-18-2019-20\/\"><strong>Programaci\u00f3n para escuelas<\/strong>Programa educativo para reflexionar y aprender conjuntamente con la comunidad educativa<\/a><\/li>\n<li><a href=\"https:\/\/old.mercatflors.cat\/es\/proyectos-educativos-en-colaboracion-2019-20\/\"><strong>Proyectos educativos en colaboraci\u00f3n<\/strong>Introducimos la creaci\u00f3n de autor en los centros escolares, donde los j\u00f3venes de secundaria participan en procesos de creaci\u00f3n<\/a><\/li>\n<li><a href=\"https:\/\/old.mercatflors.cat\/es\/curso-de-formacion-al-profesorado-2022\/\"><strong>Formaci\u00f3n al profesorado<\/strong>Curso reconocido por el Departament d&#8217;Ensenyament donde se acoje el profesorado de todos los niveles educativos con el objetivo de formar y dar herramientas para introducir la danza en el aula<\/a><\/li>\n<li><a href=\"https:\/\/old.mercatflors.cat\/es\/herramientas-y-recursos-2019-20\/\"><strong>Herramientas y recursos<\/strong>Amplio abanico de recursos pedag\u00f3gicos tanto para alumnos como para maestros<\/a><\/li>\n<\/ul>\n","protected":false},"excerpt":{"rendered":"<p>Programaci\u00f3n para escuelasPrograma educativo para reflexionar y aprender conjuntamente con [&hellip;]<\/p>\n","protected":false},"author":1,"featured_media":0,"parent":0,"menu_order":0,"comment_status":"closed","ping_status":"closed","template":"template-blocs-grocs.php","meta":[],"_links":{"self":[{"href":"https:\/\/old.mercatflors.cat\/es\/wp-json\/wp\/v2\/pages\/42850\/"}],"collection":[{"href":"https:\/\/old.mercatflors.cat\/es\/wp-json\/wp\/v2\/pages\/"}],"about":[{"href":"https:\/\/old.mercatflors.cat\/es\/wp-json\/wp\/v2\/types\/page\/"}],"author":[{"embeddable":true,"href":"https:\/\/old.mercatflors.cat\/es\/wp-json\/wp\/v2\/users\/1\/"}],"replies":[{"embeddable":true,"href":"https:\/\/old.mercatflors.cat\/es\/wp-json\/wp\/v2\/comments\/?post=42850"}],"version-history":[{"count":0,"href":"https:\/\/old.mercatflors.cat\/es\/wp-json\/wp\/v2\/pages\/42850\/revisions\/"}],"wp:attachment":[{"href":"https:\/\/old.mercatflors.cat\/es\/wp-json\/wp\/v2\/media\/?parent=42850"}],"curies":[{"name":"wp","href":"https:\/\/api.w.org\/{rel}","templated":true}]}}

Educación 0-18

<ul>
<li><a href="https://old.mercatflors.cat/programes-educatius-0-18-2019-20/"><strong>Programación para escuelas</strong>Programa educativo para reflexionar y aprender conjuntamente con la comunidad educativa</a></li>
<li><a href="https://old.mercatflors.cat/es/proyectos-educativos-en-colaboracion-2019-20/"><strong>Proyectos educativos en colaboración</strong>Introducimos la creación de autor en los centros escolares, donde los jóvenes de secundaria participan en procesos de creación</a></li>
<li><a href="https://old.mercatflors.cat/es/curso-de-formacion-al-profesorado-2022/"><strong>Formación al profesorado</strong>Curso reconocido por el Departament d&#8217;Ensenyament donde se acoje el profesorado de todos los niveles educativos con el objetivo de formar y dar herramientas para introducir la danza en el aula</a></li>
<li><a href="https://old.mercatflors.cat/es/herramientas-y-recursos-2019-20/"><strong>Herramientas y recursos</strong>Amplio abanico de recursos pedagógicos tanto para alumnos como para maestros</a></li>
</ul>

<p>Programación para escuelasPrograma educativo para reflexionar y aprender conjuntamente con [&hellip;]</p>
