{"id":43187,"date":"2019-07-16T14:35:29","date_gmt":"2019-07-16T13:35:29","guid":{"rendered":"https:\/\/old.mercatflors.cat\/?page_id=43187"},"modified":"2023-04-26T10:38:36","modified_gmt":"2023-04-26T09:38:36","slug":"paragrafies","status":"publish","type":"page","link":"https:\/\/old.mercatflors.cat\/es\/pensamiento-archivo-y-ediciones\/paragrafies\/","title":{"rendered":"Paragrafies"},"content":{"rendered":"<p>Nueva colecci\u00f3n de monogr\u00e1ficos sobre core\u00f3grafos de aqu\u00ed (c\u00f3mpralos en este <a href=\"https:\/\/comanegra.com\/ca\/56-paragrafies\"><span style=\"color: #0000ff;\"><strong>ENLACE<\/strong><\/span><\/a>)<\/p>\n<p>Edita <strong>Mercat de les Flors, Institut del Teatre y Editorial Comanegra<\/strong><\/p>\n<p>\u00abParagrafies\u00bb tiene como objetivo valorar, hacer visible y transmitir el pensamiento coreogr\u00e1fico y el universo po\u00e9tico y conceptual de los creadores de la danza. Una colecci\u00f3n que\u00a0quiere recoger el legado de los artistas de esta disciplina y ensanchar la informaci\u00f3n y memoria que tenemos sobre la pr\u00e1ctica de la danza<\/p>\n<p>\u00abParagrafies\u00bb quiere poner al alacance de todos el conocimiento intelectual que nace y se construye desde la experiencia compartida de core\u00f3grafos y bailarines.<\/p>\n<p>Entendemos la danza a la vez como herramienta de creaci\u00f3n y de pensamiento, y queremos transmitir esta dualidad proponiendo a los core\u00f3grafos un ejercicio de an\u00e1lisis y reflexi\u00f3n a prop\u00f3sito de su obra, sus herramientas y su investigaci\u00f3n.<\/p>\n<p>La danza se basa en la experiencia corporal, la percepci\u00f3n, la presencia, el contacto con los otros, el movimiento y la transformaci\u00f3n de las relaciones entre el espacio, el tiempo y la corporalidad. El cuerpo que baila act\u00faa desde una totalidad, sugiere o evoca, es alta tecnolog\u00eda -compleja y a la vez sencilla- que se despliega de manera org\u00e1nica. Toda esta pr\u00e1ctica y experiencia configuran un conocimiento muy espec\u00edfico -abstracto y a la vez concreto- que estructura el pensamiento y genera po\u00e9ticas muy particulares y muy diversas.<\/p>\n<p>La facilidad que tiene la danza para entrar en di\u00e1logo con otras disciplinas, la universalidad de su lenguaje y la singularidad de cada cuerpo, le otorgan una riqueza misteriosa, hecha de fragilidad y fuerza, de precariedad y poder&#8230; El silencio de la danza y la elocuencia del cuerpo convierten a los bailarines y los core\u00f3grafos en seres poco convencionales: elegir la danza, elegir el cuerpo, hoy, es una actitud radical, pol\u00edtica.<\/p>\n<p>Por todo esto, la colecci\u00f3n \u00abParagrafies\u00bb ir\u00e1 proponiendo a core\u00f3grafos\/as diversos en lo que se refiere a est\u00e9ticas, generaciones o escritura coreogr\u00e1fica; quiere invitarlos a publicar y a compartir su reflexi\u00f3n, a expandir la riqueza de esta disciplina.<\/p>\n<p>Con \u00abParagrafies\u00bb, se inicia una nueva colaboraci\u00f3n entre el Institut del Teatre, el Mercat de les Flors y la editorial Comanegra, que tiene como objetivo crear un archivo de pensamiento pr\u00e1ctico y ef\u00edmero, un pensamiento que pide con urgencia ser comunicado<\/p>\n<p>&nbsp;<\/p>\n<h2>ANDR\u00c9S CORCHERO, <em>En aquest m\u00f3n hi ha d\u2019haver de tot<\/em><\/h2>\n<p>Edici\u00f3n a cargo de B\u00e0rbara Raubert<\/p>\n<p><img decoding=\"async\" loading=\"lazy\" class=\"alignnone size-medium wp-image-53414\" src=\"https:\/\/old.mercatflors.cat\/wp-content\/uploads\/2023\/04\/coberta_Andr\u00e9s-Corchero_cat_BAIXA.jpg\" alt=\"\" width=\"350\" height=\"516\" \/><\/p>\n<h2>MARINA MASCARELL, <em>Corporitzar el pensament<\/em><\/h2>\n<p>Edici\u00f3n a cargo de Riikka Laakso<\/p>\n<p><img decoding=\"async\" loading=\"lazy\" class=\"alignnone size-medium wp-image-53416\" src=\"https:\/\/old.mercatflors.cat\/wp-content\/uploads\/2021\/11\/Coberta_Marina_Mascarell-350x516.png\" alt=\"\" width=\"350\" height=\"516\" srcset=\"https:\/\/old.mercatflors.cat\/wp-content\/uploads\/2021\/11\/Coberta_Marina_Mascarell.png 350w, https:\/\/old.mercatflors.cat\/wp-content\/uploads\/2021\/11\/Coberta_Marina_Mascarell-332x490.png 332w\" sizes=\"(max-width: 350px) 100vw, 350px\" \/><\/p>\n<h2>CESC GELABERT, <em>El que m&#8217;agradaria que la dansa fos<\/em><\/h2>\n<p>Edici\u00f3n a cargo de Joaquim Noguero<\/p>\n<p><img decoding=\"async\" loading=\"lazy\" class=\"alignnone size-medium wp-image-47535\" src=\"https:\/\/old.mercatflors.cat\/wp-content\/uploads\/2020\/07\/Captura-de-Pantalla-2020-07-13-a-les-13.44.52-350x516.png\" alt=\"PARAGRAFIES - Cesc Gelabert\" width=\"350\" height=\"516\" srcset=\"https:\/\/old.mercatflors.cat\/wp-content\/uploads\/2020\/07\/Captura-de-Pantalla-2020-07-13-a-les-13.44.52-350x516.png 350w, https:\/\/old.mercatflors.cat\/wp-content\/uploads\/2020\/07\/Captura-de-Pantalla-2020-07-13-a-les-13.44.52-768x1133.png 768w, https:\/\/old.mercatflors.cat\/wp-content\/uploads\/2020\/07\/Captura-de-Pantalla-2020-07-13-a-les-13.44.52-332x490.png 332w, https:\/\/old.mercatflors.cat\/wp-content\/uploads\/2020\/07\/Captura-de-Pantalla-2020-07-13-a-les-13.44.52.png 938w\" sizes=\"(max-width: 350px) 100vw, 350px\" \/><\/p>\n<h2>PERE (GAY) FAURA<em>, Discozombi<\/em><\/h2>\n<p>Edici\u00f3n a cargo de B\u00e0rbara Raubert<\/p>\n<p><img decoding=\"async\" loading=\"lazy\" class=\"alignnone size-medium wp-image-47538\" src=\"https:\/\/old.mercatflors.cat\/wp-content\/uploads\/2020\/07\/Captura-de-Pantalla-2020-07-13-a-les-13.46.10-350x516.png\" alt=\"PARAGRAFIES - Pere Faura\" width=\"350\" height=\"516\" srcset=\"https:\/\/old.mercatflors.cat\/wp-content\/uploads\/2020\/07\/Captura-de-Pantalla-2020-07-13-a-les-13.46.10-350x516.png 350w, https:\/\/old.mercatflors.cat\/wp-content\/uploads\/2020\/07\/Captura-de-Pantalla-2020-07-13-a-les-13.46.10-768x1133.png 768w, https:\/\/old.mercatflors.cat\/wp-content\/uploads\/2020\/07\/Captura-de-Pantalla-2020-07-13-a-les-13.46.10-332x490.png 332w, https:\/\/old.mercatflors.cat\/wp-content\/uploads\/2020\/07\/Captura-de-Pantalla-2020-07-13-a-les-13.46.10.png 938w\" sizes=\"(max-width: 350px) 100vw, 350px\" \/><\/p>\n","protected":false},"excerpt":{"rendered":"<p>Nueva colecci\u00f3n de monogr\u00e1ficos sobre core\u00f3grafos de aqu\u00ed (c\u00f3mpralos en [&hellip;]<\/p>\n","protected":false},"author":1,"featured_media":0,"parent":41816,"menu_order":0,"comment_status":"closed","ping_status":"closed","template":"","meta":[],"_links":{"self":[{"href":"https:\/\/old.mercatflors.cat\/es\/wp-json\/wp\/v2\/pages\/43187\/"}],"collection":[{"href":"https:\/\/old.mercatflors.cat\/es\/wp-json\/wp\/v2\/pages\/"}],"about":[{"href":"https:\/\/old.mercatflors.cat\/es\/wp-json\/wp\/v2\/types\/page\/"}],"author":[{"embeddable":true,"href":"https:\/\/old.mercatflors.cat\/es\/wp-json\/wp\/v2\/users\/1\/"}],"replies":[{"embeddable":true,"href":"https:\/\/old.mercatflors.cat\/es\/wp-json\/wp\/v2\/comments\/?post=43187"}],"version-history":[{"count":0,"href":"https:\/\/old.mercatflors.cat\/es\/wp-json\/wp\/v2\/pages\/43187\/revisions\/"}],"up":[{"embeddable":true,"href":"https:\/\/old.mercatflors.cat\/es\/wp-json\/wp\/v2\/pages\/41816\/"}],"wp:attachment":[{"href":"https:\/\/old.mercatflors.cat\/es\/wp-json\/wp\/v2\/media\/?parent=43187"}],"curies":[{"name":"wp","href":"https:\/\/api.w.org\/{rel}","templated":true}]}}

<p>Nueva colección de monográficos sobre coreógrafos de aquí (cómpralos en este <a href="https://comanegra.com/ca/56-paragrafies"><span style="color: #0000ff;"><strong>ENLACE</strong></span></a>)</p>
<p>Edita <strong>Mercat de les Flors, Institut del Teatre y Editorial Comanegra</strong></p>
<p>«Paragrafies» tiene como objetivo valorar, hacer visible y transmitir el pensamiento coreográfico y el universo poético y conceptual de los creadores de la danza. Una colección que quiere recoger el legado de los artistas de esta disciplina y ensanchar la información y memoria que tenemos sobre la práctica de la danza</p>
<p>«Paragrafies» quiere poner al alacance de todos el conocimiento intelectual que nace y se construye desde la experiencia compartida de coreógrafos y bailarines.</p>
<p>Entendemos la danza a la vez como herramienta de creación y de pensamiento, y queremos transmitir esta dualidad proponiendo a los coreógrafos un ejercicio de análisis y reflexión a propósito de su obra, sus herramientas y su investigación.</p>
<p>La danza se basa en la experiencia corporal, la percepción, la presencia, el contacto con los otros, el movimiento y la transformación de las relaciones entre el espacio, el tiempo y la corporalidad. El cuerpo que baila actúa desde una totalidad, sugiere o evoca, es alta tecnología -compleja y a la vez sencilla- que se despliega de manera orgánica. Toda esta práctica y experiencia configuran un conocimiento muy específico -abstracto y a la vez concreto- que estructura el pensamiento y genera poéticas muy particulares y muy diversas.</p>
<p>La facilidad que tiene la danza para entrar en diálogo con otras disciplinas, la universalidad de su lenguaje y la singularidad de cada cuerpo, le otorgan una riqueza misteriosa, hecha de fragilidad y fuerza, de precariedad y poder&#8230; El silencio de la danza y la elocuencia del cuerpo convierten a los bailarines y los coreógrafos en seres poco convencionales: elegir la danza, elegir el cuerpo, hoy, es una actitud radical, política.</p>
<p>Por todo esto, la colección «Paragrafies» irá proponiendo a coreógrafos/as diversos en lo que se refiere a estéticas, generaciones o escritura coreográfica; quiere invitarlos a publicar y a compartir su reflexión, a expandir la riqueza de esta disciplina.</p>
<p>Con «Paragrafies», se inicia una nueva colaboración entre el Institut del Teatre, el Mercat de les Flors y la editorial Comanegra, que tiene como objetivo crear un archivo de pensamiento práctico y efímero, un pensamiento que pide con urgencia ser comunicado</p>
<p>&nbsp;</p>
<h2>ANDRÉS CORCHERO, <em>En aquest món hi ha d’haver de tot</em></h2>
<p>Edición a cargo de Bàrbara Raubert</p>
<p><img decoding="async" loading="lazy" class="alignnone size-medium wp-image-53414" src="https://old.mercatflors.cat/wp-content/uploads/2023/04/coberta_Andrés-Corchero_cat_BAIXA.jpg" alt="" width="350" height="516" /></p>
<h2>MARINA MASCARELL, <em>Corporitzar el pensament</em></h2>
<p>Edición a cargo de Riikka Laakso</p>
<p><img decoding="async" loading="lazy" class="alignnone size-medium wp-image-53416" src="https://old.mercatflors.cat/wp-content/uploads/2021/11/Coberta_Marina_Mascarell-350x516.png" alt="" width="350" height="516" srcset="https://old.mercatflors.cat/wp-content/uploads/2021/11/Coberta_Marina_Mascarell.png 350w, https://old.mercatflors.cat/wp-content/uploads/2021/11/Coberta_Marina_Mascarell-332x490.png 332w" sizes="(max-width: 350px) 100vw, 350px" /></p>
<h2>CESC GELABERT, <em>El que m&#8217;agradaria que la dansa fos</em></h2>
<p>Edición a cargo de Joaquim Noguero</p>
<p><img decoding="async" loading="lazy" class="alignnone size-medium wp-image-47535" src="https://old.mercatflors.cat/wp-content/uploads/2020/07/Captura-de-Pantalla-2020-07-13-a-les-13.44.52-350x516.png" alt="PARAGRAFIES - Cesc Gelabert" width="350" height="516" srcset="https://old.mercatflors.cat/wp-content/uploads/2020/07/Captura-de-Pantalla-2020-07-13-a-les-13.44.52-350x516.png 350w, https://old.mercatflors.cat/wp-content/uploads/2020/07/Captura-de-Pantalla-2020-07-13-a-les-13.44.52-768x1133.png 768w, https://old.mercatflors.cat/wp-content/uploads/2020/07/Captura-de-Pantalla-2020-07-13-a-les-13.44.52-332x490.png 332w, https://old.mercatflors.cat/wp-content/uploads/2020/07/Captura-de-Pantalla-2020-07-13-a-les-13.44.52.png 938w" sizes="(max-width: 350px) 100vw, 350px" /></p>
<h2>PERE (GAY) FAURA<em>, Discozombi</em></h2>
<p>Edición a cargo de Bàrbara Raubert</p>
<p><img decoding="async" loading="lazy" class="alignnone size-medium wp-image-47538" src="https://old.mercatflors.cat/wp-content/uploads/2020/07/Captura-de-Pantalla-2020-07-13-a-les-13.46.10-350x516.png" alt="PARAGRAFIES - Pere Faura" width="350" height="516" srcset="https://old.mercatflors.cat/wp-content/uploads/2020/07/Captura-de-Pantalla-2020-07-13-a-les-13.46.10-350x516.png 350w, https://old.mercatflors.cat/wp-content/uploads/2020/07/Captura-de-Pantalla-2020-07-13-a-les-13.46.10-768x1133.png 768w, https://old.mercatflors.cat/wp-content/uploads/2020/07/Captura-de-Pantalla-2020-07-13-a-les-13.46.10-332x490.png 332w, https://old.mercatflors.cat/wp-content/uploads/2020/07/Captura-de-Pantalla-2020-07-13-a-les-13.46.10.png 938w" sizes="(max-width: 350px) 100vw, 350px" /></p>

<p>Nueva colección de monográficos sobre coreógrafos de aquí (cómpralos en [&hellip;]</p>
