{"id":43552,"date":"2019-08-05T11:11:43","date_gmt":"2019-08-05T10:11:43","guid":{"rendered":"https:\/\/old.mercatflors.cat\/?page_id=43552"},"modified":"2019-08-05T11:11:43","modified_gmt":"2019-08-05T10:11:43","slug":"proyecto-tots-dansen","status":"publish","type":"page","link":"https:\/\/old.mercatflors.cat\/es\/proyecto-tots-dansen\/","title":{"rendered":"Proyecto TOTS DANSEN"},"content":{"rendered":"<p>&nbsp;<\/p>\n<p>&nbsp;<\/p>\n<p><strong>El Proyecto TOTS DANSEN\u00a0tiene el objetivo de reforzar e incrementar el compromiso de la danza con la educaci\u00f3n, las escuelas y la comunidad e impulsar proyectos educativos y acciones de proximidad que permitan la transmisi\u00f3n de los valores que puede aportar de manera intr\u00ednseca la danza como arte.<\/strong><\/p>\n<p>Actualmente, el proyecto\u00a0<i>Tots Dansen<\/i> busca su consolidaci\u00f3n y crecimiento. El hecho de que el proyecto haya pasado a formar parte del\u00a0<a href=\"http:\/\/cultura.gencat.cat\/ca\/detall\/Noticies\/Pla-dImpuls-a-la-Dansa\"><span style=\"color: #0000ff;\">Pla d&#8217;Impuls a la Dansa promogut pel Departament de Cultura de la Generalitat de Catalunya<\/span><\/a> tiene que servir para incrementar y estabilizar esta iniciativa pedag\u00f3gica de alcance territorial que acerca el lenguaje del movimiento y la danza contempor\u00e1nea al p\u00fablico joven. Dirigido a centros de ese\u00f1anza secundaria, esta propuesta favorece la participaci\u00f3n del ciudadano y el conocimiento de la danza en Catalu\u00f1a.<\/p>\n<h2>ANTECEDENTES<\/h2>\n<p>Proyecto TOT DANSA en la ciudad de Barcelona. Una iniciativa del Mercat de les Flors, el Institut d\u2019Educaci\u00f3 de Barcelona (IMEB) y el Institut del Teatre. El Mercat de les Flors y el Consorci Transversal fueron los impulsores de la creaci\u00f3n de un nuevo proyecto con una estructura y funcionamiento similares, pero en todo el territorio catal\u00e1n, el TOTS DANSEN.<\/p>\n<p>La versi\u00f3n catalana del proyecto barcelon\u00e9s tiene caracter\u00edsticas organizativas distintas, pero adopta el proyecto coreogr\u00e1fico que ya se ha visto en la capital catalana.<\/p>\n<h2>EVOLUCI\u00d3N DEL PROYECTO<\/h2>\n<p>As\u00ed ha funcionado el proyecto en sus distintas ediciones:<\/p>\n<p><strong>Curs 2012\/2013<\/strong><\/p>\n<p>Proyecto coreogr\u00e1fico: Sebasti\u00e1n Garcia Ferro \/ 3 teatros \/ 8 institutos \/ 562 alumnos<\/p>\n<p><strong>Curs 2013\/14<\/strong><\/p>\n<p>Proyecto coreogr\u00e1fico: Lipi Hern\u00e1ndez \/ 3 teatros \/ 8 institutos \/ 635 alumnos<\/p>\n<p><strong>Curs 2014\/15<\/strong><\/p>\n<p>Proyecto coreogr\u00e1fico: Toni Mira \/ 5 teatros \/ 11 institutos \/ 884 alumnos<\/p>\n<p><strong>Curso 2015\/16<\/strong><\/p>\n<p>Proyecto coreogr\u00e1fico: \u00c1lvaro de la Pe\u00f1a \/ 6 teatros \/ 25 institutos \/ 1479 alumnos<\/p>\n<p><strong>Curso 2016\/17<\/strong><\/p>\n<p>Proyecto coreogr\u00e1fico: Ram\u00f3n Baeza \/ 7 teatros \/ 30 institutos \/ 1822 alumnos<\/p>\n<p><span style=\"color: #0000ff;\"><a style=\"color: #0000ff;\" href=\"http:\/\/www.txac.cat\/txac\/20162017-el-projecte-de-ramon-baeza\/\">M\u00e1s informaci\u00f3n<\/a><\/span><\/p>\n<p><strong>Curso 2017\/18<\/strong><\/p>\n<p>Proyecto coreogr\u00e1fico: In\u00e9s Boza, Constanza Brncic y Toni Mira \/ 8 teatros \/ 32 institutos \/ 2046 alumnos<\/p>\n<p><span style=\"color: #0000ff;\"><a style=\"color: #0000ff;\" href=\"http:\/\/www.txac.cat\/txac\/20172018-ines-boza-constanza-brncic-i-toni-mira\/\">M\u00e1s informaci\u00f3n<\/a><\/span><\/p>\n<p><strong>Curso 2018\/19<\/strong><\/p>\n<p>Proyecto coreogr\u00e1fico: Joao Lima, Constanza Brncic e In\u00e9s Boza \/ 9 teatros \/ 42 institutos \/ 2481 alumnos<\/p>\n<p>&nbsp;<\/p>\n<p><strong>En el curso 2016\/17, el proyecto entra a formar parte del Pla d&#8217;Impuls a la Dansa, la cual cosa supone m\u00e1s despliegue territorial, que se materializa el mismo curso 2016\/17 en:<\/strong><\/p>\n<ul>\n<li>&#8211; Incorporaci\u00f3n de Tortosa (el proyecto llega a las Terres de l&#8217;Ebre).<\/li>\n<li>&#8211; Ampliaci\u00f3na dos poblaciones m\u00e1s (comarca del Vall\u00e8s Oriental).<\/li>\n<li>&#8211; 18 poblaciones catalanas implicadas al proyecto<\/li>\n<li>&#8211; 4 nuevos institutos<\/li>\n<li>&#8211; 250 nuevos alumnos participantes<\/li>\n<\/ul>\n<p><strong>En el curso2018\/19<\/strong>, se suma al proyecto la ciudad de Reus con todos los institutos de la ciudad (7) y dos funciones.<\/p>\n<p><span style=\"color: #0000ff;\"><a style=\"color: #0000ff;\" href=\"http:\/\/www.txac.cat\/txac\/projecte\/tots-dansen\/\">M\u00e1s informaci\u00f3n del proyecto en la web de Transversal: xarxa d&#8217;activitats culturals<\/a><\/span><\/p>\n","protected":false},"excerpt":{"rendered":"<p>&nbsp; &nbsp; El Proyecto TOTS DANSEN\u00a0tiene el objetivo de reforzar [&hellip;]<\/p>\n","protected":false},"author":1,"featured_media":30673,"parent":0,"menu_order":0,"comment_status":"closed","ping_status":"closed","template":"","meta":[],"_links":{"self":[{"href":"https:\/\/old.mercatflors.cat\/es\/wp-json\/wp\/v2\/pages\/43552\/"}],"collection":[{"href":"https:\/\/old.mercatflors.cat\/es\/wp-json\/wp\/v2\/pages\/"}],"about":[{"href":"https:\/\/old.mercatflors.cat\/es\/wp-json\/wp\/v2\/types\/page\/"}],"author":[{"embeddable":true,"href":"https:\/\/old.mercatflors.cat\/es\/wp-json\/wp\/v2\/users\/1\/"}],"replies":[{"embeddable":true,"href":"https:\/\/old.mercatflors.cat\/es\/wp-json\/wp\/v2\/comments\/?post=43552"}],"version-history":[{"count":0,"href":"https:\/\/old.mercatflors.cat\/es\/wp-json\/wp\/v2\/pages\/43552\/revisions\/"}],"wp:featuredmedia":[{"embeddable":true,"href":"https:\/\/old.mercatflors.cat\/es\/wp-json\/wp\/v2\/media\/30673\/"}],"wp:attachment":[{"href":"https:\/\/old.mercatflors.cat\/es\/wp-json\/wp\/v2\/media\/?parent=43552"}],"curies":[{"name":"wp","href":"https:\/\/api.w.org\/{rel}","templated":true}]}}

<p>&nbsp;</p>
<p>&nbsp;</p>
<p><strong>El Proyecto TOTS DANSEN tiene el objetivo de reforzar e incrementar el compromiso de la danza con la educación, las escuelas y la comunidad e impulsar proyectos educativos y acciones de proximidad que permitan la transmisión de los valores que puede aportar de manera intrínseca la danza como arte.</strong></p>
<p>Actualmente, el proyecto <i>Tots Dansen</i> busca su consolidación y crecimiento. El hecho de que el proyecto haya pasado a formar parte del <a href="http://cultura.gencat.cat/ca/detall/Noticies/Pla-dImpuls-a-la-Dansa"><span style="color: #0000ff;">Pla d&#8217;Impuls a la Dansa promogut pel Departament de Cultura de la Generalitat de Catalunya</span></a> tiene que servir para incrementar y estabilizar esta iniciativa pedagógica de alcance territorial que acerca el lenguaje del movimiento y la danza contemporánea al público joven. Dirigido a centros de eseñanza secundaria, esta propuesta favorece la participación del ciudadano y el conocimiento de la danza en Cataluña.</p>
<h2>ANTECEDENTES</h2>
<p>Proyecto TOT DANSA en la ciudad de Barcelona. Una iniciativa del Mercat de les Flors, el Institut d’Educació de Barcelona (IMEB) y el Institut del Teatre. El Mercat de les Flors y el Consorci Transversal fueron los impulsores de la creación de un nuevo proyecto con una estructura y funcionamiento similares, pero en todo el territorio catalán, el TOTS DANSEN.</p>
<p>La versión catalana del proyecto barcelonés tiene características organizativas distintas, pero adopta el proyecto coreográfico que ya se ha visto en la capital catalana.</p>
<h2>EVOLUCIÓN DEL PROYECTO</h2>
<p>Así ha funcionado el proyecto en sus distintas ediciones:</p>
<p><strong>Curs 2012/2013</strong></p>
<p>Proyecto coreográfico: Sebastián Garcia Ferro / 3 teatros / 8 institutos / 562 alumnos</p>
<p><strong>Curs 2013/14</strong></p>
<p>Proyecto coreográfico: Lipi Hernández / 3 teatros / 8 institutos / 635 alumnos</p>
<p><strong>Curs 2014/15</strong></p>
<p>Proyecto coreográfico: Toni Mira / 5 teatros / 11 institutos / 884 alumnos</p>
<p><strong>Curso 2015/16</strong></p>
<p>Proyecto coreográfico: Álvaro de la Peña / 6 teatros / 25 institutos / 1479 alumnos</p>
<p><strong>Curso 2016/17</strong></p>
<p>Proyecto coreográfico: Ramón Baeza / 7 teatros / 30 institutos / 1822 alumnos</p>
<p><span style="color: #0000ff;"><a style="color: #0000ff;" href="http://www.txac.cat/txac/20162017-el-projecte-de-ramon-baeza/">Más información</a></span></p>
<p><strong>Curso 2017/18</strong></p>
<p>Proyecto coreográfico: Inés Boza, Constanza Brncic y Toni Mira / 8 teatros / 32 institutos / 2046 alumnos</p>
<p><span style="color: #0000ff;"><a style="color: #0000ff;" href="http://www.txac.cat/txac/20172018-ines-boza-constanza-brncic-i-toni-mira/">Más información</a></span></p>
<p><strong>Curso 2018/19</strong></p>
<p>Proyecto coreográfico: Joao Lima, Constanza Brncic e Inés Boza / 9 teatros / 42 institutos / 2481 alumnos</p>
<p>&nbsp;</p>
<p><strong>En el curso 2016/17, el proyecto entra a formar parte del Pla d&#8217;Impuls a la Dansa, la cual cosa supone más despliegue territorial, que se materializa el mismo curso 2016/17 en:</strong></p>
<ul>
<li>&#8211; Incorporación de Tortosa (el proyecto llega a las Terres de l&#8217;Ebre).</li>
<li>&#8211; Ampliacióna dos poblaciones más (comarca del Vallès Oriental).</li>
<li>&#8211; 18 poblaciones catalanas implicadas al proyecto</li>
<li>&#8211; 4 nuevos institutos</li>
<li>&#8211; 250 nuevos alumnos participantes</li>
</ul>
<p><strong>En el curso2018/19</strong>, se suma al proyecto la ciudad de Reus con todos los institutos de la ciudad (7) y dos funciones.</p>
<p><span style="color: #0000ff;"><a style="color: #0000ff;" href="http://www.txac.cat/txac/projecte/tots-dansen/">Más información del proyecto en la web de Transversal: xarxa d&#8217;activitats culturals</a></span></p>
