{"id":43580,"date":"2019-08-07T12:11:28","date_gmt":"2019-08-07T11:11:28","guid":{"rendered":"https:\/\/old.mercatflors.cat\/?page_id=43580"},"modified":"2019-08-07T12:11:28","modified_gmt":"2019-08-07T11:11:28","slug":"maleta-didactica-version-online","status":"publish","type":"page","link":"https:\/\/old.mercatflors.cat\/es\/maleta-didactica-version-online\/","title":{"rendered":"Maleta Did\u00e1ctica versi\u00f3n online"},"content":{"rendered":"<p>&nbsp;<\/p>\n<p>Para materializar nuestra l\u00ednea de programa educativo, creamos el recurso de la <strong>Maleta Did\u00e1ctica &#8211; Dan Dan Dansa<\/strong>, que se estructura en bloques de trabajo y desde los par\u00e1metros universales y c\u00f3digos del lenguaje de la danza y el movimiento: sobre el Cuerpo, sobre el Espacio, y sobre la Composici\u00f3n. Se trabaja a partir de la propuesta de actividades, desde lugares amables para el maestro. Durante los \u00faltimos a\u00f1os ha viajado por escuelas de toda Catalu\u00f1a. <strong>Es una caja de herramientas para vivir la danza en la escuela desde un \u00e1mbito no profesionalizador.<\/strong> En cierto sentido, para las materias que aborda y la metodolog\u00eda que proponemos con ella, nos identifica como resume nuestras l\u00edneas de trabajo, as\u00ed como los valores educativos de la danza que queremos transmitir desde el Mercat de les Flors.<\/p>\n<p><strong>CaixaEscena nos ha propuesto poder aportar el contenido y la metodolog\u00eda de la Maleta Did\u00e1ctica &#8211; Dan Dan Dansa a su plataforma on-line<\/strong>. Una y otra entidad compartimos unas mismas voluntades en la creaci\u00f3n de modelos y recursos para el acompa\u00f1amiento a maestros y profesores en torno al conocimiento y la pr\u00e1ctica de las artes esc\u00e9nicas en la escuela. Con esta premisa nos hemos aliado y hemos trabajando intensamente en el proyecto de transformaci\u00f3n digital de la Maleta Did\u00e1ctica original del Mercat de les Flors para la plataforma online CaixaEscena.<\/p>\n<p>A partir de las herramientas digitalizadas que encontramos en la Maleta Did\u00e1ctica &#8211; Dan Dan Dansa, queremos dar acceso e invitar a cualquier docente y alumno a introducir en su contexto la danza en el aula con materiales y herramientas de diverso formato: desde programas interactivos, v\u00eddeos, tutoriales, materiales visuales y pl\u00e1stico, gu\u00edas pedag\u00f3gicas por el docente con referencias espec\u00edficas al curr\u00edculo competencial.<\/p>\n<p><a href=\"http:\/\/players.brightcove.net\/1409180665001\/BJ4ozWuil_default\/index.html?videoId=5429953237001\"><img decoding=\"async\" loading=\"lazy\" class=\"aligncenter wp-image-43574 size-large\" src=\"https:\/\/old.mercatflors.cat\/wp-content\/uploads\/2019\/08\/Captura-de-Pantalla-2019-08-07-a-les-12.34.47-790x441.png\" alt=\"\" width=\"790\" height=\"441\" srcset=\"https:\/\/old.mercatflors.cat\/wp-content\/uploads\/2019\/08\/Captura-de-Pantalla-2019-08-07-a-les-12.34.47-790x441.png 790w, https:\/\/old.mercatflors.cat\/wp-content\/uploads\/2019\/08\/Captura-de-Pantalla-2019-08-07-a-les-12.34.47-350x195.png 350w, https:\/\/old.mercatflors.cat\/wp-content\/uploads\/2019\/08\/Captura-de-Pantalla-2019-08-07-a-les-12.34.47-768x428.png 768w\" sizes=\"(max-width: 790px) 100vw, 790px\" \/><\/a><\/p>\n<p><strong><span style=\"color: #0000ff;\"><a style=\"color: #0000ff;\" href=\"http:\/\/www.caixaescena.org\/\">Reg\u00edstrate en CaixaEscena y accede a todas las actividades<\/a><\/span><\/strong><\/p>\n<p>&nbsp;<\/p>\n<p>&nbsp;<\/p>\n","protected":false},"excerpt":{"rendered":"<p>&nbsp; Para materializar nuestra l\u00ednea de programa educativo, creamos el [&hellip;]<\/p>\n","protected":false},"author":1,"featured_media":43572,"parent":0,"menu_order":0,"comment_status":"closed","ping_status":"closed","template":"","meta":[],"_links":{"self":[{"href":"https:\/\/old.mercatflors.cat\/es\/wp-json\/wp\/v2\/pages\/43580\/"}],"collection":[{"href":"https:\/\/old.mercatflors.cat\/es\/wp-json\/wp\/v2\/pages\/"}],"about":[{"href":"https:\/\/old.mercatflors.cat\/es\/wp-json\/wp\/v2\/types\/page\/"}],"author":[{"embeddable":true,"href":"https:\/\/old.mercatflors.cat\/es\/wp-json\/wp\/v2\/users\/1\/"}],"replies":[{"embeddable":true,"href":"https:\/\/old.mercatflors.cat\/es\/wp-json\/wp\/v2\/comments\/?post=43580"}],"version-history":[{"count":0,"href":"https:\/\/old.mercatflors.cat\/es\/wp-json\/wp\/v2\/pages\/43580\/revisions\/"}],"wp:featuredmedia":[{"embeddable":true,"href":"https:\/\/old.mercatflors.cat\/es\/wp-json\/wp\/v2\/media\/43572\/"}],"wp:attachment":[{"href":"https:\/\/old.mercatflors.cat\/es\/wp-json\/wp\/v2\/media\/?parent=43580"}],"curies":[{"name":"wp","href":"https:\/\/api.w.org\/{rel}","templated":true}]}}

Maleta Didáctica versión online

<p>&nbsp;</p>
<p>Para materializar nuestra línea de programa educativo, creamos el recurso de la <strong>Maleta Didáctica &#8211; Dan Dan Dansa</strong>, que se estructura en bloques de trabajo y desde los parámetros universales y códigos del lenguaje de la danza y el movimiento: sobre el Cuerpo, sobre el Espacio, y sobre la Composición. Se trabaja a partir de la propuesta de actividades, desde lugares amables para el maestro. Durante los últimos años ha viajado por escuelas de toda Cataluña. <strong>Es una caja de herramientas para vivir la danza en la escuela desde un ámbito no profesionalizador.</strong> En cierto sentido, para las materias que aborda y la metodología que proponemos con ella, nos identifica como resume nuestras líneas de trabajo, así como los valores educativos de la danza que queremos transmitir desde el Mercat de les Flors.</p>
<p><strong>CaixaEscena nos ha propuesto poder aportar el contenido y la metodología de la Maleta Didáctica &#8211; Dan Dan Dansa a su plataforma on-line</strong>. Una y otra entidad compartimos unas mismas voluntades en la creación de modelos y recursos para el acompañamiento a maestros y profesores en torno al conocimiento y la práctica de las artes escénicas en la escuela. Con esta premisa nos hemos aliado y hemos trabajando intensamente en el proyecto de transformación digital de la Maleta Didáctica original del Mercat de les Flors para la plataforma online CaixaEscena.</p>
<p>A partir de las herramientas digitalizadas que encontramos en la Maleta Didáctica &#8211; Dan Dan Dansa, queremos dar acceso e invitar a cualquier docente y alumno a introducir en su contexto la danza en el aula con materiales y herramientas de diverso formato: desde programas interactivos, vídeos, tutoriales, materiales visuales y plástico, guías pedagógicas por el docente con referencias específicas al currículo competencial.</p>
<p><a href="http://players.brightcove.net/1409180665001/BJ4ozWuil_default/index.html?videoId=5429953237001"><img decoding="async" loading="lazy" class="aligncenter wp-image-43574 size-large" src="https://old.mercatflors.cat/wp-content/uploads/2019/08/Captura-de-Pantalla-2019-08-07-a-les-12.34.47-790x441.png" alt="" width="790" height="441" srcset="https://old.mercatflors.cat/wp-content/uploads/2019/08/Captura-de-Pantalla-2019-08-07-a-les-12.34.47-790x441.png 790w, https://old.mercatflors.cat/wp-content/uploads/2019/08/Captura-de-Pantalla-2019-08-07-a-les-12.34.47-350x195.png 350w, https://old.mercatflors.cat/wp-content/uploads/2019/08/Captura-de-Pantalla-2019-08-07-a-les-12.34.47-768x428.png 768w" sizes="(max-width: 790px) 100vw, 790px" /></a></p>
<p><strong><span style="color: #0000ff;"><a style="color: #0000ff;" href="http://www.caixaescena.org/">Regístrate en CaixaEscena y accede a todas las actividades</a></span></strong></p>
<p>&nbsp;</p>
<p>&nbsp;</p>

<p>&nbsp; Para materializar nuestra línea de programa educativo, creamos el [&hellip;]</p>
