{"id":43617,"date":"2019-08-26T10:46:52","date_gmt":"2019-08-26T09:46:52","guid":{"rendered":"https:\/\/old.mercatflors.cat\/?page_id=43617"},"modified":"2021-09-23T10:41:16","modified_gmt":"2021-09-23T09:41:16","slug":"procesos-de-investigacion","status":"publish","type":"page","link":"https:\/\/old.mercatflors.cat\/es\/procesos-de-investigacion\/","title":{"rendered":"Procesos de investigaci\u00f3n"},"content":{"rendered":"<h2><strong>JUAN CARLOS L\u00c9RIDA<\/strong><\/h2>\n<p><img decoding=\"async\" loading=\"lazy\" class=\"alignnone size-medium wp-image-43396\" src=\"https:\/\/old.mercatflors.cat\/wp-content\/uploads\/2019\/07\/Juan-Carlos-L\u00e9rida-350x200-350x200.jpg\" alt=\"\" width=\"350\" height=\"200\" srcset=\"https:\/\/old.mercatflors.cat\/wp-content\/uploads\/2019\/07\/Juan-Carlos-L\u00e9rida-350x200.jpg 350w, https:\/\/old.mercatflors.cat\/wp-content\/uploads\/2019\/07\/Juan-Carlos-L\u00e9rida-350x200-223x127.jpg 223w\" sizes=\"(max-width: 350px) 100vw, 350px\" \/><\/p>\n<p>Bailar\u00edn, core\u00f3grafo y pedagogo del flamenco, es desde el a\u00f1o 2002 profesor de Flamenco, Danza Contempor\u00e1nea y Composici\u00f3n del Institut del Teatre, instituci\u00f3n que le otorg\u00f3 el Premio extraordinario 2007. Ha dirigido junto a creadores como Joaqu\u00edn Cort\u00e9s o Bel\u00e9n Maya &#8211; y tambi\u00e9n en solitario- diversos espect\u00e1culos. Ha sido comisario del ciclo Flamenc Emp\u00edric del Mercat de les Flors y es reconocido como uno de los representantes actuales del flamenco de vanguardia.<\/p>\n<p>El Mercat de les Flors ha acompa\u00f1ado a Juan Carlos L\u00e9rida en la creaci\u00f3n de\u00a0<em>La liturgia de las horas<\/em>, una acontecimiento art\u00edstico de doce horas que cerr\u00f3 la temporada regular 20\/21 del Mercat de les Flors.<\/p>\n<p>Durante la temporada 2019\/20 DANZA Y TERRITORIO mostr\u00f3 el trabajo\u00a0<em>Doce,<\/em> una primera parte de <em>La liturgia de las horas<\/em>, donde L\u00e9rida sigue las bases de lo que llama <em>Flamenco Emp\u00edrico <\/em>y donde contin\u00faa profundizando en los fundamentos y las po\u00e9ticas de la metodolog\u00eda que ha desarrollado por medio de la repetici\u00f3n y la deconstrucci\u00f3n de las bases t\u00e9cnicas y expresividad del flamenco.<\/p>\n<p><em>La Liturgia de las horas <\/em>\u00e9s una investigaci\u00f3n amplia, un proceso de m\u00e1s de tres a\u00f1os de desarrollo, donde se conceptualiza el recorrido de Jesucristo desde la Santa Cena hasta la Resurrecci\u00f3n a partir de la simbolog\u00eda del n\u00famero 12. Esta investigaci\u00f3n se inici\u00f3 el 2018 con la elaboraci\u00f3n de una cena en el teatro de Tanzhaus, en D\u00fcsseldorf i acab\u00f3 el 6 de junio de 2021 con la acci\u00f3n de 12 horas de duraci\u00f3n que se desarroll\u00f3 en la sala MAC del Mercat de les Flors y en diferentes espacios del barrio del Poble Sec.<\/p>\n<p>El proyecto, adem\u00e1s del soporte del Mercat, cuenta con la complicidad de otras estructuras donde se van presentando diferentes partes de la pieza, haciendo aproximaciones a diferentes formatos, como por ejemplo, la representaci\u00f3n de\u00a0<em>M\u00e1quinas sagradas <\/em>en la Fira Mediterr\u00e0nia de Manresa el 2018 o en el Sism\u00f2graf 2020, entre otros.<\/p>\n<p><span style=\"color: #0000ff;\"><a style=\"color: #0000ff;\" href=\"http:\/\/granerbcn.cat\/residencia\/juan-carlos-lerida\/\">Juan Carlos L\u00e9rida fue artista residente en Graner durante 2019<\/a><\/span><\/p>\n<p><u>\u00daltimos trabajos<\/u><\/p>\n<ul>\n<li><em>Al baile<\/em><\/li>\n<li><em>Bailografia<\/em><\/li>\n<li><em>Al cante<\/em><\/li>\n<\/ul>\n<p><span style=\"color: #0000ff;\"><a style=\"color: #0000ff;\" href=\"http:\/\/www.juancarloslerida.com\">www.juancarloslerida.com<\/a><\/span><\/p>\n<p><strong>Contacto<\/strong> Danilo Pioli <span style=\"color: #0000ff;\"><a style=\"color: #0000ff;\" href=\"mailto:info@juancarloslerida.com\">info@juancarloslerida.com<\/a><\/span><\/p>\n<p><iframe loading=\"lazy\" width=\"500\" height=\"281\" src=\"https:\/\/www.youtube.com\/embed\/YBeXZ17z8w8?list=PL0bmsEHIbLnh4IVuV78kFo-J4X4Ezqk3d\" frameborder=\"0\" allow=\"accelerometer; autoplay; clipboard-write; encrypted-media; gyroscope; picture-in-picture\" allowfullscreen><\/iframe><\/p>\n<p><iframe loading=\"lazy\" src=\"https:\/\/player.vimeo.com\/video\/362250403?h=54cb880ac2&amp;dnt=1&amp;app_id=122963\" width=\"500\" height=\"281\" frameborder=\"0\" allow=\"autoplay; fullscreen; picture-in-picture\" allowfullscreen title=\"Juan Carlos L&amp;eacute;rida &amp;middot; Resid&amp;egrave;ncies 2019\"><\/iframe><\/p>\n<p><iframe loading=\"lazy\" width=\"500\" height=\"281\" src=\"https:\/\/www.youtube.com\/embed\/nuj5OPAVmFU?feature=oembed\" frameborder=\"0\" allow=\"accelerometer; autoplay; clipboard-write; encrypted-media; gyroscope; picture-in-picture\" allowfullscreen><\/iframe><\/p>\n<hr \/>\n<h2>QUIM BIGAS<\/h2>\n<p><img decoding=\"async\" loading=\"lazy\" class=\"alignnone size-medium wp-image-43399\" style=\"font-size: 16px;\" src=\"https:\/\/old.mercatflors.cat\/wp-content\/uploads\/2019\/07\/Quim-Bigas-350x200-350x200.jpg\" alt=\"\" width=\"350\" height=\"200\" srcset=\"https:\/\/old.mercatflors.cat\/wp-content\/uploads\/2019\/07\/Quim-Bigas-350x200.jpg 350w, https:\/\/old.mercatflors.cat\/wp-content\/uploads\/2019\/07\/Quim-Bigas-350x200-223x127.jpg 223w\" sizes=\"(max-width: 350px) 100vw, 350px\" \/><\/p>\n<p>Interesado en los procesos informativos que se generan dentro de los procesos creativos, sus piezas tienen elementos de investigaci\u00f3n y de provocaci\u00f3n, trabaja en los campos de la coreograf\u00eda, la dramaturgia y la sociedad de la informaci\u00f3n. Graduado como Major in Dance and Post-Graduate Artists in Residency en SEAD (Salzburgo) y alumno invitado en la escuela de Nuevos desarrollos de la Danza &#8211; SNDO (Amsterdam). Actualmente est\u00e1 estudiando el M\u00e1ster en Nuevas Pr\u00e1cticas Performativas en Estocolmo. Residente entre Copenhague, Estocolmo y Barcelona, colabora con artistas como Aitana Cordero, Carme Torrent y El Conde de Torrefiel.<\/p>\n<p>El Mercat de les Flors acompa\u00f1a a\u00a0<strong>Quim Bigas<\/strong> en un nuevo proyecto:\u00a0<em>Despla\u00e7ament Variable<\/em>.<\/p>\n<p><em>Despla\u00e7ament Variable<\/em>\u00a0es un proyecto propulsado por\u00a0<strong>Quim Bigas<\/strong>\u00a0alrededor del archivo del Mercat de les Flors. Su investigaci\u00f3n tiene que ver con el an\u00e1lisis de la relaci\u00f3n del cuerpo con el espacio, por lo que ha tomado el archivo del Mercat, que contiene v\u00eddeos de todos los artistas que pasaron por este teatro o enviaron material audiovisual para presentarse, desde los a\u00f1os ochenta hasta hoy, y los ha clasificado y discernido para quedarse con un conjunto de obras que volver\u00e1n a tomar vida en escena.\u00a0<em>Despla\u00e7ament Variable <\/em>es un proyecto art\u00edstico y documental en torno de los trabajos en solitario incluidos en el archivo del Mercat de les Flors y sus respectivas descripciones. El proyecto ha sido liderado por <strong>Quim Bigas Bassart<\/strong>, con la colaboraci\u00f3n de <strong>Raquel Tom\u00e0s<\/strong>, la producci\u00f3n de\u00a0<strong>Anna Bohigas<\/strong>, la propuesta gr\u00e1fica de <strong>Roger Adam<\/strong> y la ayudant\u00eda de <strong>J\u00falia Rubies<\/strong>.<\/p>\n<div class=\"text resizable object\">\n<p><strong>Investigaci\u00f3n:<\/strong> Septiembre &#8211; diciembre 2018<\/p>\n<p><strong>Presentaci\u00f3n de la investigaci\u00f3n:<\/strong> 20 diciembre 2018, Mercat de les Flors. <span style=\"color: #0000ff;\"><a style=\"color: #0000ff;\" href=\"https:\/\/dv.hotglue.me\">M\u00e1s informaci\u00f3n<\/a><\/span>.<\/p>\n<p><strong>Proceso de creaci\u00f3n:<\/strong> Abril &#8211; octubre 2019<\/p>\n<p><strong>Estrena:<\/strong> Octubre 2019, Mercat de les Flors<\/p>\n<p><u>\u00daltimos trabajos<\/u><\/p>\n<ul>\n<li><em>Molar<\/em><\/li>\n<li><em>Appreisers<\/em><\/li>\n<li><em>Showing Godiva<\/em><\/li>\n<\/ul>\n<p><span style=\"color: #0000ff;\"><a style=\"color: #0000ff;\" href=\"http:\/\/www.quimbigas.com\">www.quimbigas.com<\/a><\/span><\/p>\n<p><strong>Contacto<\/strong> <span style=\"color: #0000ff;\"><a style=\"color: #0000ff;\" href=\"mailto:info@quimbigas.com\">info@quimbigas.com<\/a><\/span><\/p>\n<p><iframe loading=\"lazy\" width=\"500\" height=\"281\" src=\"https:\/\/www.youtube.com\/embed\/FezaF-ce-sE?feature=oembed\" frameborder=\"0\" allow=\"accelerometer; autoplay; clipboard-write; encrypted-media; gyroscope; picture-in-picture\" allowfullscreen><\/iframe><\/p>\n<p><iframe loading=\"lazy\" width=\"500\" height=\"281\" src=\"https:\/\/www.youtube.com\/embed\/TADzxR1_Y8U?feature=oembed\" frameborder=\"0\" allow=\"accelerometer; autoplay; clipboard-write; encrypted-media; gyroscope; picture-in-picture\" allowfullscreen><\/iframe><\/p>\n<hr \/>\n<h2>SONIA G\u00d3MEZ<\/h2>\n<p class=\"p1\"><span class=\"s1\">Sonia G\u00f3mez (La S\u00e9nia, Tarragona): bailarina, int\u00e9rprete y core\u00f3grafa. Estudi\u00f3 Danza y Coreograf\u00eda Contempor\u00e1nea en el Institut del Teatre de Barcelona y en P.A.R.T.S Bruselas. Desde 2004 crea sus propios espect\u00e1culos. Le han otorgado diferentes premios: Premi FAD 2007 Sebasti\u00e0 Gasch \/\/ Premi 2010 al Sal\u00f3n m\u00e1s Inovador de la gira por \u201cThe Experiences with a stranger\u201d. Feria Internacional \/ Huesca \/\/ Premi Delf\u00ed Colomer 2017 Menci\u00f3n Especial por \u201dA Vore\u201d \/\/ Premi 2018 Mejor Espect\u00e1culo de Danza Premis Butaca por \u201cA Vore\u201d.<\/span><\/p>\n<p class=\"p1\"><span class=\"s1\">Sus estrategias performativas: <em>podr\u00e9 ir a tal sitio, relacionarme, darme a conocer, hacerme entender, afianzar mi posici\u00f3n, dejarme llevar, saltar alg\u00fan obst\u00e1culo, forzar la situaci\u00f3n, superar mi propia marca, desconfiar, notar el rubor, volver a intentarlo, insistir, provar, rectificar la trayectoria, buscar el equilibrio, salir sin ser vista, volver, intentarlo de nuevo, cerrar los ojos, equivocarme, sucumbir, caer, derretirme o flotar y retirarme a tiempo.<\/em><\/span><\/p>\n<p>El \u00faltimo trabajo de Sonia G\u00f3mez es una coproducci\u00f3n del Mercat de les Flors &#8211; Graner Centre de Creaci\u00f3<\/p>\n<p><span style=\"color: #0000ff;\"><a style=\"color: #0000ff;\" href=\"http:\/\/granerbcn.cat\/residencia\/sonia-gomez\/\">M\u00c1S INFORMACI\u00d3N AQU\u00cd<\/a><\/span><\/p>\n<p><span style=\"color: #0000ff;\"><a style=\"color: #0000ff;\" href=\"http:\/\/soniagomez.com\/\">http:\/\/soniagomez.com\/<\/a><\/span><\/p>\n<p><strong>Contacto\u00a0<\/strong><a href=\"gomezvicente7@googlemail.com\">gomezvicente7@googlemail.com<\/a><\/p>\n<p><iframe loading=\"lazy\" src=\"https:\/\/player.vimeo.com\/video\/332424876?h=66999973be&amp;dnt=1&amp;app_id=122963\" width=\"500\" height=\"281\" frameborder=\"0\" allow=\"autoplay; fullscreen; picture-in-picture\" allowfullscreen title=\"Sonia G&amp;oacute;mez, artista associada al Graner 2019\"><\/iframe><\/p>\n<p>&nbsp;<\/p>\n<\/div>\n","protected":false},"excerpt":{"rendered":"<p>JUAN CARLOS L\u00c9RIDA Bailar\u00edn, core\u00f3grafo y pedagogo del flamenco, es [&hellip;]<\/p>\n","protected":false},"author":1,"featured_media":0,"parent":0,"menu_order":0,"comment_status":"closed","ping_status":"closed","template":"","meta":[],"_links":{"self":[{"href":"https:\/\/old.mercatflors.cat\/es\/wp-json\/wp\/v2\/pages\/43617\/"}],"collection":[{"href":"https:\/\/old.mercatflors.cat\/es\/wp-json\/wp\/v2\/pages\/"}],"about":[{"href":"https:\/\/old.mercatflors.cat\/es\/wp-json\/wp\/v2\/types\/page\/"}],"author":[{"embeddable":true,"href":"https:\/\/old.mercatflors.cat\/es\/wp-json\/wp\/v2\/users\/1\/"}],"replies":[{"embeddable":true,"href":"https:\/\/old.mercatflors.cat\/es\/wp-json\/wp\/v2\/comments\/?post=43617"}],"version-history":[{"count":0,"href":"https:\/\/old.mercatflors.cat\/es\/wp-json\/wp\/v2\/pages\/43617\/revisions\/"}],"wp:attachment":[{"href":"https:\/\/old.mercatflors.cat\/es\/wp-json\/wp\/v2\/media\/?parent=43617"}],"curies":[{"name":"wp","href":"https:\/\/api.w.org\/{rel}","templated":true}]}}

Procesos de investigación

<h2><strong>JUAN CARLOS LÉRIDA</strong></h2>
<p><img decoding="async" loading="lazy" class="alignnone size-medium wp-image-43396" src="https://old.mercatflors.cat/wp-content/uploads/2019/07/Juan-Carlos-Lérida-350x200-350x200.jpg" alt="" width="350" height="200" srcset="https://old.mercatflors.cat/wp-content/uploads/2019/07/Juan-Carlos-Lérida-350x200.jpg 350w, https://old.mercatflors.cat/wp-content/uploads/2019/07/Juan-Carlos-Lérida-350x200-223x127.jpg 223w" sizes="(max-width: 350px) 100vw, 350px" /></p>
<p>Bailarín, coreógrafo y pedagogo del flamenco, es desde el año 2002 profesor de Flamenco, Danza Contemporánea y Composición del Institut del Teatre, institución que le otorgó el Premio extraordinario 2007. Ha dirigido junto a creadores como Joaquín Cortés o Belén Maya &#8211; y también en solitario- diversos espectáculos. Ha sido comisario del ciclo Flamenc Empíric del Mercat de les Flors y es reconocido como uno de los representantes actuales del flamenco de vanguardia.</p>
<p>El Mercat de les Flors ha acompañado a Juan Carlos Lérida en la creación de <em>La liturgia de las horas</em>, una acontecimiento artístico de doce horas que cerró la temporada regular 20/21 del Mercat de les Flors.</p>
<p>Durante la temporada 2019/20 DANZA Y TERRITORIO mostró el trabajo <em>Doce,</em> una primera parte de <em>La liturgia de las horas</em>, donde Lérida sigue las bases de lo que llama <em>Flamenco Empírico </em>y donde continúa profundizando en los fundamentos y las poéticas de la metodología que ha desarrollado por medio de la repetición y la deconstrucción de las bases técnicas y expresividad del flamenco.</p>
<p><em>La Liturgia de las horas </em>és una investigación amplia, un proceso de más de tres años de desarrollo, donde se conceptualiza el recorrido de Jesucristo desde la Santa Cena hasta la Resurrección a partir de la simbología del número 12. Esta investigación se inició el 2018 con la elaboración de una cena en el teatro de Tanzhaus, en Düsseldorf i acabó el 6 de junio de 2021 con la acción de 12 horas de duración que se desarrolló en la sala MAC del Mercat de les Flors y en diferentes espacios del barrio del Poble Sec.</p>
<p>El proyecto, además del soporte del Mercat, cuenta con la complicidad de otras estructuras donde se van presentando diferentes partes de la pieza, haciendo aproximaciones a diferentes formatos, como por ejemplo, la representación de <em>Máquinas sagradas </em>en la Fira Mediterrània de Manresa el 2018 o en el Sismògraf 2020, entre otros.</p>
<p><span style="color: #0000ff;"><a style="color: #0000ff;" href="http://granerbcn.cat/residencia/juan-carlos-lerida/">Juan Carlos Lérida fue artista residente en Graner durante 2019</a></span></p>
<p><u>Últimos trabajos</u></p>
<ul>
<li><em>Al baile</em></li>
<li><em>Bailografia</em></li>
<li><em>Al cante</em></li>
</ul>
<p><span style="color: #0000ff;"><a style="color: #0000ff;" href="http://www.juancarloslerida.com">www.juancarloslerida.com</a></span></p>
<p><strong>Contacto</strong> Danilo Pioli <span style="color: #0000ff;"><a style="color: #0000ff;" href="mailto:info@juancarloslerida.com">info@juancarloslerida.com</a></span></p>
<p><iframe loading="lazy" width="500" height="281" src="https://www.youtube.com/embed/YBeXZ17z8w8?list=PL0bmsEHIbLnh4IVuV78kFo-J4X4Ezqk3d" frameborder="0" allow="accelerometer; autoplay; clipboard-write; encrypted-media; gyroscope; picture-in-picture" allowfullscreen></iframe></p>
<p><iframe loading="lazy" src="https://player.vimeo.com/video/362250403?h=54cb880ac2&amp;dnt=1&amp;app_id=122963" width="500" height="281" frameborder="0" allow="autoplay; fullscreen; picture-in-picture" allowfullscreen title="Juan Carlos L&amp;eacute;rida &amp;middot; Resid&amp;egrave;ncies 2019"></iframe></p>
<p><iframe loading="lazy" width="500" height="281" src="https://www.youtube.com/embed/nuj5OPAVmFU?feature=oembed" frameborder="0" allow="accelerometer; autoplay; clipboard-write; encrypted-media; gyroscope; picture-in-picture" allowfullscreen></iframe></p>
<hr />
<h2>QUIM BIGAS</h2>
<p><img decoding="async" loading="lazy" class="alignnone size-medium wp-image-43399" style="font-size: 16px;" src="https://old.mercatflors.cat/wp-content/uploads/2019/07/Quim-Bigas-350x200-350x200.jpg" alt="" width="350" height="200" srcset="https://old.mercatflors.cat/wp-content/uploads/2019/07/Quim-Bigas-350x200.jpg 350w, https://old.mercatflors.cat/wp-content/uploads/2019/07/Quim-Bigas-350x200-223x127.jpg 223w" sizes="(max-width: 350px) 100vw, 350px" /></p>
<p>Interesado en los procesos informativos que se generan dentro de los procesos creativos, sus piezas tienen elementos de investigación y de provocación, trabaja en los campos de la coreografía, la dramaturgia y la sociedad de la información. Graduado como Major in Dance and Post-Graduate Artists in Residency en SEAD (Salzburgo) y alumno invitado en la escuela de Nuevos desarrollos de la Danza &#8211; SNDO (Amsterdam). Actualmente está estudiando el Máster en Nuevas Prácticas Performativas en Estocolmo. Residente entre Copenhague, Estocolmo y Barcelona, colabora con artistas como Aitana Cordero, Carme Torrent y El Conde de Torrefiel.</p>
<p>El Mercat de les Flors acompaña a <strong>Quim Bigas</strong> en un nuevo proyecto: <em>Desplaçament Variable</em>.</p>
<p><em>Desplaçament Variable</em> es un proyecto propulsado por <strong>Quim Bigas</strong> alrededor del archivo del Mercat de les Flors. Su investigación tiene que ver con el análisis de la relación del cuerpo con el espacio, por lo que ha tomado el archivo del Mercat, que contiene vídeos de todos los artistas que pasaron por este teatro o enviaron material audiovisual para presentarse, desde los años ochenta hasta hoy, y los ha clasificado y discernido para quedarse con un conjunto de obras que volverán a tomar vida en escena. <em>Desplaçament Variable </em>es un proyecto artístico y documental en torno de los trabajos en solitario incluidos en el archivo del Mercat de les Flors y sus respectivas descripciones. El proyecto ha sido liderado por <strong>Quim Bigas Bassart</strong>, con la colaboración de <strong>Raquel Tomàs</strong>, la producción de <strong>Anna Bohigas</strong>, la propuesta gráfica de <strong>Roger Adam</strong> y la ayudantía de <strong>Júlia Rubies</strong>.</p>
<div class="text resizable object">
<p><strong>Investigación:</strong> Septiembre &#8211; diciembre 2018</p>
<p><strong>Presentación de la investigación:</strong> 20 diciembre 2018, Mercat de les Flors. <span style="color: #0000ff;"><a style="color: #0000ff;" href="https://dv.hotglue.me">Más información</a></span>.</p>
<p><strong>Proceso de creación:</strong> Abril &#8211; octubre 2019</p>
<p><strong>Estrena:</strong> Octubre 2019, Mercat de les Flors</p>
<p><u>Últimos trabajos</u></p>
<ul>
<li><em>Molar</em></li>
<li><em>Appreisers</em></li>
<li><em>Showing Godiva</em></li>
</ul>
<p><span style="color: #0000ff;"><a style="color: #0000ff;" href="http://www.quimbigas.com">www.quimbigas.com</a></span></p>
<p><strong>Contacto</strong> <span style="color: #0000ff;"><a style="color: #0000ff;" href="mailto:info@quimbigas.com">info@quimbigas.com</a></span></p>
<p><iframe loading="lazy" width="500" height="281" src="https://www.youtube.com/embed/FezaF-ce-sE?feature=oembed" frameborder="0" allow="accelerometer; autoplay; clipboard-write; encrypted-media; gyroscope; picture-in-picture" allowfullscreen></iframe></p>
<p><iframe loading="lazy" width="500" height="281" src="https://www.youtube.com/embed/TADzxR1_Y8U?feature=oembed" frameborder="0" allow="accelerometer; autoplay; clipboard-write; encrypted-media; gyroscope; picture-in-picture" allowfullscreen></iframe></p>
<hr />
<h2>SONIA GÓMEZ</h2>
<p class="p1"><span class="s1">Sonia Gómez (La Sénia, Tarragona): bailarina, intérprete y coreógrafa. Estudió Danza y Coreografía Contemporánea en el Institut del Teatre de Barcelona y en P.A.R.T.S Bruselas. Desde 2004 crea sus propios espectáculos. Le han otorgado diferentes premios: Premi FAD 2007 Sebastià Gasch // Premi 2010 al Salón más Inovador de la gira por “The Experiences with a stranger”. Feria Internacional / Huesca // Premi Delfí Colomer 2017 Mención Especial por ”A Vore” // Premi 2018 Mejor Espectáculo de Danza Premis Butaca por “A Vore”.</span></p>
<p class="p1"><span class="s1">Sus estrategias performativas: <em>podré ir a tal sitio, relacionarme, darme a conocer, hacerme entender, afianzar mi posición, dejarme llevar, saltar algún obstáculo, forzar la situación, superar mi propia marca, desconfiar, notar el rubor, volver a intentarlo, insistir, provar, rectificar la trayectoria, buscar el equilibrio, salir sin ser vista, volver, intentarlo de nuevo, cerrar los ojos, equivocarme, sucumbir, caer, derretirme o flotar y retirarme a tiempo.</em></span></p>
<p>El último trabajo de Sonia Gómez es una coproducción del Mercat de les Flors &#8211; Graner Centre de Creació</p>
<p><span style="color: #0000ff;"><a style="color: #0000ff;" href="http://granerbcn.cat/residencia/sonia-gomez/">MÁS INFORMACIÓN AQUÍ</a></span></p>
<p><span style="color: #0000ff;"><a style="color: #0000ff;" href="http://soniagomez.com/">http://soniagomez.com/</a></span></p>
<p><strong>Contacto </strong><a href="gomezvicente7@googlemail.com">gomezvicente7@googlemail.com</a></p>
<p><iframe loading="lazy" src="https://player.vimeo.com/video/332424876?h=66999973be&amp;dnt=1&amp;app_id=122963" width="500" height="281" frameborder="0" allow="autoplay; fullscreen; picture-in-picture" allowfullscreen title="Sonia G&amp;oacute;mez, artista associada al Graner 2019"></iframe></p>
<p>&nbsp;</p>
</div>

<p>JUAN CARLOS LÉRIDA Bailarín, coreógrafo y pedagogo del flamenco, es [&hellip;]</p>
