{"id":45143,"date":"2019-12-10T13:21:51","date_gmt":"2019-12-10T12:21:51","guid":{"rendered":"https:\/\/old.mercatflors.cat\/?page_id=45143"},"modified":"2022-12-23T08:48:15","modified_gmt":"2022-12-23T07:48:15","slug":"convocatorias-de-ayudas-a-la-creacion","status":"publish","type":"page","link":"https:\/\/old.mercatflors.cat\/es\/el-mercat\/convocatorias-de-ayudas-a-la-creacion\/","title":{"rendered":"Convocatorias de ayudas y becas"},"content":{"rendered":"<p>&nbsp;<\/p>\n<ul>\n<li><a href=\"https:\/\/old.mercatflors.cat\/es\/convocatoria-de-ayudas-a-la-creacion-2023-de-el-graner-fabrica-de-creacio\/\"><strong>CONVOCATORIA DE AYUDAS A LA CREACI\u00d3N GRANER 2023<\/strong><\/a><\/li>\n<\/ul>\n<p><span style=\"color: #0000ff;\"><a style=\"color: #0000ff;\" href=\"https:\/\/old.mercatflors.cat\/informacio-basica-sobre-la-proteccio-de-dades\/\" target=\"_top\">Informaci\u00f3n b\u00e1sica sobre la protecci\u00f3n de datos<\/a><\/span><\/p>\n<p><a href=\"https:\/\/old.mercatflors.cat\/wp-content\/uploads\/2019\/12\/BASES-REGULADORES-PER-A-LA-CONCESSI\u00d3-DE-PREMIS-CMF.pdf\"><span style=\"color: #0000ff;\">Bases generales concesi\u00f3n ayudas y becas<\/span><\/a><\/p>\n","protected":false},"excerpt":{"rendered":"<p>&nbsp; CONVOCATORIA DE AYUDAS A LA CREACI\u00d3N GRANER 2023 Informaci\u00f3n [&hellip;]<\/p>\n","protected":false},"author":1,"featured_media":0,"parent":711,"menu_order":0,"comment_status":"closed","ping_status":"closed","template":"template-blocs-grocs.php","meta":[],"_links":{"self":[{"href":"https:\/\/old.mercatflors.cat\/es\/wp-json\/wp\/v2\/pages\/45143\/"}],"collection":[{"href":"https:\/\/old.mercatflors.cat\/es\/wp-json\/wp\/v2\/pages\/"}],"about":[{"href":"https:\/\/old.mercatflors.cat\/es\/wp-json\/wp\/v2\/types\/page\/"}],"author":[{"embeddable":true,"href":"https:\/\/old.mercatflors.cat\/es\/wp-json\/wp\/v2\/users\/1\/"}],"replies":[{"embeddable":true,"href":"https:\/\/old.mercatflors.cat\/es\/wp-json\/wp\/v2\/comments\/?post=45143"}],"version-history":[{"count":0,"href":"https:\/\/old.mercatflors.cat\/es\/wp-json\/wp\/v2\/pages\/45143\/revisions\/"}],"up":[{"embeddable":true,"href":"https:\/\/old.mercatflors.cat\/es\/wp-json\/wp\/v2\/pages\/711\/"}],"wp:attachment":[{"href":"https:\/\/old.mercatflors.cat\/es\/wp-json\/wp\/v2\/media\/?parent=45143"}],"curies":[{"name":"wp","href":"https:\/\/api.w.org\/{rel}","templated":true}]}}

<p>&nbsp;</p>
<ul>
<li><a href="https://old.mercatflors.cat/es/convocatoria-de-ayudas-a-la-creacion-2023-de-el-graner-fabrica-de-creacio/"><strong>CONVOCATORIA DE AYUDAS A LA CREACIÓN GRANER 2023</strong></a></li>
</ul>
<p><span style="color: #0000ff;"><a style="color: #0000ff;" href="https://old.mercatflors.cat/informacio-basica-sobre-la-proteccio-de-dades/" target="_top">Información básica sobre la protección de datos</a></span></p>
<p><a href="https://old.mercatflors.cat/wp-content/uploads/2019/12/BASES-REGULADORES-PER-A-LA-CONCESSIÓ-DE-PREMIS-CMF.pdf"><span style="color: #0000ff;">Bases generales concesión ayudas y becas</span></a></p>

<p>&nbsp; CONVOCATORIA DE AYUDAS A LA CREACIÓN GRANER 2023 Información [&hellip;]</p>
