{"id":47876,"date":"2020-09-16T12:56:01","date_gmt":"2020-09-16T11:56:01","guid":{"rendered":"https:\/\/old.mercatflors.cat\/?page_id=47876"},"modified":"2021-02-16T18:14:33","modified_gmt":"2021-02-16T17:14:33","slug":"programacion-expandida-20-21","status":"publish","type":"page","link":"https:\/\/old.mercatflors.cat\/es\/programacion-expandida-20-21\/","title":{"rendered":"Programaci\u00f3n expandida (octubre 2020 &#8211; mayo 2021)"},"content":{"rendered":"<p>Un abanico de actividades que expanden y hacen resonar la exhibici\u00f3n y las diferentes constelaciones; un abanico de citas en diferentes formatos y distancias a lo largo de toda la temporada. Actividades entre la investigaci\u00f3n, la pedagog\u00eda, la creaci\u00f3n y la escena: presentaciones, conferencias, creaciones videogr\u00e1ficas y pel\u00edculas, ensayos abiertos y lecturas comentadas. Organizadas con la complicidad de los creadores residentes, artistas asociados y profesorado experto.<\/p>\n<p><strong>AFOROS LIMITADOS. ES NECESARIA INSCRIPCI\u00d3N PREVIA<\/strong>\u00a0<a href=\"https:\/\/es.patronbase.com\/_MercatFlors\/Productions?_ga=2.122729227.1059086489.1600415841-1069018948.1600415841\"><span style=\"color: #0000ff;\">aqu\u00ed<\/span><\/a><\/p>\n<h2><strong>OCTUBRE 2020<\/strong><\/h2>\n<p>1 y 2 octubre (19h) \u2013 Proyecci\u00f3n del film <em>Alignement is Everywhere<\/em> de DAVID YOUNG (2019). Sobre Deborah Hay. 20&#8242; -VOSC. Constelaci\u00f3n Deborah Hay. Sala SG<\/p>\n<p>1 &#8211; 3 octubre\u00a0\u2013 Instalaci\u00f3n <em>Escrivint com a core\u00f2grafa<\/em> de LAURENT PICHAUD. Foyer. Durante toda la Constelaci\u00f3n Deborah Hay<\/p>\n<p>3 octubre (18h) \u2013 Conferencia performativa <em>Traduint com a ballar\u00ed(na) <\/em>de LAURENT PICHAUD, con LAURENT PICHAUD y CARME TORRENT. Constelaci\u00f3n Deborah Hay, Foyer. Gratuito con la entrada al espect\u00e1culo (Figure A Sea)<\/p>\n<p>9 octubre (17:30h)\u00a0\u2013 Ensayo Abierto nueva creaci\u00f3n de GN|MC Guy Nader | Maria Campos. Sala PB<em>\u00a0<\/em><\/p>\n<p>16 octubre (18h)\u00a0\u2013 <a href=\"https:\/\/old.mercatflors.cat\/es\/activitat\/proyeccion-del-documental-maguy-marin-lurgence-dagir\/\">Proyecci\u00f3n del documental <em>Maguy Marin: L&#8217;Urgence d&#8217;agir <\/em>de DAVID MAMBOUCH (2018)<\/a>. Constelaci\u00f3n Lia Rodrigues. Sala SG<\/p>\n<p>&nbsp;<\/p>\n<h2><strong>NOVIEMBRE 2020<\/strong><\/h2>\n<p>17 noviembre (de 17h a 21h) y 18 novembre (de 16h a 21h)\u00a0\u2013<a href=\"https:\/\/old.mercatflors.cat\/es\/activitat\/proyeccion-con-el-viento\/\"> Sesiones de pr\u00e1ctica art\u00edstica con Sociedad Doctor Alonso. <em>Excavacions \u2013 El Desenterrador<\/em><\/a><\/p>\n<p>28 de noviembre (de 10h a 13h)\u00a0\u2013 <a href=\"https:\/\/old.mercatflors.cat\/es\/activitat\/48139\/\">S\u00e1bado con taller, con DIEGO SINNIGER<\/a>. Edades: 7-10 a\u00f1os<\/p>\n<p>&nbsp;<\/p>\n<h2><strong>DICIEMBRE 2020<\/strong><\/h2>\n<p>2 de diciembre (19h)\u00a0\u2013 <a href=\"https:\/\/old.mercatflors.cat\/es\/activitat\/presentacion-del-libro-el-desenterrador\/\">Presentaci\u00f3n del libro<em> El Desenterrador <\/em><\/a>de Societat Doctor Alonso<\/p>\n<p>2 de diciembre (20h)\u00a0\u2013\u00a0<a href=\"https:\/\/old.mercatflors.cat\/es\/activitat\/sesiones-de-practica-artistica\/\"><em>Excavaci\u00f3 p\u00fablica<\/em>, resultado de las sesiones <em>Excavacions<\/em><\/a> con Societat Doctor Alonso<\/p>\n<p>18 desembre (19.30h) \u2013 Sessi\u00f3 a Filmoteca de Catalunya, cicle Per Amor a les Arts,<a href=\"https:\/\/old.mercatflors.cat\/activitat\/projeccio-con-el-viento\/\"> projecci\u00f3 pel\u00b7l\u00edcula <em>Con el viento <\/em>de MERITXELL COLELL, 2018, 108\u2019<\/a>, (presentaci\u00f3 a c\u00e0rrec de Meritxell Colell i \u00c0ngels Margarit)<\/p>\n<p>28, 29 y 30 de desembre\u00a0(de 10h a 13h) \u2013 <a href=\"https:\/\/old.mercatflors.cat\/es\/activitat\/vacaciones-con-taller-los-secretos-del-circo\/\">Taller de Navidad. ESCOLA DE CIRC ROGELIO RIVEL<\/a>. Edades: 6 \u2013 8 a\u00f1os y 9 \u2013 12 a\u00f1os<strong>\u00a0<\/strong><\/p>\n<p><strong>\u00a0<\/strong><\/p>\n<h2><strong>ENERO 2021<\/strong><\/h2>\n<p>15 enero (17:30h)\u00a0\u2013 Ensayo abierto con el creador Andr\u00e9s Corchero durante la residencia en el Mercado por su espect\u00e1culo <em>Teresa<\/em>.\u00a0Sala OM<\/p>\n<p>22 de enero (despu\u00e9s de la funci\u00f3n de <em>2019. estO NO Es Mi CuerpO<\/em>)\u00a0\u2013\u00a0 Conversaci\u00f3n con Olga Mesa conducida por B\u00e0rbara Raubert.<\/p>\n<p>&nbsp;<\/p>\n<h2><strong>FEBRERO 2021<\/strong><\/h2>\n<p>2 febrero (16.30h)\u00a0\u2013 Sesi\u00f3n Filmoteca de Catalunya, ciclo Per Amor a les Arts, proyecci\u00f3n pel\u00edcula <em>Fuera de Escena,<\/em> de ALEJANDRA AGUIRRE, 2016. 65\u2019.<\/p>\n<p>6 febrero (19:30h) \u2013 Sesi\u00f3n de introducci\u00f3n al espect\u00e1culo Una Hora Antes de la funci\u00f3n de <em>R\u00e8quiem Nocturn<\/em> de PERE FAURA<\/p>\n<p>6 de febrero \u2013\u00a0 Conversaci\u00f3n despu\u00e9s de <em>Retrats errants<\/em> del col\u00b7lectiu LA BOLSA<\/p>\n<p>13 febrero \u2013 Conversaci\u00f3n despu\u00e9s de DATA de LIPI HERN\u00c1NDEZ<\/p>\n<p>27 de febrero (de 11 a 13h)\u00a0\u2013 <a href=\"https:\/\/old.mercatflors.cat\/es\/activitat\/48155\/\">S\u00e1bado con taller, con MACARENA RECUERDA SHEPERD<\/a> \u2013 Familiar, Edad: &gt; 7 a\u00f1os<\/p>\n<p>&nbsp;<\/p>\n<h2><strong>MARZO 2021<\/strong><\/h2>\n<p>6 de marzo (19h) \u2013 Sesi\u00f3n de introducci\u00f3n al espect\u00e1culo Una Hora Antes de la funci\u00f3n de <em>Teresa<\/em> de ANDR\u00c9S CORCHERO<\/p>\n<p>13 de marzo (de 10h a 13h) \u2013 <a href=\"https:\/\/old.mercatflors.cat\/es\/activitat\/sabado-con-taller-cuerpo-a-cuerpo\/\">S\u00e1bado con taller, con ANDR\u00c9S CORCHERO<\/a>. Edad: 9-12 a\u00f1os<\/p>\n<p>13 de marzo (19h) \u2013 Sesi\u00f3n de introducci\u00f3n al espect\u00e1culo Una Hora Antes de la funci\u00f3n de\u00a0<i>Animal de s\u00e9quia<\/i>, de SOL PIC\u00d3 CIA DE DANSA<\/p>\n<p>20 de marzo (18h) \u2013 Sesi\u00f3n de introducci\u00f3n al espect\u00e1culo Una Hora Antes de la funci\u00f3n del Programa Cunningham, del BALLET DE LORRAINE<\/p>\n<p>20 marzo (20:30h)\u00a0\u2013 Sesi\u00f3n de introducci\u00f3n al espect\u00e1culo Una Hora Antes de la funci\u00f3n de <em>My body of coming forth by day <\/em>de OLIVIER DUBOIS<\/p>\n<p>26 marzo \u2013 Conversaci\u00f3n con WIM VANDEKEYBUS despu\u00e9s de la funci\u00f3n <em>Traces<\/em><\/p>\n<p>27 marzo (19h)- Sesi\u00f3n de introducci\u00f3n al espect\u00e1culo Una Hora Antes de la funci\u00f3n de <em>Traces<\/em> de ULTIMA VEZ \/ WIM VANDEKEYBUS<\/p>\n<p>29, 30 y 31 de marzo (de 10h a 13h) \u2013 <a href=\"https:\/\/old.mercatflors.cat\/es\/activitat\/vacaciones-con-taller-proyecto-laberintos-movimiento-juego-y-creatividad\/\">Talleres Semana Santa con CRISTINA MART\u00cd<\/a> (edades: 6 \u2013 8 a\u00f1os) y con <a href=\"https:\/\/old.mercatflors.cat\/es\/activitat\/vacaciones-con-taller-el-juego-como-interaccion-del-espacio\/\">MANEL SALAS<\/a> (edades: 9 \u2013 12 a\u00f1os)<\/p>\n<p>&nbsp;<\/p>\n<h2><strong>ABRIL 2021<\/strong><\/h2>\n<p>10 de abril (de 18:30h a 23h)\u00a0\u2013 S\u00e1bado Doble, con AYELEN PAROLIN<\/p>\n<p>13 de abril (16.30h)\u00a0\u2013 \u00a0Sesi\u00f3n en la Filmoteca de Catalunya, ciclo Per Amor a les Arts, proyecci\u00f3n pel\u00edcula <em>Vers Mathilde<\/em> de CLAIRE DENIS, 2005, 84\u2019, (presentaci\u00f3n a cargo de \u00c0ngels Margarit)<\/p>\n<p>24 de abril (de 11h a 13h) \u2013 <a href=\"https:\/\/old.mercatflors.cat\/es\/activitat\/sabado-con-taller-universo-veronal\/\">S\u00e1bado con taller con LA VERONAL<\/a>. Edades: 9-12 a\u00f1os<\/p>\n<p>24 de abril (19h) &#8211; Sesi\u00f3n de introducci\u00f3n al espect\u00e1culo Una Hora Antes de la funci\u00f3n de <em>Sonoma <\/em>de LA VERONAL<\/p>\n<p>&nbsp;<\/p>\n<h2><strong>Mayo 2021<\/strong><\/h2>\n<p>7 mayo \u2013 Conversaci\u00f3n despr\u00e9s de <em>Highlands de MAL PELO<\/em>, con Joel Bardolet (quarteto de cuerda), Quiteria Mu\u00f1oz (quarteto de voces), Federica Porello y Mar\u00eda Mu\u00f1oz,\u00a0conduce Carlota Subir\u00f3s. Constelaci\u00f3n Mal Pelo.<\/p>\n<p>8 mayo (de 10h a 13h)\u00a0\u2013 <a href=\"https:\/\/old.mercatflors.cat\/es\/activitat\/sabado-con-taller-juegos-vuelos-tramas-y-mecanismos\/\">S\u00e1bado con taller, con ROSER L\u00d3PEZ ESPINOSA<\/a>. Edades: 7-10 a\u00f1os<\/p>\n<p>8 mayo (19h) &#8211; Sesi\u00f3n de introducci\u00f3n al espect\u00e1culo Una Hora Antes de la funci\u00f3n de <em>Highlands<\/em> de MAL PELO<\/p>\n<p>15 mayo (18:30h) \u2013 <em>BACH\/Film. <\/em>Proyecci\u00f3n del film dentro del programa especial sobre la transmisi\u00f3n de \u201cBach\u201d, el solo de MAL PELO, Constelaci\u00f3n Mal Pelo.<\/p>\n<p>16 mayo (17h)\u00a0\u2013\u00a0<em>BACH\/Film <\/em>SG; a las 18h: <em>Bach<\/em> (pieza esc\u00e9nica) MAC; a las 19,15h: \u201c<em>3 EN 1. Mem\u00f2ria, transmissi\u00f3 i llegat\u201d. <\/em>Mesa Redonda\/conversaci\u00f3n con Maria Mu\u00f1oz y Federica Porello<em>,<\/em> a cargo de B\u00e0rbara Raubert, Foyer. Copa de clausura del programa, Hall. Constelaci\u00f3n Mal Pelo.<\/p>\n<p>22 mayo (de 18:30h a 23h)\u00a0\u2013 S\u00e1bado Doble, con LISBETH GRUWEZ<\/p>\n<p>28 mayo (17:30h) \u2013 <a href=\"https:\/\/old.mercatflors.cat\/es\/activitat\/ensayo-abierto-nueva-creacion-de-gnmc-guy-nader-maria-campos\/\">Ensayo Abierto nueva creaci\u00f3n de GN|MC Guy Nader | Maria Campos<\/a>. Sala PB<\/p>\n<p>28 mayo (despu\u00e9s de la funci\u00f3n)\u00a0\u2013 Dramaturgias del Debate sobre <em>It\u2019s a Wrap<\/em> de LA INTRUSA<\/p>\n","protected":false},"excerpt":{"rendered":"<p>Un abanico de actividades que expanden y hacen resonar la [&hellip;]<\/p>\n","protected":false},"author":1,"featured_media":0,"parent":0,"menu_order":0,"comment_status":"closed","ping_status":"closed","template":"","meta":[],"_links":{"self":[{"href":"https:\/\/old.mercatflors.cat\/es\/wp-json\/wp\/v2\/pages\/47876\/"}],"collection":[{"href":"https:\/\/old.mercatflors.cat\/es\/wp-json\/wp\/v2\/pages\/"}],"about":[{"href":"https:\/\/old.mercatflors.cat\/es\/wp-json\/wp\/v2\/types\/page\/"}],"author":[{"embeddable":true,"href":"https:\/\/old.mercatflors.cat\/es\/wp-json\/wp\/v2\/users\/1\/"}],"replies":[{"embeddable":true,"href":"https:\/\/old.mercatflors.cat\/es\/wp-json\/wp\/v2\/comments\/?post=47876"}],"version-history":[{"count":0,"href":"https:\/\/old.mercatflors.cat\/es\/wp-json\/wp\/v2\/pages\/47876\/revisions\/"}],"wp:attachment":[{"href":"https:\/\/old.mercatflors.cat\/es\/wp-json\/wp\/v2\/media\/?parent=47876"}],"curies":[{"name":"wp","href":"https:\/\/api.w.org\/{rel}","templated":true}]}}

Programación expandida (octubre 2020 &#8211; mayo 2021)

<p>Un abanico de actividades que expanden y hacen resonar la exhibición y las diferentes constelaciones; un abanico de citas en diferentes formatos y distancias a lo largo de toda la temporada. Actividades entre la investigación, la pedagogía, la creación y la escena: presentaciones, conferencias, creaciones videográficas y películas, ensayos abiertos y lecturas comentadas. Organizadas con la complicidad de los creadores residentes, artistas asociados y profesorado experto.</p>
<p><strong>AFOROS LIMITADOS. ES NECESARIA INSCRIPCIÓN PREVIA</strong> <a href="https://es.patronbase.com/_MercatFlors/Productions?_ga=2.122729227.1059086489.1600415841-1069018948.1600415841"><span style="color: #0000ff;">aquí</span></a></p>
<h2><strong>OCTUBRE 2020</strong></h2>
<p>1 y 2 octubre (19h) – Proyección del film <em>Alignement is Everywhere</em> de DAVID YOUNG (2019). Sobre Deborah Hay. 20&#8242; -VOSC. Constelación Deborah Hay. Sala SG</p>
<p>1 &#8211; 3 octubre – Instalación <em>Escrivint com a coreògrafa</em> de LAURENT PICHAUD. Foyer. Durante toda la Constelación Deborah Hay</p>
<p>3 octubre (18h) – Conferencia performativa <em>Traduint com a ballarí(na) </em>de LAURENT PICHAUD, con LAURENT PICHAUD y CARME TORRENT. Constelación Deborah Hay, Foyer. Gratuito con la entrada al espectáculo (Figure A Sea)</p>
<p>9 octubre (17:30h) – Ensayo Abierto nueva creación de GN|MC Guy Nader | Maria Campos. Sala PB<em> </em></p>
<p>16 octubre (18h) – <a href="https://old.mercatflors.cat/es/activitat/proyeccion-del-documental-maguy-marin-lurgence-dagir/">Proyección del documental <em>Maguy Marin: L&#8217;Urgence d&#8217;agir </em>de DAVID MAMBOUCH (2018)</a>. Constelación Lia Rodrigues. Sala SG</p>
<p>&nbsp;</p>
<h2><strong>NOVIEMBRE 2020</strong></h2>
<p>17 noviembre (de 17h a 21h) y 18 novembre (de 16h a 21h) –<a href="https://old.mercatflors.cat/es/activitat/proyeccion-con-el-viento/"> Sesiones de práctica artística con Sociedad Doctor Alonso. <em>Excavacions – El Desenterrador</em></a></p>
<p>28 de noviembre (de 10h a 13h) – <a href="https://old.mercatflors.cat/es/activitat/48139/">Sábado con taller, con DIEGO SINNIGER</a>. Edades: 7-10 años</p>
<p>&nbsp;</p>
<h2><strong>DICIEMBRE 2020</strong></h2>
<p>2 de diciembre (19h) – <a href="https://old.mercatflors.cat/es/activitat/presentacion-del-libro-el-desenterrador/">Presentación del libro<em> El Desenterrador </em></a>de Societat Doctor Alonso</p>
<p>2 de diciembre (20h) – <a href="https://old.mercatflors.cat/es/activitat/sesiones-de-practica-artistica/"><em>Excavació pública</em>, resultado de las sesiones <em>Excavacions</em></a> con Societat Doctor Alonso</p>
<p>18 desembre (19.30h) – Sessió a Filmoteca de Catalunya, cicle Per Amor a les Arts,<a href="https://old.mercatflors.cat/activitat/projeccio-con-el-viento/"> projecció pel·lícula <em>Con el viento </em>de MERITXELL COLELL, 2018, 108’</a>, (presentació a càrrec de Meritxell Colell i Àngels Margarit)</p>
<p>28, 29 y 30 de desembre (de 10h a 13h) – <a href="https://old.mercatflors.cat/es/activitat/vacaciones-con-taller-los-secretos-del-circo/">Taller de Navidad. ESCOLA DE CIRC ROGELIO RIVEL</a>. Edades: 6 – 8 años y 9 – 12 años<strong> </strong></p>
<p><strong> </strong></p>
<h2><strong>ENERO 2021</strong></h2>
<p>15 enero (17:30h) – Ensayo abierto con el creador Andrés Corchero durante la residencia en el Mercado por su espectáculo <em>Teresa</em>. Sala OM</p>
<p>22 de enero (después de la función de <em>2019. estO NO Es Mi CuerpO</em>) –  Conversación con Olga Mesa conducida por Bàrbara Raubert.</p>
<p>&nbsp;</p>
<h2><strong>FEBRERO 2021</strong></h2>
<p>2 febrero (16.30h) – Sesión Filmoteca de Catalunya, ciclo Per Amor a les Arts, proyección película <em>Fuera de Escena,</em> de ALEJANDRA AGUIRRE, 2016. 65’.</p>
<p>6 febrero (19:30h) – Sesión de introducción al espectáculo Una Hora Antes de la función de <em>Rèquiem Nocturn</em> de PERE FAURA</p>
<p>6 de febrero –  Conversación después de <em>Retrats errants</em> del col·lectiu LA BOLSA</p>
<p>13 febrero – Conversación después de DATA de LIPI HERNÁNDEZ</p>
<p>27 de febrero (de 11 a 13h) – <a href="https://old.mercatflors.cat/es/activitat/48155/">Sábado con taller, con MACARENA RECUERDA SHEPERD</a> – Familiar, Edad: &gt; 7 años</p>
<p>&nbsp;</p>
<h2><strong>MARZO 2021</strong></h2>
<p>6 de marzo (19h) – Sesión de introducción al espectáculo Una Hora Antes de la función de <em>Teresa</em> de ANDRÉS CORCHERO</p>
<p>13 de marzo (de 10h a 13h) – <a href="https://old.mercatflors.cat/es/activitat/sabado-con-taller-cuerpo-a-cuerpo/">Sábado con taller, con ANDRÉS CORCHERO</a>. Edad: 9-12 años</p>
<p>13 de marzo (19h) – Sesión de introducción al espectáculo Una Hora Antes de la función de <i>Animal de séquia</i>, de SOL PICÓ CIA DE DANSA</p>
<p>20 de marzo (18h) – Sesión de introducción al espectáculo Una Hora Antes de la función del Programa Cunningham, del BALLET DE LORRAINE</p>
<p>20 marzo (20:30h) – Sesión de introducción al espectáculo Una Hora Antes de la función de <em>My body of coming forth by day </em>de OLIVIER DUBOIS</p>
<p>26 marzo – Conversación con WIM VANDEKEYBUS después de la función <em>Traces</em></p>
<p>27 marzo (19h)- Sesión de introducción al espectáculo Una Hora Antes de la función de <em>Traces</em> de ULTIMA VEZ / WIM VANDEKEYBUS</p>
<p>29, 30 y 31 de marzo (de 10h a 13h) – <a href="https://old.mercatflors.cat/es/activitat/vacaciones-con-taller-proyecto-laberintos-movimiento-juego-y-creatividad/">Talleres Semana Santa con CRISTINA MARTÍ</a> (edades: 6 – 8 años) y con <a href="https://old.mercatflors.cat/es/activitat/vacaciones-con-taller-el-juego-como-interaccion-del-espacio/">MANEL SALAS</a> (edades: 9 – 12 años)</p>
<p>&nbsp;</p>
<h2><strong>ABRIL 2021</strong></h2>
<p>10 de abril (de 18:30h a 23h) – Sábado Doble, con AYELEN PAROLIN</p>
<p>13 de abril (16.30h) –  Sesión en la Filmoteca de Catalunya, ciclo Per Amor a les Arts, proyección película <em>Vers Mathilde</em> de CLAIRE DENIS, 2005, 84’, (presentación a cargo de Àngels Margarit)</p>
<p>24 de abril (de 11h a 13h) – <a href="https://old.mercatflors.cat/es/activitat/sabado-con-taller-universo-veronal/">Sábado con taller con LA VERONAL</a>. Edades: 9-12 años</p>
<p>24 de abril (19h) &#8211; Sesión de introducción al espectáculo Una Hora Antes de la función de <em>Sonoma </em>de LA VERONAL</p>
<p>&nbsp;</p>
<h2><strong>Mayo 2021</strong></h2>
<p>7 mayo – Conversación després de <em>Highlands de MAL PELO</em>, con Joel Bardolet (quarteto de cuerda), Quiteria Muñoz (quarteto de voces), Federica Porello y María Muñoz, conduce Carlota Subirós. Constelación Mal Pelo.</p>
<p>8 mayo (de 10h a 13h) – <a href="https://old.mercatflors.cat/es/activitat/sabado-con-taller-juegos-vuelos-tramas-y-mecanismos/">Sábado con taller, con ROSER LÓPEZ ESPINOSA</a>. Edades: 7-10 años</p>
<p>8 mayo (19h) &#8211; Sesión de introducción al espectáculo Una Hora Antes de la función de <em>Highlands</em> de MAL PELO</p>
<p>15 mayo (18:30h) – <em>BACH/Film. </em>Proyección del film dentro del programa especial sobre la transmisión de “Bach”, el solo de MAL PELO, Constelación Mal Pelo.</p>
<p>16 mayo (17h) – <em>BACH/Film </em>SG; a las 18h: <em>Bach</em> (pieza escénica) MAC; a las 19,15h: “<em>3 EN 1. Memòria, transmissió i llegat”. </em>Mesa Redonda/conversación con Maria Muñoz y Federica Porello<em>,</em> a cargo de Bàrbara Raubert, Foyer. Copa de clausura del programa, Hall. Constelación Mal Pelo.</p>
<p>22 mayo (de 18:30h a 23h) – Sábado Doble, con LISBETH GRUWEZ</p>
<p>28 mayo (17:30h) – <a href="https://old.mercatflors.cat/es/activitat/ensayo-abierto-nueva-creacion-de-gnmc-guy-nader-maria-campos/">Ensayo Abierto nueva creación de GN|MC Guy Nader | Maria Campos</a>. Sala PB</p>
<p>28 mayo (después de la función) – Dramaturgias del Debate sobre <em>It’s a Wrap</em> de LA INTRUSA</p>
