{"id":48097,"date":"2020-09-29T13:21:32","date_gmt":"2020-09-29T12:21:32","guid":{"rendered":"https:\/\/old.mercatflors.cat\/?page_id=48097"},"modified":"2020-11-27T16:24:27","modified_gmt":"2020-11-27T15:24:27","slug":"convocatoria-de-ayudas-a-la-creacion-2021-de-el-graner-fabrica-de-creacio","status":"publish","type":"page","link":"https:\/\/old.mercatflors.cat\/es\/convocatoria-de-ayudas-a-la-creacion-2021-de-el-graner-fabrica-de-creacio\/","title":{"rendered":"CONVOCATORIA DE AYUDAS A LA CREACI\u00d3N 2021 DE EL GRANER, F\u00c0BRICA DE CREACI\u00d3"},"content":{"rendered":"<p>El Graner abre convocatoria para proyectos en residencia desde enero a diciembre de 2021. Esta convocatoria va dirigida a artistas, colectivos, y otros profesionales, locales e internacionales, que trabajen en las \u00e1reas de la danza y las artes vivas, y que desarrollen propuestas de creaci\u00f3n o de investigaci\u00f3n.<\/p>\n<p>La convocatoria de ayudas a la creaci\u00f3n en residencia 2021 se articula en 4 modalidades:<\/p>\n<ul>\n<li>\u00b7 Residencias de creaci\u00f3n<\/li>\n<li>\u00b7 Residencias de investigaci\u00f3n<\/li>\n<li>\u00b7 Residencias de investigaci\u00f3n en iluminaci\u00f3n esc\u00e9nica<\/li>\n<li>\u00b7 Artistas emergentes<\/li>\n<\/ul>\n<p>Las solicitudes se podr\u00e1n presentar desde el momento de la publicaci\u00f3n de la presente convocatoria\u00a0<strong>hasta el d\u00eda 14 de octubre de 2020 (20h hora Barcelona)<\/strong><\/p>\n<p>Alternativamente, se ofrece la posibilidad de presentar la solicitud de forma\u00a0presencial con cita previa en el tel\u00e9fono 93 256 26 00, aportando formulario impreso y\u00a0el conjunto de la documentaci\u00f3n solicitada en el Registro del Consorci Mercat de les\u00a0Flors, situado en la calle Lleida n\u00fam. 59 (2\u00aa planta), 08004 de Barcelona, abierto de\u00a0lunes a viernes de 9h a 14h<\/p>\n<p>Si tienes alguna duda escribe a\u00a0<span style=\"color: #0000ff;\"><a style=\"color: #0000ff;\" href=\"mailto:ajutscreacio@mercatflors.cat\">ajutscreacio@mercatflors.cat<\/a><\/span><\/p>\n<p><strong>Documentos:<\/strong><\/p>\n<p><a href=\"https:\/\/old.mercatflors.cat\/wp-content\/uploads\/2020\/09\/Exp.-F20-BasesConvo-Doc-6.-Convocatoria-CAST_270920.pdf\"><span style=\"color: #0000ff;\">Convocatoria de ayudas a la creaci\u00f3n 2021 de El Graner, F\u00e0brica de Creaci\u00f3<\/span><\/a><\/p>\n<p><a href=\"https:\/\/old.mercatflors.cat\/wp-content\/uploads\/2020\/10\/Exp.-F20-209-Doc.-8-Resoluci\u00f3-nomenament-membres-Comissi\u00f3-Jurat.pdf\"><span style=\"color: #0000ff;\">Nombramiento miembros Comisi\u00f3n y Jurado<\/span><\/a><\/p>\n<p><a href=\"https:\/\/old.mercatflors.cat\/wp-content\/uploads\/2020\/10\/Relaci\u00f3-provisional-admesos-i-exclosos.pdf\"><span style=\"color: #0000ff;\">Relaci\u00f3n provisional de admitidos y excluidos<\/span><\/a><\/p>\n<p><a href=\"https:\/\/old.mercatflors.cat\/wp-content\/uploads\/2020\/10\/Exp.-F20-209-Doc-9.-Relaci\u00f3-definitiva-dadmesos-i-exclosos.pdf\"><span style=\"color: #0000ff;\">Relaci\u00f3n definitiva de admitidos y excluidos<\/span><\/a><\/p>\n<p><a href=\"https:\/\/old.mercatflors.cat\/wp-content\/uploads\/2020\/11\/Exp.-F20-209-Doc-11.-Resoluci\u00f3-provisional-datorgament-dels-ajuts.pdf\"><span style=\"color: #0000ff;\">Resoluci\u00f3n provisional de otorgamiento de las ayudas<\/span><\/a><\/p>\n<p><a href=\"https:\/\/old.mercatflors.cat\/wp-content\/uploads\/2020\/11\/Resoluci\u00f3-definitva-d\u2019atorgament-dels-ajuts.pdf\"><span style=\"color: #0000ff;\">Resoluci\u00f3n definitiva de otorgamiento de las ayudas<\/span><\/a><\/p>\n","protected":false},"excerpt":{"rendered":"<p>El Graner abre convocatoria para proyectos en residencia desde enero [&hellip;]<\/p>\n","protected":false},"author":1,"featured_media":0,"parent":0,"menu_order":0,"comment_status":"closed","ping_status":"closed","template":"","meta":[],"_links":{"self":[{"href":"https:\/\/old.mercatflors.cat\/es\/wp-json\/wp\/v2\/pages\/48097\/"}],"collection":[{"href":"https:\/\/old.mercatflors.cat\/es\/wp-json\/wp\/v2\/pages\/"}],"about":[{"href":"https:\/\/old.mercatflors.cat\/es\/wp-json\/wp\/v2\/types\/page\/"}],"author":[{"embeddable":true,"href":"https:\/\/old.mercatflors.cat\/es\/wp-json\/wp\/v2\/users\/1\/"}],"replies":[{"embeddable":true,"href":"https:\/\/old.mercatflors.cat\/es\/wp-json\/wp\/v2\/comments\/?post=48097"}],"version-history":[{"count":0,"href":"https:\/\/old.mercatflors.cat\/es\/wp-json\/wp\/v2\/pages\/48097\/revisions\/"}],"wp:attachment":[{"href":"https:\/\/old.mercatflors.cat\/es\/wp-json\/wp\/v2\/media\/?parent=48097"}],"curies":[{"name":"wp","href":"https:\/\/api.w.org\/{rel}","templated":true}]}}

CONVOCATORIA DE AYUDAS A LA CREACIÓN 2021 DE EL GRANER, FÀBRICA DE CREACIÓ

<p>El Graner abre convocatoria para proyectos en residencia desde enero a diciembre de 2021. Esta convocatoria va dirigida a artistas, colectivos, y otros profesionales, locales e internacionales, que trabajen en las áreas de la danza y las artes vivas, y que desarrollen propuestas de creación o de investigación.</p>
<p>La convocatoria de ayudas a la creación en residencia 2021 se articula en 4 modalidades:</p>
<ul>
<li>· Residencias de creación</li>
<li>· Residencias de investigación</li>
<li>· Residencias de investigación en iluminación escénica</li>
<li>· Artistas emergentes</li>
</ul>
<p>Las solicitudes se podrán presentar desde el momento de la publicación de la presente convocatoria <strong>hasta el día 14 de octubre de 2020 (20h hora Barcelona)</strong></p>
<p>Alternativamente, se ofrece la posibilidad de presentar la solicitud de forma presencial con cita previa en el teléfono 93 256 26 00, aportando formulario impreso y el conjunto de la documentación solicitada en el Registro del Consorci Mercat de les Flors, situado en la calle Lleida núm. 59 (2ª planta), 08004 de Barcelona, abierto de lunes a viernes de 9h a 14h</p>
<p>Si tienes alguna duda escribe a <span style="color: #0000ff;"><a style="color: #0000ff;" href="mailto:ajutscreacio@mercatflors.cat">ajutscreacio@mercatflors.cat</a></span></p>
<p><strong>Documentos:</strong></p>
<p><a href="https://old.mercatflors.cat/wp-content/uploads/2020/09/Exp.-F20-BasesConvo-Doc-6.-Convocatoria-CAST_270920.pdf"><span style="color: #0000ff;">Convocatoria de ayudas a la creación 2021 de El Graner, Fàbrica de Creació</span></a></p>
<p><a href="https://old.mercatflors.cat/wp-content/uploads/2020/10/Exp.-F20-209-Doc.-8-Resolució-nomenament-membres-Comissió-Jurat.pdf"><span style="color: #0000ff;">Nombramiento miembros Comisión y Jurado</span></a></p>
<p><a href="https://old.mercatflors.cat/wp-content/uploads/2020/10/Relació-provisional-admesos-i-exclosos.pdf"><span style="color: #0000ff;">Relación provisional de admitidos y excluidos</span></a></p>
<p><a href="https://old.mercatflors.cat/wp-content/uploads/2020/10/Exp.-F20-209-Doc-9.-Relació-definitiva-dadmesos-i-exclosos.pdf"><span style="color: #0000ff;">Relación definitiva de admitidos y excluidos</span></a></p>
<p><a href="https://old.mercatflors.cat/wp-content/uploads/2020/11/Exp.-F20-209-Doc-11.-Resolució-provisional-datorgament-dels-ajuts.pdf"><span style="color: #0000ff;">Resolución provisional de otorgamiento de las ayudas</span></a></p>
<p><a href="https://old.mercatflors.cat/wp-content/uploads/2020/11/Resolució-definitva-d’atorgament-dels-ajuts.pdf"><span style="color: #0000ff;">Resolución definitiva de otorgamiento de las ayudas</span></a></p>
