{"id":48423,"date":"2020-10-03T14:48:45","date_gmt":"2020-10-03T13:48:45","guid":{"rendered":"https:\/\/old.mercatflors.cat\/?page_id=48423"},"modified":"2020-10-03T14:50:07","modified_gmt":"2020-10-03T13:50:07","slug":"herramientas-y-recursos-2020-21","status":"publish","type":"page","link":"https:\/\/old.mercatflors.cat\/es\/herramientas-y-recursos-2020-21\/","title":{"rendered":"HERRAMIENTAS Y RECURSOS"},"content":{"rendered":"<h2><strong>PARA ALUMNOS\u00a0Y MAESTROS\u00a0<\/strong><\/h2>\n<p>Ofrecemos un amplio abanico de recursos pedag\u00f3gicos para alumnos y maestros: talleres de cuerpo, cursos para docentes o maletas de herramientas para introducir la danza en el aula.<\/p>\n<p><span style=\"color: #0000ff;\"><a style=\"color: #0000ff;\" href=\"https:\/\/old.mercatflors.cat\/es\/maleta-didactica\/\"><span style=\"text-decoration: underline;\"><em>Maleta did\u00e1ctica DAN DAN DANSA<\/em><\/span><\/a><\/span><\/p>\n<p>Un recurso pedag\u00f3gico que propone unas actividades definidas recogidas en un dossier pedag\u00f3gico y\u00a0con unos materiales diversos que ayudan a potenciar la creatividad\u00a0y la imaginaci\u00f3n en el aula, por edades y\u00a0por ciclos educativos.<\/p>\n<p><a href=\"https:\/\/old.mercatflors.cat\/es\/maleta-didactica-version-online\/\"><span style=\"color: #0000ff;\"><span style=\"text-decoration: underline;\"><em>Maleta did\u00e1ctica DAN DAN DANSA &#8211;\u00a0Versi\u00f3n online<\/em><\/span><\/span><\/a><\/p>\n<p>A partir de las herramientas digitalizadas que\u00a0encontramos\u00a0en la maleta Dan Dan Dansa\u00a0queremos dar el acceso\u00a0e\u00a0invitar a\u00a0cualquier docente y alumno a introducir en su contexto la danza\u00a0en\u00a0el aula\u00a0con materiales\u00a0y\u00a0herramientas de diverso formato: desde programas interactivos, v\u00eddeos, tutoriales, materiales visuales\u00a0y pl\u00e1sticos, gu\u00edas pedag\u00f3gicas para el docente\u00a0con referencias espec\u00edficas en el curr\u00edculum competencial.<\/p>\n<p><a href=\"https:\/\/old.mercatflors.cat\/es\/map-to-the-stars-red\/\"><span style=\"color: #0000ff;\"><span style=\"text-decoration: underline;\"><em>Map to the Stars<\/em><\/span><\/span><\/a><\/p>\n<p>A partir del curso 2019-2020, el Mercat de les Flors pone a disposici\u00f3n de toda la comunidad educativa una aplicaci\u00f3n para llevar la danza a las escuelas. Map to the Stars es una herramienta digital grautita para tabletas y tel\u00e9fonos inteligentes dirigida a los maestros de primaria, concretamente a los de 3\u00ba, 4\u00ba y 5\u00ba. A trav\u00e9s de una serie de propuestas did\u00e1cticas con vinculaciones a diversas \u00e1reas de conocimiento acad\u00e9micas, el maestro encontrar\u00e1 direcciones, juegos y tutoriales de v\u00eddeo para hacer mover, concentrar y relajar a sus alumnos, sin que necesite tener conocimientos de danza previos.<\/p>\n<p><span style=\"color: #0000ff;\"><span style=\"text-decoration: underline;\"><em>La Mochila de Mogut<\/em><\/span><\/span><\/p>\n<p>El nuevo recurso did\u00e1ctico exclusivo para PreInfantil 0-3, \u201cLa mochila de Mogut\u201d protagonizado\u00a0por una mascota que invita a los m\u00e1s peque\u00f1os, a padres, madres, maestros\u00a0y familias, a descubrir la danza\u00a0y el movimiento libre a trav\u00e9s de materiales\u00a0y propuesta de actividades. Cont\u00e1ctanos a <span style=\"color: #0000ff;\"><a style=\"color: #0000ff;\" href=\"mailto:educatius@mercatflors.cat\">educatius@mercatflors.cat<\/a><\/span>.<\/p>\n<p><span style=\"color: #0000ff;\"><a style=\"color: #0000ff;\" href=\"https:\/\/old.mercatflors.cat\/es\/grupo-de-trabajo-maestros-en-danza\/\"><span style=\"text-decoration: underline;\"><em>Grupo de trabajo Maestros en Danza<\/em><\/span><\/a><\/span><\/p>\n<p>Grupo de trabajo vinculado al Mercat de les Flors nacido el curso 2013-2014 que une maestros y maestras\u00a0con inter\u00e9s\u00a0hacia el lenguaje de la danza, el cuerpo\u00a0y el movimiento.<\/p>\n<p><a href=\"https:\/\/old.mercatflors.cat\/es\/curso-de-formacion-al-profesorado-2021\/\"><span style=\"color: #0000ff;\"><span style=\"text-decoration: underline;\"><em>Curso de formaci\u00f3n a<\/em><\/span><span style=\"text-decoration: underline;\"><em>l<\/em><\/span><span style=\"text-decoration: underline;\"><em> profesorado<\/em><\/span><\/span><\/a><\/p>\n<p>Un curso reconocido por el Departament d\u2019Ensenyament de la Generalitat de Catalunya donde se acoge a profesorado\u00a0de todos los niveles educativos -preinfantil, educaci\u00f3n infantil, primaria\u00a0y institutos. Se lleva a cabo\u00a0dentro\u00a0del segundo trimestre escolar\u00a0con\u00a0el objetivo de formar\u00a0y dar herramientas\u00a0y metodolog\u00edas para introducir el lenguaje de la danza\u00a0en\u00a0el aula.<\/p>\n<p><span style=\"color: #0000ff;\"><a style=\"color: #0000ff;\" href=\"https:\/\/old.mercatflors.cat\/es\/publicaciones-y-audiovisuales\/dvd-educativos-dan-dan-dansa\/\"><span style=\"text-decoration: underline;\"><em>DVD educativos<\/em><\/span><\/a><\/span><\/p>\n<p>Colecci\u00f3n de DVD para familias,\u00a0ni\u00f1os\/as\u00a0y educadores\u00a0con propuestas did\u00e1cticas, divertidas\u00a0y creativas alrededor\u00a0de los espect\u00e1culos: Momentari de Nats Nus,\u00a0 Flexelf de \u00c0ngels Margarit \/ Cia. Mudances\u00a0y Nubes, de Aracaladanza.\u00a0 Edad recomendada: a partir de 5 a\u00f1os. A la venta en puntos habituales.<\/p>\n","protected":false},"excerpt":{"rendered":"<p>PARA ALUMNOS\u00a0Y MAESTROS\u00a0 Ofrecemos un amplio abanico de recursos pedag\u00f3gicos [&hellip;]<\/p>\n","protected":false},"author":1,"featured_media":42733,"parent":0,"menu_order":0,"comment_status":"closed","ping_status":"closed","template":"","meta":[],"_links":{"self":[{"href":"https:\/\/old.mercatflors.cat\/es\/wp-json\/wp\/v2\/pages\/48423\/"}],"collection":[{"href":"https:\/\/old.mercatflors.cat\/es\/wp-json\/wp\/v2\/pages\/"}],"about":[{"href":"https:\/\/old.mercatflors.cat\/es\/wp-json\/wp\/v2\/types\/page\/"}],"author":[{"embeddable":true,"href":"https:\/\/old.mercatflors.cat\/es\/wp-json\/wp\/v2\/users\/1\/"}],"replies":[{"embeddable":true,"href":"https:\/\/old.mercatflors.cat\/es\/wp-json\/wp\/v2\/comments\/?post=48423"}],"version-history":[{"count":0,"href":"https:\/\/old.mercatflors.cat\/es\/wp-json\/wp\/v2\/pages\/48423\/revisions\/"}],"wp:featuredmedia":[{"embeddable":true,"href":"https:\/\/old.mercatflors.cat\/es\/wp-json\/wp\/v2\/media\/42733\/"}],"wp:attachment":[{"href":"https:\/\/old.mercatflors.cat\/es\/wp-json\/wp\/v2\/media\/?parent=48423"}],"curies":[{"name":"wp","href":"https:\/\/api.w.org\/{rel}","templated":true}]}}

<h2><strong>PARA ALUMNOS Y MAESTROS </strong></h2>
<p>Ofrecemos un amplio abanico de recursos pedagógicos para alumnos y maestros: talleres de cuerpo, cursos para docentes o maletas de herramientas para introducir la danza en el aula.</p>
<p><span style="color: #0000ff;"><a style="color: #0000ff;" href="https://old.mercatflors.cat/es/maleta-didactica/"><span style="text-decoration: underline;"><em>Maleta didáctica DAN DAN DANSA</em></span></a></span></p>
<p>Un recurso pedagógico que propone unas actividades definidas recogidas en un dossier pedagógico y con unos materiales diversos que ayudan a potenciar la creatividad y la imaginación en el aula, por edades y por ciclos educativos.</p>
<p><a href="https://old.mercatflors.cat/es/maleta-didactica-version-online/"><span style="color: #0000ff;"><span style="text-decoration: underline;"><em>Maleta didáctica DAN DAN DANSA &#8211; Versión online</em></span></span></a></p>
<p>A partir de las herramientas digitalizadas que encontramos en la maleta Dan Dan Dansa queremos dar el acceso e invitar a cualquier docente y alumno a introducir en su contexto la danza en el aula con materiales y herramientas de diverso formato: desde programas interactivos, vídeos, tutoriales, materiales visuales y plásticos, guías pedagógicas para el docente con referencias específicas en el currículum competencial.</p>
<p><a href="https://old.mercatflors.cat/es/map-to-the-stars-red/"><span style="color: #0000ff;"><span style="text-decoration: underline;"><em>Map to the Stars</em></span></span></a></p>
<p>A partir del curso 2019-2020, el Mercat de les Flors pone a disposición de toda la comunidad educativa una aplicación para llevar la danza a las escuelas. Map to the Stars es una herramienta digital grautita para tabletas y teléfonos inteligentes dirigida a los maestros de primaria, concretamente a los de 3º, 4º y 5º. A través de una serie de propuestas didácticas con vinculaciones a diversas áreas de conocimiento académicas, el maestro encontrará direcciones, juegos y tutoriales de vídeo para hacer mover, concentrar y relajar a sus alumnos, sin que necesite tener conocimientos de danza previos.</p>
<p><span style="color: #0000ff;"><span style="text-decoration: underline;"><em>La Mochila de Mogut</em></span></span></p>
<p>El nuevo recurso didáctico exclusivo para PreInfantil 0-3, “La mochila de Mogut” protagonizado por una mascota que invita a los más pequeños, a padres, madres, maestros y familias, a descubrir la danza y el movimiento libre a través de materiales y propuesta de actividades. Contáctanos a <span style="color: #0000ff;"><a style="color: #0000ff;" href="mailto:educatius@mercatflors.cat">educatius@mercatflors.cat</a></span>.</p>
<p><span style="color: #0000ff;"><a style="color: #0000ff;" href="https://old.mercatflors.cat/es/grupo-de-trabajo-maestros-en-danza/"><span style="text-decoration: underline;"><em>Grupo de trabajo Maestros en Danza</em></span></a></span></p>
<p>Grupo de trabajo vinculado al Mercat de les Flors nacido el curso 2013-2014 que une maestros y maestras con interés hacia el lenguaje de la danza, el cuerpo y el movimiento.</p>
<p><a href="https://old.mercatflors.cat/es/curso-de-formacion-al-profesorado-2021/"><span style="color: #0000ff;"><span style="text-decoration: underline;"><em>Curso de formación a</em></span><span style="text-decoration: underline;"><em>l</em></span><span style="text-decoration: underline;"><em> profesorado</em></span></span></a></p>
<p>Un curso reconocido por el Departament d’Ensenyament de la Generalitat de Catalunya donde se acoge a profesorado de todos los niveles educativos -preinfantil, educación infantil, primaria y institutos. Se lleva a cabo dentro del segundo trimestre escolar con el objetivo de formar y dar herramientas y metodologías para introducir el lenguaje de la danza en el aula.</p>
<p><span style="color: #0000ff;"><a style="color: #0000ff;" href="https://old.mercatflors.cat/es/publicaciones-y-audiovisuales/dvd-educativos-dan-dan-dansa/"><span style="text-decoration: underline;"><em>DVD educativos</em></span></a></span></p>
<p>Colección de DVD para familias, niños/as y educadores con propuestas didácticas, divertidas y creativas alrededor de los espectáculos: Momentari de Nats Nus,  Flexelf de Àngels Margarit / Cia. Mudances y Nubes, de Aracaladanza.  Edad recomendada: a partir de 5 años. A la venta en puntos habituales.</p>

<p>PARA ALUMNOS Y MAESTROS  Ofrecemos un amplio abanico de recursos pedagógicos [&hellip;]</p>
