{"id":48424,"date":"2020-10-03T14:46:24","date_gmt":"2020-10-03T13:46:24","guid":{"rendered":"https:\/\/old.mercatflors.cat\/?page_id=48424"},"modified":"2021-07-30T11:05:18","modified_gmt":"2021-07-30T10:05:18","slug":"curso-de-formacion-al-profesorado-2021","status":"publish","type":"page","link":"https:\/\/old.mercatflors.cat\/es\/curso-de-formacion-al-profesorado-2021\/","title":{"rendered":"Curso de formaci\u00f3n al profesorado"},"content":{"rendered":"<p><strong>TOMAR EL CUERPO A LA EDUCACI\u00d3N &#8211; <\/strong><strong>Curso de formaci\u00f3n al profesorado 2021<\/strong><\/p>\n<p>Desde el Mercat de les Flors queremos seguir ofreciendo el curso de formaci\u00f3n al profesorado reconocido por el Departament d\u2019Educaci\u00f3 de la Generalitat de Catalunya donde se acoge a profesorado de todos los niveles educativos (preinfantil, educaci\u00f3n infantil, primaria e institutos). Pero debido a la situaci\u00f3n actual de pandemia proponemos hacer <strong>un curso telem\u00e1tico de 16 horas<\/strong> donde compartir actividades o proyectos pr\u00e1cticos con <strong>6 grupos de trabajo reducidos bajo el liderazgo de un core\u00f3grafo y distribuidos <\/strong>para edades y niveles escolares con tal de atender m\u00e1s directamente las demandas o necesidades de los alumnos.<\/p>\n<p>A partir de estas experiencias pr\u00e1cticas y reales se pretende <strong>compartir un lenguaje tanto art\u00edstico como pedag\u00f3gico<\/strong> que pueda llevar a abrir de nuevo miradas y reflexiones para seguir trabajando el movimiento y la danza en la escuela.<\/p>\n<p><a href=\"https:\/\/old.mercatflors.cat\/wp-content\/uploads\/2021\/02\/Prendre-el-cos-a-leducaci\u00f3.-CURS-2021-1.pdf\"><span style=\"color: #0000ff;\">Consulta aqu\u00ed el Programa y calendario 2021<\/span><\/a><\/p>\n<p><strong>Proceso de inscripci\u00f3n<\/strong>: del 1 al 11 de febrero\u00a0de 2021<\/p>\n<p><strong>Pago e inscripci\u00f3n al GTAF<\/strong>: del 5 al 11 de febrero\u00a0de 2021<\/p>\n<p><strong>Calendario<\/strong>: 16 de febrero, 9 de marzo, 6 de abril, 20 de abril de 2021 (quedan por concretar dos fechas m\u00e1s)<\/p>\n<p><strong>Precio<\/strong>: 50\u20ac<\/p>\n<p><strong>Horario<\/strong>: de 18h a 20h (excepto el 20 de abril, que ser\u00e1 de 17h a 20.30h).\u00a0Por medio de sesiones telem\u00e1ticas v\u00eda ZOOM<\/p>\n","protected":false},"excerpt":{"rendered":"<p>TOMAR EL CUERPO A LA EDUCACI\u00d3N &#8211; Curso de formaci\u00f3n [&hellip;]<\/p>\n","protected":false},"author":1,"featured_media":42284,"parent":0,"menu_order":0,"comment_status":"closed","ping_status":"closed","template":"","meta":[],"_links":{"self":[{"href":"https:\/\/old.mercatflors.cat\/es\/wp-json\/wp\/v2\/pages\/48424\/"}],"collection":[{"href":"https:\/\/old.mercatflors.cat\/es\/wp-json\/wp\/v2\/pages\/"}],"about":[{"href":"https:\/\/old.mercatflors.cat\/es\/wp-json\/wp\/v2\/types\/page\/"}],"author":[{"embeddable":true,"href":"https:\/\/old.mercatflors.cat\/es\/wp-json\/wp\/v2\/users\/1\/"}],"replies":[{"embeddable":true,"href":"https:\/\/old.mercatflors.cat\/es\/wp-json\/wp\/v2\/comments\/?post=48424"}],"version-history":[{"count":0,"href":"https:\/\/old.mercatflors.cat\/es\/wp-json\/wp\/v2\/pages\/48424\/revisions\/"}],"wp:featuredmedia":[{"embeddable":true,"href":"https:\/\/old.mercatflors.cat\/es\/wp-json\/wp\/v2\/media\/42284\/"}],"wp:attachment":[{"href":"https:\/\/old.mercatflors.cat\/es\/wp-json\/wp\/v2\/media\/?parent=48424"}],"curies":[{"name":"wp","href":"https:\/\/api.w.org\/{rel}","templated":true}]}}

Curso de formación al profesorado

<p><strong>TOMAR EL CUERPO A LA EDUCACIÓN &#8211; </strong><strong>Curso de formación al profesorado 2021</strong></p>
<p>Desde el Mercat de les Flors queremos seguir ofreciendo el curso de formación al profesorado reconocido por el Departament d’Educació de la Generalitat de Catalunya donde se acoge a profesorado de todos los niveles educativos (preinfantil, educación infantil, primaria e institutos). Pero debido a la situación actual de pandemia proponemos hacer <strong>un curso telemático de 16 horas</strong> donde compartir actividades o proyectos prácticos con <strong>6 grupos de trabajo reducidos bajo el liderazgo de un coreógrafo y distribuidos </strong>para edades y niveles escolares con tal de atender más directamente las demandas o necesidades de los alumnos.</p>
<p>A partir de estas experiencias prácticas y reales se pretende <strong>compartir un lenguaje tanto artístico como pedagógico</strong> que pueda llevar a abrir de nuevo miradas y reflexiones para seguir trabajando el movimiento y la danza en la escuela.</p>
<p><a href="https://old.mercatflors.cat/wp-content/uploads/2021/02/Prendre-el-cos-a-leducació.-CURS-2021-1.pdf"><span style="color: #0000ff;">Consulta aquí el Programa y calendario 2021</span></a></p>
<p><strong>Proceso de inscripción</strong>: del 1 al 11 de febrero de 2021</p>
<p><strong>Pago e inscripción al GTAF</strong>: del 5 al 11 de febrero de 2021</p>
<p><strong>Calendario</strong>: 16 de febrero, 9 de marzo, 6 de abril, 20 de abril de 2021 (quedan por concretar dos fechas más)</p>
<p><strong>Precio</strong>: 50€</p>
<p><strong>Horario</strong>: de 18h a 20h (excepto el 20 de abril, que será de 17h a 20.30h). Por medio de sesiones telemáticas vía ZOOM</p>

<p>TOMAR EL CUERPO A LA EDUCACIÓN &#8211; Curso de formación [&hellip;]</p>
