{"id":48937,"date":"2020-11-05T13:33:19","date_gmt":"2020-11-05T12:33:19","guid":{"rendered":"https:\/\/old.mercatflors.cat\/?page_id=48937"},"modified":"2022-07-14T15:16:59","modified_gmt":"2022-07-14T14:16:59","slug":"kaospilot","status":"publish","type":"page","link":"https:\/\/old.mercatflors.cat\/es\/kaospilot\/","title":{"rendered":"Kaospilot"},"content":{"rendered":"<h2><strong>&#8216;ESP\u00e8CIES D\u2019ESPAIS&#8217; (Mercat de les Flors y KAOSPILOT) &#8211; workshop<\/strong><\/h2>\n<div>\n<p>El 4 de diciembre de 2019 organizamos un encuentro-workshop\u00a0fruto de una colaboraci\u00f3n con la escuela danesa <a href=\"https:\/\/eur03.safelinks.protection.outlook.com\/?url=https%3A%2F%2Fwww.kaospilot.dk%2F&amp;data=02%7C01%7Camargarit%40mercatflors.cat%7Cc003be9d2b1c4de95f5708d83530a13c%7C2effb9948f774ba786381a79edc5959b%7C1%7C0%7C637317830267740411&amp;sdata=bQwJb7EDTTxTdkfyRjUpr3%2BzeHTXGTs791Q%2Be5KERH4%3D&amp;reserved=0\" data-saferedirecturl=\"https:\/\/www.google.com\/url?q=https:\/\/eur03.safelinks.protection.outlook.com\/?url%3Dhttps%253A%252F%252Fwww.kaospilot.dk%252F%26data%3D02%257C01%257Camargarit%2540mercatflors.cat%257Cc003be9d2b1c4de95f5708d83530a13c%257C2effb9948f774ba786381a79edc5959b%257C1%257C0%257C637317830267740411%26sdata%3DbQwJb7EDTTxTdkfyRjUpr3%252BzeHTXGTs791Q%252Be5KERH4%253D%26reserved%3D0&amp;source=gmail&amp;ust=1596278261182000&amp;usg=AFQjCNEZiaRKl9bcZ0NA8UBJorbtjm2LVA\">KaosPilot<\/a>\u00a0mediante el cual 5 estudiantes del programa\u00a0<a href=\"https:\/\/eur03.safelinks.protection.outlook.com\/?url=https%3A%2F%2Fwww.kaospilot.dk%2Foutpost%2F&amp;data=02%7C01%7Camargarit%40mercatflors.cat%7Cc003be9d2b1c4de95f5708d83530a13c%7C2effb9948f774ba786381a79edc5959b%7C1%7C0%7C637317830267740411&amp;sdata=ME%2B2lkSudq0a7qwYlmZaNiRy06G4XTjp8cRL7aJUMiY%3D&amp;reserved=0\" data-saferedirecturl=\"https:\/\/www.google.com\/url?q=https:\/\/eur03.safelinks.protection.outlook.com\/?url%3Dhttps%253A%252F%252Fwww.kaospilot.dk%252Foutpost%252F%26data%3D02%257C01%257Camargarit%2540mercatflors.cat%257Cc003be9d2b1c4de95f5708d83530a13c%257C2effb9948f774ba786381a79edc5959b%257C1%257C0%257C637317830267740411%26sdata%3DME%252B2lkSudq0a7qwYlmZaNiRy06G4XTjp8cRL7aJUMiY%253D%26reserved%3D0&amp;source=gmail&amp;ust=1596278261182000&amp;usg=AFQjCNHOU2yj841xYBBzh77V6MB-ZqBlkg\">CREATIVE LEADERSHIP<\/a>, junto a Frank Nesi como facilitador del proceso, estuvieron en Barcelona de octubre a diciembre de\u00a02o19\u00a0trabajando en un proyecto piloto del Mercat de les Flors entorno construcciones ef\u00edmeras, danza, arquitectura y pensamiento.<\/p>\n<p>En este\u00a0workshop\u00a0participaron core\u00f3grafos y arquitectos, y trabajamos en torno a la posibilidad de una programaci\u00f3n \/ festival alrededor de estos contenidos.<\/p>\n<p>Encontrar\u00e9is informaci\u00f3n en esta web que cre\u00f3\u00a0KAOSPILOT\u00a0de este acontecimiento e investigaci\u00f3n: <a href=\"http:\/\/simonahlg.re\/n\/exploring-spaces\/\"><span style=\"color: #0000ff;\">www.simonahlg.re\/n\/exploring-spaces\/<\/span><\/a><\/p>\n<\/div>\n","protected":false},"excerpt":{"rendered":"<p>&#8216;ESP\u00e8CIES D\u2019ESPAIS&#8217; (Mercat de les Flors y KAOSPILOT) &#8211; workshop [&hellip;]<\/p>\n","protected":false},"author":1,"featured_media":48923,"parent":0,"menu_order":0,"comment_status":"closed","ping_status":"closed","template":"","meta":[],"_links":{"self":[{"href":"https:\/\/old.mercatflors.cat\/es\/wp-json\/wp\/v2\/pages\/48937\/"}],"collection":[{"href":"https:\/\/old.mercatflors.cat\/es\/wp-json\/wp\/v2\/pages\/"}],"about":[{"href":"https:\/\/old.mercatflors.cat\/es\/wp-json\/wp\/v2\/types\/page\/"}],"author":[{"embeddable":true,"href":"https:\/\/old.mercatflors.cat\/es\/wp-json\/wp\/v2\/users\/1\/"}],"replies":[{"embeddable":true,"href":"https:\/\/old.mercatflors.cat\/es\/wp-json\/wp\/v2\/comments\/?post=48937"}],"version-history":[{"count":0,"href":"https:\/\/old.mercatflors.cat\/es\/wp-json\/wp\/v2\/pages\/48937\/revisions\/"}],"wp:featuredmedia":[{"embeddable":true,"href":"https:\/\/old.mercatflors.cat\/es\/wp-json\/wp\/v2\/media\/48923\/"}],"wp:attachment":[{"href":"https:\/\/old.mercatflors.cat\/es\/wp-json\/wp\/v2\/media\/?parent=48937"}],"curies":[{"name":"wp","href":"https:\/\/api.w.org\/{rel}","templated":true}]}}

<h2><strong>&#8216;ESPèCIES D’ESPAIS&#8217; (Mercat de les Flors y KAOSPILOT) &#8211; workshop</strong></h2>
<div>
<p>El 4 de diciembre de 2019 organizamos un encuentro-workshop fruto de una colaboración con la escuela danesa <a href="https://eur03.safelinks.protection.outlook.com/?url=https%3A%2F%2Fwww.kaospilot.dk%2F&amp;data=02%7C01%7Camargarit%40mercatflors.cat%7Cc003be9d2b1c4de95f5708d83530a13c%7C2effb9948f774ba786381a79edc5959b%7C1%7C0%7C637317830267740411&amp;sdata=bQwJb7EDTTxTdkfyRjUpr3%2BzeHTXGTs791Q%2Be5KERH4%3D&amp;reserved=0" data-saferedirecturl="https://www.google.com/url?q=https://eur03.safelinks.protection.outlook.com/?url%3Dhttps%253A%252F%252Fwww.kaospilot.dk%252F%26data%3D02%257C01%257Camargarit%2540mercatflors.cat%257Cc003be9d2b1c4de95f5708d83530a13c%257C2effb9948f774ba786381a79edc5959b%257C1%257C0%257C637317830267740411%26sdata%3DbQwJb7EDTTxTdkfyRjUpr3%252BzeHTXGTs791Q%252Be5KERH4%253D%26reserved%3D0&amp;source=gmail&amp;ust=1596278261182000&amp;usg=AFQjCNEZiaRKl9bcZ0NA8UBJorbtjm2LVA">KaosPilot</a> mediante el cual 5 estudiantes del programa <a href="https://eur03.safelinks.protection.outlook.com/?url=https%3A%2F%2Fwww.kaospilot.dk%2Foutpost%2F&amp;data=02%7C01%7Camargarit%40mercatflors.cat%7Cc003be9d2b1c4de95f5708d83530a13c%7C2effb9948f774ba786381a79edc5959b%7C1%7C0%7C637317830267740411&amp;sdata=ME%2B2lkSudq0a7qwYlmZaNiRy06G4XTjp8cRL7aJUMiY%3D&amp;reserved=0" data-saferedirecturl="https://www.google.com/url?q=https://eur03.safelinks.protection.outlook.com/?url%3Dhttps%253A%252F%252Fwww.kaospilot.dk%252Foutpost%252F%26data%3D02%257C01%257Camargarit%2540mercatflors.cat%257Cc003be9d2b1c4de95f5708d83530a13c%257C2effb9948f774ba786381a79edc5959b%257C1%257C0%257C637317830267740411%26sdata%3DME%252B2lkSudq0a7qwYlmZaNiRy06G4XTjp8cRL7aJUMiY%253D%26reserved%3D0&amp;source=gmail&amp;ust=1596278261182000&amp;usg=AFQjCNHOU2yj841xYBBzh77V6MB-ZqBlkg">CREATIVE LEADERSHIP</a>, junto a Frank Nesi como facilitador del proceso, estuvieron en Barcelona de octubre a diciembre de 2o19 trabajando en un proyecto piloto del Mercat de les Flors entorno construcciones efímeras, danza, arquitectura y pensamiento.</p>
<p>En este workshop participaron coreógrafos y arquitectos, y trabajamos en torno a la posibilidad de una programación / festival alrededor de estos contenidos.</p>
<p>Encontraréis información en esta web que creó KAOSPILOT de este acontecimiento e investigación: <a href="http://simonahlg.re/n/exploring-spaces/"><span style="color: #0000ff;">www.simonahlg.re/n/exploring-spaces/</span></a></p>
</div>

<p>&#8216;ESPèCIES D’ESPAIS&#8217; (Mercat de les Flors y KAOSPILOT) &#8211; workshop [&hellip;]</p>
