{"id":48999,"date":"2020-11-06T14:00:00","date_gmt":"2020-11-06T13:00:00","guid":{"rendered":"https:\/\/old.mercatflors.cat\/?page_id=48999"},"modified":"2020-11-06T14:00:00","modified_gmt":"2020-11-06T13:00:00","slug":"programa-en-residencia-2019-20","status":"publish","type":"page","link":"https:\/\/old.mercatflors.cat\/es\/programa-en-residencia-2019-20\/","title":{"rendered":"PROGRAMA &#8221; EN RESIDENCIA&#8221; 2019-20"},"content":{"rendered":"<h2 class=\"title\">Comienza un nuevo curso de EN RESiDENCiA<\/h2>\n<div class=\"content\">\n<div class=\"content\">\n<p><span class=\"autor\">El comisariado y la mediaci\u00f3n del Graner y el Mercat de les Flors pone en di\u00e1logo a Sebasti\u00e1n Garc\u00eda Ferro y el Instituto Escola Antaviana y a Jo\u00e3o Lima y el Institut Bernat Metge a lo largo del curso 2019-20, dentro del programa EN RESiDENCiA\u00a0del Instituto de Cultura de Barcelona y el Consorcio de Educaci\u00f3n de Barcelona, \u200b\u200bideado en cooperaci\u00f3n con la Asociaci\u00f3n A Bao A Qu.<br \/>\n<\/span><\/p>\n<p><strong>Sebasti\u00e1n Garc\u00eda Ferro\u00a0<\/strong>es core\u00f3grafo, bailar\u00edn, performer, director y compositor. Sebastian Garc\u00eda Ferro es un creador que investiga y experimenta a trav\u00e9s de la mezcla de disciplinas. En sus creaciones, aparecen con regularidad danza, teatro f\u00edsico y visual, v\u00eddeo y dise\u00f1o sonoro. Es core\u00f3grafo asociado de La Caldera \u2013 Las Cortes, colaborador art\u00edstico del Auditorio, compositor residente de la Fundaci\u00f3n Phonos de la Universidad Pompeu Fabra y director art\u00edstico del Barcelona International Dance Exchange (BIDE), una plataforma para core\u00f3grafos, bailarines y performers integrada por festivales y equipamientos de Europa, Asia y Am\u00e9rica.<\/p>\n<\/div>\n<div class=\"content\">\n<p>M\u00e1s info:\u00a0<span style=\"color: #0000ff;\"><a style=\"color: #0000ff;\" href=\"https:\/\/www.redescena.net\/compania\/35798\/cia-sebastian-garcia-ferro\" target=\"_blank\" rel=\"noopener\">https:\/\/www.redescena.net\/compania\/35798\/cia-sebastian-garcia-ferro<\/a><\/span><\/p>\n<p>\/<\/p>\n<p><strong>El<\/strong>\u00a0<strong>Institut Escola Antaviana\u00a0<\/strong>(Roquetes, Nou Barris) participa por segunda vez en EN RESiDENCiA, con alumnos de 2\u00ba de ESO. Su primera participaci\u00f3n tuvo lugar en la d\u00e9cima edici\u00f3n (2018-2019), con las creadoras Nora Ancarola y Marga Xim\u00e9nez.\u00a0El Institut Escola Antaviana se caracteriza por un proyecto educativo que considera la inclusi\u00f3n y la atenci\u00f3n de la diversidad como uno de los objetivos principales. Su alumnado es una muestra muy amplia de todo el espectro social del barrio y presenta un grado muy alto de diversidad en lo relativo a necesidades educativas individuales y entorno socioecon\u00f3mico. Antaviana tiene, adem\u00e1s, una fuerte vinculaci\u00f3n con las familias, el barrio y sus equipamientos, como el Ateneu de Nou Barris, que es referente para toda su comunidad educativa. Professor: Jorge Carrasco.<\/p>\n<\/div>\n<div class=\"content\">\n<p>*****************************<\/p>\n<p><strong>Jo\u00e3o Lima<\/strong>\u00a0(Brasil, 1980) es core\u00f3grafo, int\u00e9rprete y productor cultural en diversas organizaciones art\u00edsticas. Form\u00f3 parte del Curso de Investigaci\u00f3n y Creaci\u00f3n Coreogr\u00e1fica del F\u00f3rum Danza, en Lisboa, y tambi\u00e9n complet\u00f3 la formaci\u00f3n ESSAIS en el Centre National de Danse Contemporaine de Angers, Francia. Desde hace casi 20 a\u00f1os, act\u00faa y ense\u00f1a teatro y danza en Am\u00e9rica Latina y Europa. En 2009 y 2014 dirigi\u00f3 el Foro Articulaciones de artes performativas en Recife. Entre sus creaciones se encuentran \u201cO Outro do Outro\u201d (2010), \u201cIlusionistas\u201d (Premio Klauss Vianna, 2012), \u201cMorder la Lengua\u201d (Premio Klauss Vianna, 2014) y m\u00e1s recientemente, \u201cVibrar el temps\u201d (2018 ), como parte del proyecto Tot Dansa, promovido por el Mercat de les Flors, el Institut del Teatre y el Instituto de Educaci\u00f3n de Barcelona. Licenciado en Filosof\u00eda por la Universidad de Barcelona, \u200b\u200bcolabora con las revistas Negratinta (SE), Yuca (ING), Continente (BR) y Interdanza (MEX).<\/p>\n<\/div>\n<div class=\"content\">\n<p>M\u00e1s info:\u00a0<span style=\"color: #0000ff;\"><a style=\"color: #0000ff;\" href=\"http:\/\/joaolima.info\/\" target=\"_blank\" rel=\"noopener\">http:\/\/joaolima.info\/<\/a><\/span><\/p>\n<p>\/<\/p>\n<p>El\u00a0<strong>Institut Bernat Metge\u00a0<\/strong>(La Verneda y La Pau, Sant Mart\u00ed) particip\u00f3 en la primera edici\u00f3n de EN RESiDENCiA (2009-2010) con Daniel Chust Peters. Vuelve a participar con un grupo de alumnos de 4\u00ba de ESO. En funcionamiento desde 1972, el Instituto Bernat Metge ofrece estudios de Educaci\u00f3n Secundaria Obligatoria y Bachillerato. En el contexto del Plan de Barrios se ha impulsado un conjunto de mejoras de este centro, incluyendo una intervenci\u00f3n educativa y social, con la participaci\u00f3n de la comunidad educativa y de los agentes sociales, econ\u00f3micos y vecinales del entorno.\u00a0<strong>Profesorado:<\/strong>\u00a0Amadeu Garc\u00eda y Eva Navas.<\/p>\n<p>M\u00e1s info:\u00a0<span style=\"color: #0000ff;\"><a style=\"color: #0000ff;\" href=\"http:\/\/institutbernatmetge.cat\/\" target=\"_blank\" rel=\"noopener\">http:\/\/institutbernatmetge.cat\/<\/a><\/span><\/p>\n<p>*****************************<\/p>\n<p>M\u00e1s info y seguimiento del programa completo de EN RESiDENCiA en\u00a0<span style=\"color: #0000ff;\"><a style=\"color: #0000ff;\" href=\"http:\/\/www.enresidencia.org\/\" target=\"_blank\" rel=\"noopener\">http:\/\/www.enresidencia.org\/<\/a><\/span><\/p>\n<\/div>\n<\/div>\n<div class=\"content\"><\/div>\n<div class=\"content\">\n<div class=\"content\">\n<div class=\"gmail-pos-top gmail-pos-center gmail-align_left gmail-column_parent gmail-col-lg-6 gmail-boomapps_vccolumn gmail-single-internal-gutter\">\n<div class=\"gmail-uncol gmail-style-light\">\n<div class=\"gmail-uncoltable\">\n<div class=\"gmail-uncell gmail-boomapps_vccolumn gmail-no-block-padding\">\n<div class=\"gmail-uncont\">\n<p><img decoding=\"async\" loading=\"lazy\" class=\"aligncenter wp-image-44617 size-large\" src=\"https:\/\/old.mercatflors.cat\/wp-content\/uploads\/2019\/10\/enresi1920-580x490.jpg\" alt=\"\" width=\"580\" height=\"490\" srcset=\"https:\/\/old.mercatflors.cat\/wp-content\/uploads\/2019\/10\/enresi1920-580x490.jpg 580w, https:\/\/old.mercatflors.cat\/wp-content\/uploads\/2019\/10\/enresi1920-350x296.jpg 350w, https:\/\/old.mercatflors.cat\/wp-content\/uploads\/2019\/10\/enresi1920.jpg 599w\" sizes=\"(max-width: 580px) 100vw, 580px\" \/><\/p>\n<div class=\"gmail-uncode_text_column\">\n<p>&nbsp;<\/p>\n<p><strong>CONSULTA EL MATERIAL DE A\u00d1OS ANTERIORES DEL PROYECTO EN RESiD\u00c8NCiA <a href=\"https:\/\/old.mercatflors.cat\/es\/programa-en-residencia-archivo\/\"><span style=\"color: #0000ff;\">AQU\u00cd<\/span><\/a>.<\/strong><\/p>\n<\/div>\n<\/div>\n<\/div>\n<\/div>\n<\/div>\n<\/div>\n<\/div>\n<\/div>\n","protected":false},"excerpt":{"rendered":"<p>Comienza un nuevo curso de EN RESiDENCiA El comisariado y [&hellip;]<\/p>\n","protected":false},"author":1,"featured_media":0,"parent":0,"menu_order":0,"comment_status":"closed","ping_status":"closed","template":"","meta":[],"_links":{"self":[{"href":"https:\/\/old.mercatflors.cat\/es\/wp-json\/wp\/v2\/pages\/48999\/"}],"collection":[{"href":"https:\/\/old.mercatflors.cat\/es\/wp-json\/wp\/v2\/pages\/"}],"about":[{"href":"https:\/\/old.mercatflors.cat\/es\/wp-json\/wp\/v2\/types\/page\/"}],"author":[{"embeddable":true,"href":"https:\/\/old.mercatflors.cat\/es\/wp-json\/wp\/v2\/users\/1\/"}],"replies":[{"embeddable":true,"href":"https:\/\/old.mercatflors.cat\/es\/wp-json\/wp\/v2\/comments\/?post=48999"}],"version-history":[{"count":0,"href":"https:\/\/old.mercatflors.cat\/es\/wp-json\/wp\/v2\/pages\/48999\/revisions\/"}],"wp:attachment":[{"href":"https:\/\/old.mercatflors.cat\/es\/wp-json\/wp\/v2\/media\/?parent=48999"}],"curies":[{"name":"wp","href":"https:\/\/api.w.org\/{rel}","templated":true}]}}

<h2 class="title">Comienza un nuevo curso de EN RESiDENCiA</h2>
<div class="content">
<div class="content">
<p><span class="autor">El comisariado y la mediación del Graner y el Mercat de les Flors pone en diálogo a Sebastián García Ferro y el Instituto Escola Antaviana y a João Lima y el Institut Bernat Metge a lo largo del curso 2019-20, dentro del programa EN RESiDENCiA del Instituto de Cultura de Barcelona y el Consorcio de Educación de Barcelona, ​​ideado en cooperación con la Asociación A Bao A Qu.<br />
</span></p>
<p><strong>Sebastián García Ferro </strong>es coreógrafo, bailarín, performer, director y compositor. Sebastian García Ferro es un creador que investiga y experimenta a través de la mezcla de disciplinas. En sus creaciones, aparecen con regularidad danza, teatro físico y visual, vídeo y diseño sonoro. Es coreógrafo asociado de La Caldera – Las Cortes, colaborador artístico del Auditorio, compositor residente de la Fundación Phonos de la Universidad Pompeu Fabra y director artístico del Barcelona International Dance Exchange (BIDE), una plataforma para coreógrafos, bailarines y performers integrada por festivales y equipamientos de Europa, Asia y América.</p>
</div>
<div class="content">
<p>Más info: <span style="color: #0000ff;"><a style="color: #0000ff;" href="https://www.redescena.net/compania/35798/cia-sebastian-garcia-ferro" target="_blank" rel="noopener">https://www.redescena.net/compania/35798/cia-sebastian-garcia-ferro</a></span></p>
<p>/</p>
<p><strong>El</strong> <strong>Institut Escola Antaviana </strong>(Roquetes, Nou Barris) participa por segunda vez en EN RESiDENCiA, con alumnos de 2º de ESO. Su primera participación tuvo lugar en la décima edición (2018-2019), con las creadoras Nora Ancarola y Marga Ximénez. El Institut Escola Antaviana se caracteriza por un proyecto educativo que considera la inclusión y la atención de la diversidad como uno de los objetivos principales. Su alumnado es una muestra muy amplia de todo el espectro social del barrio y presenta un grado muy alto de diversidad en lo relativo a necesidades educativas individuales y entorno socioeconómico. Antaviana tiene, además, una fuerte vinculación con las familias, el barrio y sus equipamientos, como el Ateneu de Nou Barris, que es referente para toda su comunidad educativa. Professor: Jorge Carrasco.</p>
</div>
<div class="content">
<p>*****************************</p>
<p><strong>João Lima</strong> (Brasil, 1980) es coreógrafo, intérprete y productor cultural en diversas organizaciones artísticas. Formó parte del Curso de Investigación y Creación Coreográfica del Fórum Danza, en Lisboa, y también completó la formación ESSAIS en el Centre National de Danse Contemporaine de Angers, Francia. Desde hace casi 20 años, actúa y enseña teatro y danza en América Latina y Europa. En 2009 y 2014 dirigió el Foro Articulaciones de artes performativas en Recife. Entre sus creaciones se encuentran “O Outro do Outro” (2010), “Ilusionistas” (Premio Klauss Vianna, 2012), “Morder la Lengua” (Premio Klauss Vianna, 2014) y más recientemente, “Vibrar el temps” (2018 ), como parte del proyecto Tot Dansa, promovido por el Mercat de les Flors, el Institut del Teatre y el Instituto de Educación de Barcelona. Licenciado en Filosofía por la Universidad de Barcelona, ​​colabora con las revistas Negratinta (SE), Yuca (ING), Continente (BR) y Interdanza (MEX).</p>
</div>
<div class="content">
<p>Más info: <span style="color: #0000ff;"><a style="color: #0000ff;" href="http://joaolima.info/" target="_blank" rel="noopener">http://joaolima.info/</a></span></p>
<p>/</p>
<p>El <strong>Institut Bernat Metge </strong>(La Verneda y La Pau, Sant Martí) participó en la primera edición de EN RESiDENCiA (2009-2010) con Daniel Chust Peters. Vuelve a participar con un grupo de alumnos de 4º de ESO. En funcionamiento desde 1972, el Instituto Bernat Metge ofrece estudios de Educación Secundaria Obligatoria y Bachillerato. En el contexto del Plan de Barrios se ha impulsado un conjunto de mejoras de este centro, incluyendo una intervención educativa y social, con la participación de la comunidad educativa y de los agentes sociales, económicos y vecinales del entorno. <strong>Profesorado:</strong> Amadeu García y Eva Navas.</p>
<p>Más info: <span style="color: #0000ff;"><a style="color: #0000ff;" href="http://institutbernatmetge.cat/" target="_blank" rel="noopener">http://institutbernatmetge.cat/</a></span></p>
<p>*****************************</p>
<p>Más info y seguimiento del programa completo de EN RESiDENCiA en <span style="color: #0000ff;"><a style="color: #0000ff;" href="http://www.enresidencia.org/" target="_blank" rel="noopener">http://www.enresidencia.org/</a></span></p>
</div>
</div>
<div class="content"></div>
<div class="content">
<div class="content">
<div class="gmail-pos-top gmail-pos-center gmail-align_left gmail-column_parent gmail-col-lg-6 gmail-boomapps_vccolumn gmail-single-internal-gutter">
<div class="gmail-uncol gmail-style-light">
<div class="gmail-uncoltable">
<div class="gmail-uncell gmail-boomapps_vccolumn gmail-no-block-padding">
<div class="gmail-uncont">
<p><img decoding="async" loading="lazy" class="aligncenter wp-image-44617 size-large" src="https://old.mercatflors.cat/wp-content/uploads/2019/10/enresi1920-580x490.jpg" alt="" width="580" height="490" srcset="https://old.mercatflors.cat/wp-content/uploads/2019/10/enresi1920-580x490.jpg 580w, https://old.mercatflors.cat/wp-content/uploads/2019/10/enresi1920-350x296.jpg 350w, https://old.mercatflors.cat/wp-content/uploads/2019/10/enresi1920.jpg 599w" sizes="(max-width: 580px) 100vw, 580px" /></p>
<div class="gmail-uncode_text_column">
<p>&nbsp;</p>
<p><strong>CONSULTA EL MATERIAL DE AÑOS ANTERIORES DEL PROYECTO EN RESiDÈNCiA <a href="https://old.mercatflors.cat/es/programa-en-residencia-archivo/"><span style="color: #0000ff;">AQUÍ</span></a>.</strong></p>
</div>
</div>
</div>
</div>
</div>
</div>
</div>
</div>
