{"id":52099,"date":"2021-09-07T15:21:51","date_gmt":"2021-09-07T14:21:51","guid":{"rendered":"https:\/\/old.mercatflors.cat\/?page_id=52099"},"modified":"2022-01-24T12:43:23","modified_gmt":"2022-01-24T11:43:23","slug":"una-hora-antes-2021-22","status":"publish","type":"page","link":"https:\/\/old.mercatflors.cat\/es\/una-hora-antes-2021-22\/","title":{"rendered":"Una hora antes"},"content":{"rendered":"<h2><strong>Una hora antes<\/strong><\/h2>\n<p>Para estar m\u00e1s informados\/as de lo que pasa en el escenario. Una zona y un tr\u00e1nsito hacia el espect\u00e1culo. De la mano de profesionales del sector, bailarines\/as, core\u00f3grafos\/as y te\u00f3ricos\/as tendremos acceso a las voces y las historias m\u00e1s \u00edntimas y pr\u00f3ximas, desvel\u00e1ndonos detalles y referencias del lenguaje y de los contextos de la compa\u00f1\u00eda y los creadores. En esta segunda temporada incorporamos de nuevo la emisi\u00f3n en directo y en abierto de estas actividades a trav\u00e9s de nuestro canal de YouTube para aquellas personas que no puedan asistir presencialmente. <strong>Todos los s\u00e1bados de funci\u00f3n seg\u00fan programaci\u00f3n, a las 19 h<\/strong>. Para asistir a la charla hay que realizar una\u00a0inscripci\u00f3n previa gratuita (el p\u00fablico de la funci\u00f3n del s\u00e1bado recibir\u00e1 el enlace de inscripci\u00f3n por correo electr\u00f3nico). Actividad coordinada por BdDansa_Explicadansa, con la colaboraci\u00f3n durante esta temporada de Cl\u00e0udia Brufau (comunicadora especializada en danza).<\/p>\n<p><strong>MARINA MASCARELL<\/strong> &#8211; <em>orthopedica corporatio<\/em>. S\u00e1bado, 2 de octubre.<\/p>\n<p><strong>BARISHNIKOV FOUNDATION &#8211; GELABERT\/MUZIJEVIC\/BROWN<\/strong> \u2013 <em>Framing Time<\/em>.\u00a0S\u00e1bado, 9 de octubre.<\/p>\n<p><strong>GN | MC. GUY NADER | MARIA CAMPOS<\/strong> \u2013 <em>Made of Space<\/em>. S\u00e1bado, 16 de octubre.<\/p>\n<p><strong>S\u00d2NIA G\u00d3MEZ<\/strong>\u00a0\u2013 <em>The Black body, the blue mind and the fluorescente guts<\/em>. S\u00e1bado, 30 de octubre.<\/p>\n<p><strong>DEBORAH HAY AMB CULLBERG<\/strong> \u2013 <em>Figure a sea<\/em>. S\u00e1bado, 4 de diciembre (horario excepcional: <strong>18 h<\/strong>).<\/p>\n<p><strong>CIA. MIQUEL BARCELONA<\/strong> \u2013 <em>Rojos<\/em>. S\u00e1bado, 22 de enero.<\/p>\n<p><strong>JAVIER GUERRERO<\/strong> \u2013 <em>caosmeditativo<\/em>. S\u00e1bado, 5 de febrero.<\/p>\n<p><strong>KOR&#8217;SIA<\/strong> \u2013 <em>Giselle<\/em>. S\u00e1bado, 12 de marzo.<\/p>\n<p><strong>JAN MARTENS \/GRIP &amp; Dance On<\/strong> &#8211; <em>Any attempt will end in crushed bodies and shattered bones<\/em>. S\u00e1bado, 19 de marzo.<\/p>\n<p><strong>SASHA WALTZ<\/strong> &#8211; <em>In C<\/em><i>.<\/i>\u00a0S\u00e1bado, 9 de abril.<\/p>\n<p><strong>HUMANHOOD<\/strong> &#8211; <em>\u221e<\/em><i>.<\/i>\u00a0S\u00e1bado, 23 de abril.<\/p>\n<p><strong>PALOMA MU\u00d1OZ<\/strong> &#8211; <em>L.E.V.E<\/em><i>.<\/i>\u00a0S\u00e1bado, 30 de abril.<\/p>\n<p><strong>N\u00daRIA GUIU<\/strong> \u2013 <em>Cyberexorcisme. <\/em>S\u00e1bado, 7 de mayo<\/p>\n","protected":false},"excerpt":{"rendered":"<p>Una hora antes Para estar m\u00e1s informados\/as de lo que [&hellip;]<\/p>\n","protected":false},"author":1,"featured_media":51941,"parent":0,"menu_order":0,"comment_status":"closed","ping_status":"closed","template":"","meta":[],"_links":{"self":[{"href":"https:\/\/old.mercatflors.cat\/es\/wp-json\/wp\/v2\/pages\/52099\/"}],"collection":[{"href":"https:\/\/old.mercatflors.cat\/es\/wp-json\/wp\/v2\/pages\/"}],"about":[{"href":"https:\/\/old.mercatflors.cat\/es\/wp-json\/wp\/v2\/types\/page\/"}],"author":[{"embeddable":true,"href":"https:\/\/old.mercatflors.cat\/es\/wp-json\/wp\/v2\/users\/1\/"}],"replies":[{"embeddable":true,"href":"https:\/\/old.mercatflors.cat\/es\/wp-json\/wp\/v2\/comments\/?post=52099"}],"version-history":[{"count":0,"href":"https:\/\/old.mercatflors.cat\/es\/wp-json\/wp\/v2\/pages\/52099\/revisions\/"}],"wp:featuredmedia":[{"embeddable":true,"href":"https:\/\/old.mercatflors.cat\/es\/wp-json\/wp\/v2\/media\/51941\/"}],"wp:attachment":[{"href":"https:\/\/old.mercatflors.cat\/es\/wp-json\/wp\/v2\/media\/?parent=52099"}],"curies":[{"name":"wp","href":"https:\/\/api.w.org\/{rel}","templated":true}]}}

<h2><strong>Una hora antes</strong></h2>
<p>Para estar más informados/as de lo que pasa en el escenario. Una zona y un tránsito hacia el espectáculo. De la mano de profesionales del sector, bailarines/as, coreógrafos/as y teóricos/as tendremos acceso a las voces y las historias más íntimas y próximas, desvelándonos detalles y referencias del lenguaje y de los contextos de la compañía y los creadores. En esta segunda temporada incorporamos de nuevo la emisión en directo y en abierto de estas actividades a través de nuestro canal de YouTube para aquellas personas que no puedan asistir presencialmente. <strong>Todos los sábados de función según programación, a las 19 h</strong>. Para asistir a la charla hay que realizar una inscripción previa gratuita (el público de la función del sábado recibirá el enlace de inscripción por correo electrónico). Actividad coordinada por BdDansa_Explicadansa, con la colaboración durante esta temporada de Clàudia Brufau (comunicadora especializada en danza).</p>
<p><strong>MARINA MASCARELL</strong> &#8211; <em>orthopedica corporatio</em>. Sábado, 2 de octubre.</p>
<p><strong>BARISHNIKOV FOUNDATION &#8211; GELABERT/MUZIJEVIC/BROWN</strong> – <em>Framing Time</em>. Sábado, 9 de octubre.</p>
<p><strong>GN | MC. GUY NADER | MARIA CAMPOS</strong> – <em>Made of Space</em>. Sábado, 16 de octubre.</p>
<p><strong>SÒNIA GÓMEZ</strong> – <em>The Black body, the blue mind and the fluorescente guts</em>. Sábado, 30 de octubre.</p>
<p><strong>DEBORAH HAY AMB CULLBERG</strong> – <em>Figure a sea</em>. Sábado, 4 de diciembre (horario excepcional: <strong>18 h</strong>).</p>
<p><strong>CIA. MIQUEL BARCELONA</strong> – <em>Rojos</em>. Sábado, 22 de enero.</p>
<p><strong>JAVIER GUERRERO</strong> – <em>caosmeditativo</em>. Sábado, 5 de febrero.</p>
<p><strong>KOR&#8217;SIA</strong> – <em>Giselle</em>. Sábado, 12 de marzo.</p>
<p><strong>JAN MARTENS /GRIP &amp; Dance On</strong> &#8211; <em>Any attempt will end in crushed bodies and shattered bones</em>. Sábado, 19 de marzo.</p>
<p><strong>SASHA WALTZ</strong> &#8211; <em>In C</em><i>.</i> Sábado, 9 de abril.</p>
<p><strong>HUMANHOOD</strong> &#8211; <em>∞</em><i>.</i> Sábado, 23 de abril.</p>
<p><strong>PALOMA MUÑOZ</strong> &#8211; <em>L.E.V.E</em><i>.</i> Sábado, 30 de abril.</p>
<p><strong>NÚRIA GUIU</strong> – <em>Cyberexorcisme. </em>Sábado, 7 de mayo</p>

<p>Una hora antes Para estar más informados/as de lo que [&hellip;]</p>
