{"id":52105,"date":"2021-09-07T15:34:50","date_gmt":"2021-09-07T14:34:50","guid":{"rendered":"https:\/\/old.mercatflors.cat\/?page_id=52105"},"modified":"2022-04-20T14:39:42","modified_gmt":"2022-04-20T13:39:42","slug":"conversaciones-postfuncion-2021-22","status":"publish","type":"page","link":"https:\/\/old.mercatflors.cat\/es\/conversaciones-postfuncion-2021-22\/","title":{"rendered":"Conversaciones postfunci\u00f3n"},"content":{"rendered":"<h2><strong>Conversaciones postfunci\u00f3n<\/strong><\/h2>\n<p>Al acabar la funci\u00f3n, el Mercat invita a algunos de los core\u00f3grafos de la temporada a compartir un momento con su p\u00fablico.\u00a0<strong>Los viernes despu\u00e9s de la funci\u00f3n<\/strong>\u00a0(excepto\u00a0Debora\u00a0Hay). Gratuito.<\/p>\n<p><strong>DEBORAH HAY<\/strong>\u00a0\u2013 <em>The Match<\/em>. S\u00e1bado, 27 de noviembre.<\/p>\n<p><strong>HOTEL COL\u00b7LECTIU ESC\u00c8NIC<\/strong> \u2013 <em>Habitaci\u00f3n 11: La Honte. Coreograf\u00eda de Lisi Estar\u00e0s<\/em>. Viernes, 10 de diciembre.<\/p>\n<p><strong>LEONOR LEAL <\/strong>\u2013\u00a0<em>Loxa<\/em>. Viernes, 11 de febrero.<\/p>\n<p><strong>KOR&#8217;SIA\u00a0<\/strong>\u2013 <em>Giselle<\/em>. Viernes, 11 de marzo.<\/p>\n<p><strong>SASHA WALTZ<\/strong>\u00a0&#8211; <em>In C<\/em>. Viernes, 8 de abril.<\/p>\n<p><strong>HUMANHOOD<\/strong> &#8211; <em>Infinit<\/em>. Viernes, 22 de abril<\/p>\n","protected":false},"excerpt":{"rendered":"<p>Conversaciones postfunci\u00f3n Al acabar la funci\u00f3n, el Mercat invita a [&hellip;]<\/p>\n","protected":false},"author":1,"featured_media":51950,"parent":0,"menu_order":0,"comment_status":"closed","ping_status":"closed","template":"","meta":[],"_links":{"self":[{"href":"https:\/\/old.mercatflors.cat\/es\/wp-json\/wp\/v2\/pages\/52105\/"}],"collection":[{"href":"https:\/\/old.mercatflors.cat\/es\/wp-json\/wp\/v2\/pages\/"}],"about":[{"href":"https:\/\/old.mercatflors.cat\/es\/wp-json\/wp\/v2\/types\/page\/"}],"author":[{"embeddable":true,"href":"https:\/\/old.mercatflors.cat\/es\/wp-json\/wp\/v2\/users\/1\/"}],"replies":[{"embeddable":true,"href":"https:\/\/old.mercatflors.cat\/es\/wp-json\/wp\/v2\/comments\/?post=52105"}],"version-history":[{"count":0,"href":"https:\/\/old.mercatflors.cat\/es\/wp-json\/wp\/v2\/pages\/52105\/revisions\/"}],"wp:featuredmedia":[{"embeddable":true,"href":"https:\/\/old.mercatflors.cat\/es\/wp-json\/wp\/v2\/media\/51950\/"}],"wp:attachment":[{"href":"https:\/\/old.mercatflors.cat\/es\/wp-json\/wp\/v2\/media\/?parent=52105"}],"curies":[{"name":"wp","href":"https:\/\/api.w.org\/{rel}","templated":true}]}}

Conversaciones postfunción

<h2><strong>Conversaciones postfunción</strong></h2>
<p>Al acabar la función, el Mercat invita a algunos de los coreógrafos de la temporada a compartir un momento con su público. <strong>Los viernes después de la función</strong> (excepto Debora Hay). Gratuito.</p>
<p><strong>DEBORAH HAY</strong> – <em>The Match</em>. Sábado, 27 de noviembre.</p>
<p><strong>HOTEL COL·LECTIU ESCÈNIC</strong> – <em>Habitación 11: La Honte. Coreografía de Lisi Estaràs</em>. Viernes, 10 de diciembre.</p>
<p><strong>LEONOR LEAL </strong>– <em>Loxa</em>. Viernes, 11 de febrero.</p>
<p><strong>KOR&#8217;SIA </strong>– <em>Giselle</em>. Viernes, 11 de marzo.</p>
<p><strong>SASHA WALTZ</strong> &#8211; <em>In C</em>. Viernes, 8 de abril.</p>
<p><strong>HUMANHOOD</strong> &#8211; <em>Infinit</em>. Viernes, 22 de abril</p>

<p>Conversaciones postfunción Al acabar la función, el Mercat invita a [&hellip;]</p>
