{"id":52110,"date":"2021-09-07T16:24:56","date_gmt":"2021-09-07T15:24:56","guid":{"rendered":"https:\/\/old.mercatflors.cat\/?page_id=52110"},"modified":"2022-03-18T11:49:15","modified_gmt":"2022-03-18T10:49:15","slug":"una-horita-antes-2021-22","status":"publish","type":"page","link":"https:\/\/old.mercatflors.cat\/es\/una-horita-antes-2021-22\/","title":{"rendered":"Una horita antes"},"content":{"rendered":"<p>&nbsp;<\/p>\n<h2><strong>Una horita antes<\/strong><\/h2>\n<p>Para los espectadores inquietos del Talla \u00fanica. Propuestas visuales y de juego a la entrada del espect\u00e1culo para sumergirnos en el imaginario de la pieza esc\u00e9nica. Adultos y peque\u00f1os son bienvenidos en estas experiencias de percepci\u00f3n y reflexi\u00f3n de formatos muy diversos. Coordinadas y conducidas por Magdalena Garz\u00f3n, artista y pedagoga de la danza \u2013con la colaboraci\u00f3n de Oriol Corral, escen\u00f3grafo. En el hall y el vest\u00edbulo del Mercat. Gratuito.<\/p>\n<p><strong>Ma Compagnie &#8211; Marc Lacourt<\/strong>\u00a0\u2013 <em>La serpill\u00e8re de Monsieur Mutt<\/em>. 12 y 13 de febrero.<\/p>\n<p><strong>Hela Fattoumi\u00a0 y \u00c9ric Lamoureux<\/strong> \u2013 <em>Azkak<\/em>. 26 de marzo.<\/p>\n","protected":false},"excerpt":{"rendered":"<p>&nbsp; Una horita antes Para los espectadores inquietos del Talla [&hellip;]<\/p>\n","protected":false},"author":1,"featured_media":42833,"parent":0,"menu_order":0,"comment_status":"closed","ping_status":"closed","template":"","meta":[],"_links":{"self":[{"href":"https:\/\/old.mercatflors.cat\/es\/wp-json\/wp\/v2\/pages\/52110\/"}],"collection":[{"href":"https:\/\/old.mercatflors.cat\/es\/wp-json\/wp\/v2\/pages\/"}],"about":[{"href":"https:\/\/old.mercatflors.cat\/es\/wp-json\/wp\/v2\/types\/page\/"}],"author":[{"embeddable":true,"href":"https:\/\/old.mercatflors.cat\/es\/wp-json\/wp\/v2\/users\/1\/"}],"replies":[{"embeddable":true,"href":"https:\/\/old.mercatflors.cat\/es\/wp-json\/wp\/v2\/comments\/?post=52110"}],"version-history":[{"count":0,"href":"https:\/\/old.mercatflors.cat\/es\/wp-json\/wp\/v2\/pages\/52110\/revisions\/"}],"wp:featuredmedia":[{"embeddable":true,"href":"https:\/\/old.mercatflors.cat\/es\/wp-json\/wp\/v2\/media\/42833\/"}],"wp:attachment":[{"href":"https:\/\/old.mercatflors.cat\/es\/wp-json\/wp\/v2\/media\/?parent=52110"}],"curies":[{"name":"wp","href":"https:\/\/api.w.org\/{rel}","templated":true}]}}

<p>&nbsp;</p>
<h2><strong>Una horita antes</strong></h2>
<p>Para los espectadores inquietos del Talla única. Propuestas visuales y de juego a la entrada del espectáculo para sumergirnos en el imaginario de la pieza escénica. Adultos y pequeños son bienvenidos en estas experiencias de percepción y reflexión de formatos muy diversos. Coordinadas y conducidas por Magdalena Garzón, artista y pedagoga de la danza –con la colaboración de Oriol Corral, escenógrafo. En el hall y el vestíbulo del Mercat. Gratuito.</p>
<p><strong>Ma Compagnie &#8211; Marc Lacourt</strong> – <em>La serpillère de Monsieur Mutt</em>. 12 y 13 de febrero.</p>
<p><strong>Hela Fattoumi  y Éric Lamoureux</strong> – <em>Azkak</em>. 26 de marzo.</p>
