{"id":52872,"date":"2021-10-18T10:20:06","date_gmt":"2021-10-18T09:20:06","guid":{"rendered":"https:\/\/old.mercatflors.cat\/?page_id=52872"},"modified":"2022-06-21T14:48:53","modified_gmt":"2022-06-21T13:48:53","slug":"curso-de-formacion-al-profesorado-2022","status":"publish","type":"page","link":"https:\/\/old.mercatflors.cat\/es\/curso-de-formacion-al-profesorado-2022\/","title":{"rendered":"Curso de formaci\u00f3n al profesorado (2021-2022)"},"content":{"rendered":"<h2>Esta informaci\u00f3n se corresponde con la temporada 2021-2022. En breve se publicar\u00e1 la informaci\u00f3n actualizada.<\/h2>\n<p>&nbsp;<\/p>\n<p>Curso de siete sesiones, con un total de 21 horas, reconocido por el Departamento de Educaci\u00f3n de la Generalitat de Catalunya donde se acoge a profesorado de todos los niveles educativos (jard\u00edn de infancia, educaci\u00f3n infantil, primaria e institutos). Las sesiones son conducidas por creadores de la temporada en curso que nos comparten su particular mirada reflexiva y caja de herramientas para introducir el lenguaje de la danza en el aula. Encuentros presenciales y pr\u00e1cticas en el Mercat de les Flors.<\/p>\n<p><strong>Programa:<\/strong>\u00a0Cons\u00faltalo\u00a0<a href=\"https:\/\/old.mercatflors.cat\/wp-content\/uploads\/2021\/12\/Curs-de-formaci\u00f3-al-professorat-2021-2022.pdf\"><strong><span style=\"color: #0000ff;\">AQU\u00cd<\/span><\/strong><\/a><\/p>\n<p><strong>Calendario:<\/strong> 25 de enero, 8 y 22 de febrero, 8, 15, 22 y 28 de marzo del 2022.<\/p>\n<p><strong>Precio:<\/strong> 100\u20ac. Se efectuar\u00e1 un descuento del 40% (precio 60\u20ac) al profesorado inscrito en los espect\u00e1culos o proyectos educativos del Mercat de les Flors 2021\/22.<\/p>\n<p><strong>Horario:<\/strong> de 18 h a 21 h.<\/p>\n<p><strong>Inscripciones:\u00a0<\/strong>Rellena este\u00a0<strong><span style=\"color: #0000ff;\"><a style=\"color: #0000ff;\" href=\"https:\/\/docs.google.com\/forms\/d\/e\/1FAIpQLSeg1d1ANDSBWxKSxLnCPnuAorvvHM9CSK2b4SKja5IKveriYQ\/viewform\">formulario<\/a>\u00a0<\/span><\/strong>(plazo de inscripci\u00f3n: Hasta agotar plazas).<\/p>\n","protected":false},"excerpt":{"rendered":"<p>Esta informaci\u00f3n se corresponde con la temporada 2021-2022. En breve [&hellip;]<\/p>\n","protected":false},"author":1,"featured_media":57334,"parent":0,"menu_order":0,"comment_status":"closed","ping_status":"closed","template":"","meta":[],"_links":{"self":[{"href":"https:\/\/old.mercatflors.cat\/es\/wp-json\/wp\/v2\/pages\/52872\/"}],"collection":[{"href":"https:\/\/old.mercatflors.cat\/es\/wp-json\/wp\/v2\/pages\/"}],"about":[{"href":"https:\/\/old.mercatflors.cat\/es\/wp-json\/wp\/v2\/types\/page\/"}],"author":[{"embeddable":true,"href":"https:\/\/old.mercatflors.cat\/es\/wp-json\/wp\/v2\/users\/1\/"}],"replies":[{"embeddable":true,"href":"https:\/\/old.mercatflors.cat\/es\/wp-json\/wp\/v2\/comments\/?post=52872"}],"version-history":[{"count":0,"href":"https:\/\/old.mercatflors.cat\/es\/wp-json\/wp\/v2\/pages\/52872\/revisions\/"}],"wp:featuredmedia":[{"embeddable":true,"href":"https:\/\/old.mercatflors.cat\/es\/wp-json\/wp\/v2\/media\/57334\/"}],"wp:attachment":[{"href":"https:\/\/old.mercatflors.cat\/es\/wp-json\/wp\/v2\/media\/?parent=52872"}],"curies":[{"name":"wp","href":"https:\/\/api.w.org\/{rel}","templated":true}]}}

Curso de formación al profesorado (2021-2022)

<h2>Esta información se corresponde con la temporada 2021-2022. En breve se publicará la información actualizada.</h2>
<p>&nbsp;</p>
<p>Curso de siete sesiones, con un total de 21 horas, reconocido por el Departamento de Educación de la Generalitat de Catalunya donde se acoge a profesorado de todos los niveles educativos (jardín de infancia, educación infantil, primaria e institutos). Las sesiones son conducidas por creadores de la temporada en curso que nos comparten su particular mirada reflexiva y caja de herramientas para introducir el lenguaje de la danza en el aula. Encuentros presenciales y prácticas en el Mercat de les Flors.</p>
<p><strong>Programa:</strong> Consúltalo <a href="https://old.mercatflors.cat/wp-content/uploads/2021/12/Curs-de-formació-al-professorat-2021-2022.pdf"><strong><span style="color: #0000ff;">AQUÍ</span></strong></a></p>
<p><strong>Calendario:</strong> 25 de enero, 8 y 22 de febrero, 8, 15, 22 y 28 de marzo del 2022.</p>
<p><strong>Precio:</strong> 100€. Se efectuará un descuento del 40% (precio 60€) al profesorado inscrito en los espectáculos o proyectos educativos del Mercat de les Flors 2021/22.</p>
<p><strong>Horario:</strong> de 18 h a 21 h.</p>
<p><strong>Inscripciones: </strong>Rellena este <strong><span style="color: #0000ff;"><a style="color: #0000ff;" href="https://docs.google.com/forms/d/e/1FAIpQLSeg1d1ANDSBWxKSxLnCPnuAorvvHM9CSK2b4SKja5IKveriYQ/viewform">formulario</a> </span></strong>(plazo de inscripción: Hasta agotar plazas).</p>

<p>Esta información se corresponde con la temporada 2021-2022. En breve [&hellip;]</p>
