{"id":55824,"date":"2022-06-21T14:13:19","date_gmt":"2022-06-21T13:13:19","guid":{"rendered":"https:\/\/old.mercatflors.cat\/?page_id=55824"},"modified":"2022-06-22T16:39:51","modified_gmt":"2022-06-22T15:39:51","slug":"programacion-expandida-2022-2023","status":"publish","type":"page","link":"https:\/\/old.mercatflors.cat\/es\/programacion-expandida-2022-2023\/","title":{"rendered":"Programaci\u00f3n expandida 2022-2023"},"content":{"rendered":"<p>&nbsp;<\/p>\n<p><strong>Acompa\u00f1amos al p\u00fablico<\/strong><\/p>\n<p>Entre la investigaci\u00f3n, la pedagog\u00eda, la creaci\u00f3n y la escena, hacemos resonar la propia exhibici\u00f3n con un conjunto de propuestas paralelas dirigidas al espectador. Continuamos trabajando por una oferta amplia de actividad que expande la exhibici\u00f3n, poniendo al alcance del p\u00fablico una estructura de programa singular que se desarrolla a lo largo de la temporada en diferentes intensidades. Un programa complementado con las actividades que conforman nuestro acompa\u00f1amiento al espectador y que permite aproximarse y seguir la temporada a diferentes distancias y en distintos formatos: presentaciones, conferencias, creaciones videogr\u00e1ficas, talleres de cuerpo, ensayos abiertos y lecturas comentadas, organizados con la complicidad de los creadores residentes, asociados y de profesorado experto.<\/p>\n<h2><strong>Para adultos<\/strong><\/h2>\n<ul>\n<li><a href=\"https:\/\/old.mercatflors.cat\/es\/una-hora-antes-2022-23\/\"><strong>Una hora antes<\/strong><\/a><\/li>\n<li><a href=\"https:\/\/old.mercatflors.cat\/es\/charlas-y-dramaturgias-del-debate\/\"><strong>Charlas y Dramaturgias del Debate<\/strong><\/a><\/li>\n<\/ul>\n","protected":false},"excerpt":{"rendered":"<p>&nbsp; Acompa\u00f1amos al p\u00fablico Entre la investigaci\u00f3n, la pedagog\u00eda, la [&hellip;]<\/p>\n","protected":false},"author":1,"featured_media":52493,"parent":0,"menu_order":0,"comment_status":"closed","ping_status":"closed","template":"template-blocs-grocs.php","meta":[],"_links":{"self":[{"href":"https:\/\/old.mercatflors.cat\/es\/wp-json\/wp\/v2\/pages\/55824\/"}],"collection":[{"href":"https:\/\/old.mercatflors.cat\/es\/wp-json\/wp\/v2\/pages\/"}],"about":[{"href":"https:\/\/old.mercatflors.cat\/es\/wp-json\/wp\/v2\/types\/page\/"}],"author":[{"embeddable":true,"href":"https:\/\/old.mercatflors.cat\/es\/wp-json\/wp\/v2\/users\/1\/"}],"replies":[{"embeddable":true,"href":"https:\/\/old.mercatflors.cat\/es\/wp-json\/wp\/v2\/comments\/?post=55824"}],"version-history":[{"count":0,"href":"https:\/\/old.mercatflors.cat\/es\/wp-json\/wp\/v2\/pages\/55824\/revisions\/"}],"wp:featuredmedia":[{"embeddable":true,"href":"https:\/\/old.mercatflors.cat\/es\/wp-json\/wp\/v2\/media\/52493\/"}],"wp:attachment":[{"href":"https:\/\/old.mercatflors.cat\/es\/wp-json\/wp\/v2\/media\/?parent=55824"}],"curies":[{"name":"wp","href":"https:\/\/api.w.org\/{rel}","templated":true}]}}

Programación expandida 2022-2023

<p>&nbsp;</p>
<p><strong>Acompañamos al público</strong></p>
<p>Entre la investigación, la pedagogía, la creación y la escena, hacemos resonar la propia exhibición con un conjunto de propuestas paralelas dirigidas al espectador. Continuamos trabajando por una oferta amplia de actividad que expande la exhibición, poniendo al alcance del público una estructura de programa singular que se desarrolla a lo largo de la temporada en diferentes intensidades. Un programa complementado con las actividades que conforman nuestro acompañamiento al espectador y que permite aproximarse y seguir la temporada a diferentes distancias y en distintos formatos: presentaciones, conferencias, creaciones videográficas, talleres de cuerpo, ensayos abiertos y lecturas comentadas, organizados con la complicidad de los creadores residentes, asociados y de profesorado experto.</p>
<h2><strong>Para adultos</strong></h2>
<ul>
<li><a href="https://old.mercatflors.cat/es/una-hora-antes-2022-23/"><strong>Una hora antes</strong></a></li>
<li><a href="https://old.mercatflors.cat/es/charlas-y-dramaturgias-del-debate/"><strong>Charlas y Dramaturgias del Debate</strong></a></li>
</ul>

<p>&nbsp; Acompañamos al público Entre la investigación, la pedagogía, la [&hellip;]</p>
