{"id":55980,"date":"2022-06-22T16:39:26","date_gmt":"2022-06-22T15:39:26","guid":{"rendered":"https:\/\/old.mercatflors.cat\/?page_id=55980"},"modified":"2023-03-31T11:45:37","modified_gmt":"2023-03-31T10:45:37","slug":"una-hora-antes-2022-23","status":"publish","type":"page","link":"https:\/\/old.mercatflors.cat\/es\/una-hora-antes-2022-23\/","title":{"rendered":"UNA HORA ANTES"},"content":{"rendered":"<p>&nbsp;<\/p>\n<p>Uno de los programas cl\u00e1sicos del Mercat para acompa\u00f1ar al espectador antes de entrar en la sala, sin spoilers. Un espacio tranquilo e informado, con la participaci\u00f3n de profesionales del sector, bailarines, core\u00f3grafos y te\u00f3ricos que nos presentan claves y referencies del espect\u00e1culo y el artista. Por tercera temporada incorporamos la emisi\u00f3n en directo y en abierto de esta actividad a trav\u00e9s de nuestro canal de youtube para quienes no pueden asistir presencialmente.<\/p>\n<p>Un programa coordinado por BdDansa_ExplicaDansa, con la colaboraci\u00f3n de Cl\u00e0udia Brufau.<\/p>\n<p>Alrededor de las piezas y artistas:<\/p>\n<ul>\n<li>MARIA ROVIRA \u2013 s\u00e1bado 8 octubre<\/li>\n<li>ISRAEL GALV\u00c1N+NI\u00d1O DE ELCHE \u2013 s\u00e1bado 15 octubre<\/li>\n<li>FRAN\u00c7OIS CHAIGNAUD + NINO LAISN\u00c9\u00a0\u2013 s\u00e1bado 5 noviembre<\/li>\n<li>THOMAS HAUERT \u2013 s\u00e1bado 21 enero<\/li>\n<li>ASUN NOALES + IVC \u2013 s\u00e1bado 28 enero<\/li>\n<li>OLGA DE SOTO \u2013 s\u00e1bado 11 febrero<\/li>\n<li>CUQUI JEREZ \u2013 s\u00e1bado 25 febrero<\/li>\n<li>LUCINDA CHILDS \u2013 s\u00e1bado 4 marzo<\/li>\n<li>GISELLE VI\u00c8NE\u00a0&#8211; s\u00e1bado 18 marzo<\/li>\n<li>BALLET DE MARSELLA \u2013 s\u00e1bado 25 marzo<\/li>\n<li>LIA RODRIGUES (F\u00faria) \u2013 s\u00e1bado 29 abril<\/li>\n<li>LIA RODRIGUES (Encantado) \u2013 s\u00e1bado 6 de mayo<\/li>\n<\/ul>\n<p>Sala SG. Actividad gratuita con la entrada al espect\u00e1culo. Aforo limitado<\/p>\n","protected":false},"excerpt":{"rendered":"<p>&nbsp; Uno de los programas cl\u00e1sicos del Mercat para acompa\u00f1ar [&hellip;]<\/p>\n","protected":false},"author":1,"featured_media":51941,"parent":0,"menu_order":0,"comment_status":"closed","ping_status":"closed","template":"","meta":[],"_links":{"self":[{"href":"https:\/\/old.mercatflors.cat\/es\/wp-json\/wp\/v2\/pages\/55980\/"}],"collection":[{"href":"https:\/\/old.mercatflors.cat\/es\/wp-json\/wp\/v2\/pages\/"}],"about":[{"href":"https:\/\/old.mercatflors.cat\/es\/wp-json\/wp\/v2\/types\/page\/"}],"author":[{"embeddable":true,"href":"https:\/\/old.mercatflors.cat\/es\/wp-json\/wp\/v2\/users\/1\/"}],"replies":[{"embeddable":true,"href":"https:\/\/old.mercatflors.cat\/es\/wp-json\/wp\/v2\/comments\/?post=55980"}],"version-history":[{"count":0,"href":"https:\/\/old.mercatflors.cat\/es\/wp-json\/wp\/v2\/pages\/55980\/revisions\/"}],"wp:featuredmedia":[{"embeddable":true,"href":"https:\/\/old.mercatflors.cat\/es\/wp-json\/wp\/v2\/media\/51941\/"}],"wp:attachment":[{"href":"https:\/\/old.mercatflors.cat\/es\/wp-json\/wp\/v2\/media\/?parent=55980"}],"curies":[{"name":"wp","href":"https:\/\/api.w.org\/{rel}","templated":true}]}}

<p>&nbsp;</p>
<p>Uno de los programas clásicos del Mercat para acompañar al espectador antes de entrar en la sala, sin spoilers. Un espacio tranquilo e informado, con la participación de profesionales del sector, bailarines, coreógrafos y teóricos que nos presentan claves y referencies del espectáculo y el artista. Por tercera temporada incorporamos la emisión en directo y en abierto de esta actividad a través de nuestro canal de youtube para quienes no pueden asistir presencialmente.</p>
<p>Un programa coordinado por BdDansa_ExplicaDansa, con la colaboración de Clàudia Brufau.</p>
<p>Alrededor de las piezas y artistas:</p>
<ul>
<li>MARIA ROVIRA – sábado 8 octubre</li>
<li>ISRAEL GALVÁN+NIÑO DE ELCHE – sábado 15 octubre</li>
<li>FRANÇOIS CHAIGNAUD + NINO LAISNÉ – sábado 5 noviembre</li>
<li>THOMAS HAUERT – sábado 21 enero</li>
<li>ASUN NOALES + IVC – sábado 28 enero</li>
<li>OLGA DE SOTO – sábado 11 febrero</li>
<li>CUQUI JEREZ – sábado 25 febrero</li>
<li>LUCINDA CHILDS – sábado 4 marzo</li>
<li>GISELLE VIÈNE &#8211; sábado 18 marzo</li>
<li>BALLET DE MARSELLA – sábado 25 marzo</li>
<li>LIA RODRIGUES (Fúria) – sábado 29 abril</li>
<li>LIA RODRIGUES (Encantado) – sábado 6 de mayo</li>
</ul>
<p>Sala SG. Actividad gratuita con la entrada al espectáculo. Aforo limitado</p>

<p>&nbsp; Uno de los programas clásicos del Mercat para acompañar [&hellip;]</p>
