{"id":56097,"date":"2022-06-23T17:08:02","date_gmt":"2022-06-23T16:08:02","guid":{"rendered":"https:\/\/old.mercatflors.cat\/?page_id=56097"},"modified":"2022-11-03T14:03:08","modified_gmt":"2022-11-03T13:03:08","slug":"programacion-familiar-2022-23","status":"publish","type":"page","link":"https:\/\/old.mercatflors.cat\/es\/publicos\/programacion-familiar-2022-23\/","title":{"rendered":"Programaci\u00f3n familiar 2022-23"},"content":{"rendered":"<p>&nbsp;<\/p>\n<p>La programaci\u00f3n art\u00edstica del Mercat de les Flors cuenta con una serie de espect\u00e1culos dirigidos a los m\u00e1s peque\u00f1os y a las familias, con propuestas que buscan compartir con los ni\u00f1os y ni\u00f1as la magia y el juego de la danza esc\u00e9nica con el objetivo de acercarlos a esta disciplina art\u00edstica.<\/p>\n<ul>\n<li><a href=\"https:\/\/old.mercatflors.cat\/es\/itineraris\/talla-unica-zerocinc\/\"><strong>TALLA \u00daNICA-ZEROCINC<\/strong>Piezas para disfrutar en familia o en grupos de todas las edades<\/a><\/li>\n<li><a href=\"https:\/\/old.mercatflors.cat\/espectacle\/piste-piste-piste-punt-punt-punt\/\"><strong>FESTIVAL elPetit<\/strong>Festival internacional\u00a0de artes para la primera infancia. 26 y 27 de noviembre<\/a><\/li>\n<li><a href=\"https:\/\/old.mercatflors.cat\/es\/programacion-familiar-expandida-2022-23\/\"><strong>PROGRAMACI\u00d3N EXPANDIDA<\/strong>Actividades que van m\u00e1s all\u00e1 de la programaci\u00f3n esc\u00e9nica: Una horita antes, S\u00e1bados con taller, Vacaciones con taller&#8230;<\/a><\/li>\n<li><a href=\"https:\/\/old.mercatflors.cat\/publicacions-i-audiovisuals\/dvd-educatius-dan-dan-dansa\/\"><strong>DVD EDUCATIUS<\/strong><\/a><a title=\"Dvd educatius. Dan Dan Dansa\" href=\"https:\/\/old.mercatflors.cat\/publicacions-i-audiovisuals\/dvd-educatius-dan-dan-dansa\/\">Consulta la oferta de DVD educativos que te ofrece el Mercat<\/a><\/li>\n<\/ul>\n<p><span style=\"color: #0000ff;\"><a style=\"color: #0000ff;\" href=\"https:\/\/old.mercatflors.cat\/es\/temporada-vista\/\">Consulta aqu\u00ed toda la programaci\u00f3n 2022\/23<\/a><\/span><\/p>\n","protected":false},"excerpt":{"rendered":"<p>&nbsp; La programaci\u00f3n art\u00edstica del Mercat de les Flors cuenta [&hellip;]<\/p>\n","protected":false},"author":1,"featured_media":55556,"parent":715,"menu_order":0,"comment_status":"closed","ping_status":"closed","template":"template-blocs-grocs.php","meta":[],"_links":{"self":[{"href":"https:\/\/old.mercatflors.cat\/es\/wp-json\/wp\/v2\/pages\/56097\/"}],"collection":[{"href":"https:\/\/old.mercatflors.cat\/es\/wp-json\/wp\/v2\/pages\/"}],"about":[{"href":"https:\/\/old.mercatflors.cat\/es\/wp-json\/wp\/v2\/types\/page\/"}],"author":[{"embeddable":true,"href":"https:\/\/old.mercatflors.cat\/es\/wp-json\/wp\/v2\/users\/1\/"}],"replies":[{"embeddable":true,"href":"https:\/\/old.mercatflors.cat\/es\/wp-json\/wp\/v2\/comments\/?post=56097"}],"version-history":[{"count":0,"href":"https:\/\/old.mercatflors.cat\/es\/wp-json\/wp\/v2\/pages\/56097\/revisions\/"}],"up":[{"embeddable":true,"href":"https:\/\/old.mercatflors.cat\/es\/wp-json\/wp\/v2\/pages\/715\/"}],"wp:featuredmedia":[{"embeddable":true,"href":"https:\/\/old.mercatflors.cat\/es\/wp-json\/wp\/v2\/media\/55556\/"}],"wp:attachment":[{"href":"https:\/\/old.mercatflors.cat\/es\/wp-json\/wp\/v2\/media\/?parent=56097"}],"curies":[{"name":"wp","href":"https:\/\/api.w.org\/{rel}","templated":true}]}}

Programación familiar 2022-23

<p>&nbsp;</p>
<p>La programación artística del Mercat de les Flors cuenta con una serie de espectáculos dirigidos a los más pequeños y a las familias, con propuestas que buscan compartir con los niños y niñas la magia y el juego de la danza escénica con el objetivo de acercarlos a esta disciplina artística.</p>
<ul>
<li><a href="https://old.mercatflors.cat/es/itineraris/talla-unica-zerocinc/"><strong>TALLA ÚNICA-ZEROCINC</strong>Piezas para disfrutar en familia o en grupos de todas las edades</a></li>
<li><a href="https://old.mercatflors.cat/espectacle/piste-piste-piste-punt-punt-punt/"><strong>FESTIVAL elPetit</strong>Festival internacional de artes para la primera infancia. 26 y 27 de noviembre</a></li>
<li><a href="https://old.mercatflors.cat/es/programacion-familiar-expandida-2022-23/"><strong>PROGRAMACIÓN EXPANDIDA</strong>Actividades que van más allá de la programación escénica: Una horita antes, Sábados con taller, Vacaciones con taller&#8230;</a></li>
<li><a href="https://old.mercatflors.cat/publicacions-i-audiovisuals/dvd-educatius-dan-dan-dansa/"><strong>DVD EDUCATIUS</strong></a><a title="Dvd educatius. Dan Dan Dansa" href="https://old.mercatflors.cat/publicacions-i-audiovisuals/dvd-educatius-dan-dan-dansa/">Consulta la oferta de DVD educativos que te ofrece el Mercat</a></li>
</ul>
<p><span style="color: #0000ff;"><a style="color: #0000ff;" href="https://old.mercatflors.cat/es/temporada-vista/">Consulta aquí toda la programación 2022/23</a></span></p>

<p>&nbsp; La programación artística del Mercat de les Flors cuenta [&hellip;]</p>
