{"id":56414,"date":"2022-07-19T11:04:50","date_gmt":"2022-07-19T10:04:50","guid":{"rendered":"https:\/\/old.mercatflors.cat\/?page_id=56414"},"modified":"2023-01-13T14:09:22","modified_gmt":"2023-01-13T13:09:22","slug":"curso-de-formacion-al-profesorado-2023","status":"publish","type":"page","link":"https:\/\/old.mercatflors.cat\/es\/curso-de-formacion-al-profesorado-2023\/","title":{"rendered":"Curso de formaci\u00f3n al profesorado"},"content":{"rendered":"<p>&nbsp;<\/p>\n<p>Curso de formaci\u00f3n donde se acoge a docentes de todos los niveles educativos (preinfantil, educaci\u00f3n infantil, primaria e institutos) reconocido por parte del Departament d\u2019Educaci\u00f3 de la Generalitat de Catalunya. Este a\u00f1o\u00a0<u>el curso cuenta con<\/u>\u00a0<u>dos modalidades a seguir<\/u>: el\u00a0<strong>Curso de 21 horas<\/strong>\u00a0(7 sesiones) y el\u00a0<strong>Curso de\u00a030 horas<\/strong>\u00a0(11 sesiones, con el objetivo de dedicar las 4 sesiones complementarias a formar un espacio de reflexi\u00f3n y de acompa\u00f1amiento, en respuesta a la necesidad por parte de todos de construir red y compartir proyectos, recursos y metodolog\u00edas).<\/p>\n<p>Todas las sesiones de las dos modalidades del curso, ser\u00e1n conducidas por creadores de la temporada que nos comparten su particular mirada reflexiva y caja de herramientas para introducir el lenguaje de la danza en el aula. Encuentros presenciales y pr\u00e1cticas en el Mercat de les Flors.<\/p>\n<p><strong>Programa:<\/strong> <span style=\"color: #0000ff;\"><a style=\"color: #0000ff;\" href=\"https:\/\/old.mercatflors.cat\/wp-content\/uploads\/2022\/12\/PROGRAMA-CURS-21H.pdf\">Programa Curso (21h)<\/a><\/span>\u00a0<strong><span style=\"color: #000000;\">|<\/span><\/strong>\u00a0<span style=\"color: #0000ff;\"><a style=\"color: #0000ff;\" href=\"https:\/\/old.mercatflors.cat\/wp-content\/uploads\/2022\/12\/PROGRAMA-CURS-30H.pdf\">Programa Curso (30h)<\/a><\/span><\/p>\n<p><strong>Calendario:\u00a0Curso (21h):\u00a0<\/strong>25, 31 de enero, 14, 21 y 28 de febrero, 14 y 21 de marzo de 2023. \u00a0El calendario del grupo de trabajo se concretar\u00e1 el primer d\u00eda de curso.\u00a0Para el <strong>Curso (30h<\/strong>) se a\u00f1aden las fechas: 27 y 28 de marzo, 25 y 26 de abril de 2023<\/p>\n<p><strong>Precio:<\/strong> 100\u20ac, para el <strong>Curso (21h)<\/strong>. Se efectuar\u00e1 un descuento del 40% (precio 60\u20ac) al profesorado inscrito en los espect\u00e1culos o proyectos educativos del Mercat de les Flors 2022\/23.\u00a0Para el\u00a0<strong>Curso (30h)<\/strong>, el precio ser\u00e1 de 110\u20ac y se efectuar\u00e1 un descuento del 40% (precio 65\u20ac) al profesorado inscrito en los espect\u00e1culos o proyectos educativos del Mercat de les Flors 2022\/23.<\/p>\n<p><strong>Horario:<\/strong> De 18 h a 21 h (todas las sesiones).<\/p>\n<p><strong>Inscripciones: [PLAZAS AGOTADAS]<\/strong><\/p>\n<p><iframe loading=\"lazy\" width=\"500\" height=\"281\" src=\"https:\/\/www.youtube.com\/embed\/W4EhMwIOATw?feature=oembed\" frameborder=\"0\" allow=\"accelerometer; autoplay; clipboard-write; encrypted-media; gyroscope; picture-in-picture; web-share\" allowfullscreen title=\"CURS DE FORMACI\u00d3 AL PROFESSORAT (Temporada 2021-2022)\"><\/iframe><\/p>\n","protected":false},"excerpt":{"rendered":"<p>&nbsp; Curso de formaci\u00f3n donde se acoge a docentes de [&hellip;]<\/p>\n","protected":false},"author":1,"featured_media":42284,"parent":0,"menu_order":0,"comment_status":"closed","ping_status":"closed","template":"","meta":[],"_links":{"self":[{"href":"https:\/\/old.mercatflors.cat\/es\/wp-json\/wp\/v2\/pages\/56414\/"}],"collection":[{"href":"https:\/\/old.mercatflors.cat\/es\/wp-json\/wp\/v2\/pages\/"}],"about":[{"href":"https:\/\/old.mercatflors.cat\/es\/wp-json\/wp\/v2\/types\/page\/"}],"author":[{"embeddable":true,"href":"https:\/\/old.mercatflors.cat\/es\/wp-json\/wp\/v2\/users\/1\/"}],"replies":[{"embeddable":true,"href":"https:\/\/old.mercatflors.cat\/es\/wp-json\/wp\/v2\/comments\/?post=56414"}],"version-history":[{"count":0,"href":"https:\/\/old.mercatflors.cat\/es\/wp-json\/wp\/v2\/pages\/56414\/revisions\/"}],"wp:featuredmedia":[{"embeddable":true,"href":"https:\/\/old.mercatflors.cat\/es\/wp-json\/wp\/v2\/media\/42284\/"}],"wp:attachment":[{"href":"https:\/\/old.mercatflors.cat\/es\/wp-json\/wp\/v2\/media\/?parent=56414"}],"curies":[{"name":"wp","href":"https:\/\/api.w.org\/{rel}","templated":true}]}}

Curso de formación al profesorado

<p>&nbsp;</p>
<p>Curso de formación donde se acoge a docentes de todos los niveles educativos (preinfantil, educación infantil, primaria e institutos) reconocido por parte del Departament d’Educació de la Generalitat de Catalunya. Este año <u>el curso cuenta con</u> <u>dos modalidades a seguir</u>: el <strong>Curso de 21 horas</strong> (7 sesiones) y el <strong>Curso de 30 horas</strong> (11 sesiones, con el objetivo de dedicar las 4 sesiones complementarias a formar un espacio de reflexión y de acompañamiento, en respuesta a la necesidad por parte de todos de construir red y compartir proyectos, recursos y metodologías).</p>
<p>Todas las sesiones de las dos modalidades del curso, serán conducidas por creadores de la temporada que nos comparten su particular mirada reflexiva y caja de herramientas para introducir el lenguaje de la danza en el aula. Encuentros presenciales y prácticas en el Mercat de les Flors.</p>
<p><strong>Programa:</strong> <span style="color: #0000ff;"><a style="color: #0000ff;" href="https://old.mercatflors.cat/wp-content/uploads/2022/12/PROGRAMA-CURS-21H.pdf">Programa Curso (21h)</a></span> <strong><span style="color: #000000;">|</span></strong> <span style="color: #0000ff;"><a style="color: #0000ff;" href="https://old.mercatflors.cat/wp-content/uploads/2022/12/PROGRAMA-CURS-30H.pdf">Programa Curso (30h)</a></span></p>
<p><strong>Calendario: Curso (21h): </strong>25, 31 de enero, 14, 21 y 28 de febrero, 14 y 21 de marzo de 2023.  El calendario del grupo de trabajo se concretará el primer día de curso. Para el <strong>Curso (30h</strong>) se añaden las fechas: 27 y 28 de marzo, 25 y 26 de abril de 2023</p>
<p><strong>Precio:</strong> 100€, para el <strong>Curso (21h)</strong>. Se efectuará un descuento del 40% (precio 60€) al profesorado inscrito en los espectáculos o proyectos educativos del Mercat de les Flors 2022/23. Para el <strong>Curso (30h)</strong>, el precio será de 110€ y se efectuará un descuento del 40% (precio 65€) al profesorado inscrito en los espectáculos o proyectos educativos del Mercat de les Flors 2022/23.</p>
<p><strong>Horario:</strong> De 18 h a 21 h (todas las sesiones).</p>
<p><strong>Inscripciones: [PLAZAS AGOTADAS]</strong></p>
<p><iframe loading="lazy" width="500" height="281" src="https://www.youtube.com/embed/W4EhMwIOATw?feature=oembed" frameborder="0" allow="accelerometer; autoplay; clipboard-write; encrypted-media; gyroscope; picture-in-picture; web-share" allowfullscreen title="CURS DE FORMACIÓ AL PROFESSORAT (Temporada 2021-2022)"></iframe></p>

<p>&nbsp; Curso de formación donde se acoge a docentes de [&hellip;]</p>
