{"id":56460,"date":"2022-07-19T13:38:39","date_gmt":"2022-07-19T12:38:39","guid":{"rendered":"https:\/\/old.mercatflors.cat\/?page_id=56460"},"modified":"2022-10-27T14:05:56","modified_gmt":"2022-10-27T13:05:56","slug":"caja-de-herramientas-2022-23","status":"publish","type":"page","link":"https:\/\/old.mercatflors.cat\/es\/caja-de-herramientas-2022-23\/","title":{"rendered":"Caja de Herramientas 2022-23"},"content":{"rendered":"<p><iframe loading=\"lazy\" width=\"500\" height=\"281\" src=\"https:\/\/www.youtube.com\/embed\/rOI1wFHHalg?feature=oembed\" frameborder=\"0\" allow=\"accelerometer; autoplay; clipboard-write; encrypted-media; gyroscope; picture-in-picture\" allowfullscreen title=\"CAIXA D&#39;EINES\"><\/iframe><\/p>\n<p><strong>Un programa de cultura y educaci\u00f3n del Pla de Barris 2021-2024-Ajuntament de Barcelona<\/strong><\/p>\n<p>Pla de Barris invita a la Escola Poble-sec y al Mercat de les Flors a hacer un camino conjunto y c\u00f3mplice durante tres cursos, para introducir la pr\u00e1ctica art\u00edstica dentro del curr\u00edculum escolar. <strong>Caja de Herramientas<\/strong> trabaja desde cuatro pilares: transversalidad, equidad, codise\u00f1o y sostenibilidad, con el objetivo de reducir las desigualdades culturales, articulando la educaci\u00f3n formal, no formal e informal. Con la colaboraci\u00f3n estrecha de creadores y pedagogos de la danza, el Mercat y la Escola elaboran un plan de trabajo de continuidad basado en la escucha y aportando como eje truncal la sensibilizaci\u00f3n y pr\u00e1ctica real en danza al alumnado, la formaci\u00f3n a las maestras, y la experiencia colectiva.<\/p>\n<p><img decoding=\"async\" loading=\"lazy\" class=\"alignnone size-medium wp-image-56450\" src=\"https:\/\/old.mercatflors.cat\/wp-content\/uploads\/2022\/07\/logo-caixa-eines-350x142.png\" alt=\"\" width=\"350\" height=\"142\" \/><\/p>\n","protected":false},"excerpt":{"rendered":"<p>Un programa de cultura y educaci\u00f3n del Pla de Barris [&hellip;]<\/p>\n","protected":false},"author":1,"featured_media":0,"parent":0,"menu_order":0,"comment_status":"closed","ping_status":"closed","template":"","meta":[],"_links":{"self":[{"href":"https:\/\/old.mercatflors.cat\/es\/wp-json\/wp\/v2\/pages\/56460\/"}],"collection":[{"href":"https:\/\/old.mercatflors.cat\/es\/wp-json\/wp\/v2\/pages\/"}],"about":[{"href":"https:\/\/old.mercatflors.cat\/es\/wp-json\/wp\/v2\/types\/page\/"}],"author":[{"embeddable":true,"href":"https:\/\/old.mercatflors.cat\/es\/wp-json\/wp\/v2\/users\/1\/"}],"replies":[{"embeddable":true,"href":"https:\/\/old.mercatflors.cat\/es\/wp-json\/wp\/v2\/comments\/?post=56460"}],"version-history":[{"count":0,"href":"https:\/\/old.mercatflors.cat\/es\/wp-json\/wp\/v2\/pages\/56460\/revisions\/"}],"wp:attachment":[{"href":"https:\/\/old.mercatflors.cat\/es\/wp-json\/wp\/v2\/media\/?parent=56460"}],"curies":[{"name":"wp","href":"https:\/\/api.w.org\/{rel}","templated":true}]}}

<p><iframe loading="lazy" width="500" height="281" src="https://www.youtube.com/embed/rOI1wFHHalg?feature=oembed" frameborder="0" allow="accelerometer; autoplay; clipboard-write; encrypted-media; gyroscope; picture-in-picture" allowfullscreen title="CAIXA D&#39;EINES"></iframe></p>
<p><strong>Un programa de cultura y educación del Pla de Barris 2021-2024-Ajuntament de Barcelona</strong></p>
<p>Pla de Barris invita a la Escola Poble-sec y al Mercat de les Flors a hacer un camino conjunto y cómplice durante tres cursos, para introducir la práctica artística dentro del currículum escolar. <strong>Caja de Herramientas</strong> trabaja desde cuatro pilares: transversalidad, equidad, codiseño y sostenibilidad, con el objetivo de reducir las desigualdades culturales, articulando la educación formal, no formal e informal. Con la colaboración estrecha de creadores y pedagogos de la danza, el Mercat y la Escola elaboran un plan de trabajo de continuidad basado en la escucha y aportando como eje truncal la sensibilización y práctica real en danza al alumnado, la formación a las maestras, y la experiencia colectiva.</p>
<p><img decoding="async" loading="lazy" class="alignnone size-medium wp-image-56450" src="https://old.mercatflors.cat/wp-content/uploads/2022/07/logo-caixa-eines-350x142.png" alt="" width="350" height="142" /></p>

<p>Un programa de cultura y educación del Pla de Barris [&hellip;]</p>
