{"id":56469,"date":"2022-07-19T13:57:28","date_gmt":"2022-07-19T12:57:28","guid":{"rendered":"https:\/\/old.mercatflors.cat\/?page_id=56469"},"modified":"2022-07-19T14:01:45","modified_gmt":"2022-07-19T13:01:45","slug":"educacion-0-18-2022-23","status":"publish","type":"page","link":"https:\/\/old.mercatflors.cat\/es\/educacion-0-18-2022-23\/","title":{"rendered":"Educaci\u00f3n 0-18 2022-23"},"content":{"rendered":"<p>&nbsp;<\/p>\n<ul>\n<li><a href=\"https:\/\/old.mercatflors.cat\/es\/programas-educativos-0-18-2022-23\/\"><strong>Programaci\u00f3n para escuelas<\/strong>Programa educativo\u00a0para reflexionar y aprender conjuntamente con la comunidad educativa<\/a><\/li>\n<li><a href=\"https:\/\/old.mercatflors.cat\/es\/proyectos-educativos-en-colaboracion-2022-23\/\"><strong>Proyectos educativos en colaboraci\u00f3n<\/strong>Introducimos la creaci\u00f3n dentro del aula, donde los j\u00f3venes participan de procesos de experimentaci\u00f3n<\/a><\/li>\n<li><a href=\"https:\/\/old.mercatflors.cat\/es\/curso-de-formacion-al-profesorado-2023\/\"><strong>Formaci\u00f3n al profesorado<\/strong>Curso reconocido por el Dept. d\u2019Ensenyament dirigido a profesorado de todos los niveles con el objetivo de dar herramientas para introducir la danza en el aula<\/a><\/li>\n<li><a href=\"https:\/\/old.mercatflors.cat\/es\/herramientas-y-recursos-2022-23\/\"><strong>Herramientas y recursos<\/strong>Amplio abanico de recursos pedag\u00f3gicos tanto para alumnos como para maestros<\/a><\/li>\n<\/ul>\n","protected":false},"excerpt":{"rendered":"<p>&nbsp; Programaci\u00f3n para escuelasPrograma educativo\u00a0para reflexionar y aprender conjuntamente con [&hellip;]<\/p>\n","protected":false},"author":1,"featured_media":55379,"parent":0,"menu_order":0,"comment_status":"closed","ping_status":"closed","template":"template-blocs-grocs.php","meta":[],"_links":{"self":[{"href":"https:\/\/old.mercatflors.cat\/es\/wp-json\/wp\/v2\/pages\/56469\/"}],"collection":[{"href":"https:\/\/old.mercatflors.cat\/es\/wp-json\/wp\/v2\/pages\/"}],"about":[{"href":"https:\/\/old.mercatflors.cat\/es\/wp-json\/wp\/v2\/types\/page\/"}],"author":[{"embeddable":true,"href":"https:\/\/old.mercatflors.cat\/es\/wp-json\/wp\/v2\/users\/1\/"}],"replies":[{"embeddable":true,"href":"https:\/\/old.mercatflors.cat\/es\/wp-json\/wp\/v2\/comments\/?post=56469"}],"version-history":[{"count":0,"href":"https:\/\/old.mercatflors.cat\/es\/wp-json\/wp\/v2\/pages\/56469\/revisions\/"}],"wp:featuredmedia":[{"embeddable":true,"href":"https:\/\/old.mercatflors.cat\/es\/wp-json\/wp\/v2\/media\/55379\/"}],"wp:attachment":[{"href":"https:\/\/old.mercatflors.cat\/es\/wp-json\/wp\/v2\/media\/?parent=56469"}],"curies":[{"name":"wp","href":"https:\/\/api.w.org\/{rel}","templated":true}]}}

Educación 0-18 2022-23

<p>&nbsp;</p>
<ul>
<li><a href="https://old.mercatflors.cat/es/programas-educativos-0-18-2022-23/"><strong>Programación para escuelas</strong>Programa educativo para reflexionar y aprender conjuntamente con la comunidad educativa</a></li>
<li><a href="https://old.mercatflors.cat/es/proyectos-educativos-en-colaboracion-2022-23/"><strong>Proyectos educativos en colaboración</strong>Introducimos la creación dentro del aula, donde los jóvenes participan de procesos de experimentación</a></li>
<li><a href="https://old.mercatflors.cat/es/curso-de-formacion-al-profesorado-2023/"><strong>Formación al profesorado</strong>Curso reconocido por el Dept. d’Ensenyament dirigido a profesorado de todos los niveles con el objetivo de dar herramientas para introducir la danza en el aula</a></li>
<li><a href="https://old.mercatflors.cat/es/herramientas-y-recursos-2022-23/"><strong>Herramientas y recursos</strong>Amplio abanico de recursos pedagógicos tanto para alumnos como para maestros</a></li>
</ul>

<p>&nbsp; Programación para escuelasPrograma educativo para reflexionar y aprender conjuntamente con [&hellip;]</p>
