{"id":56768,"date":"2022-09-13T16:21:23","date_gmt":"2022-09-13T15:21:23","guid":{"rendered":"https:\/\/old.mercatflors.cat\/?page_id=56768"},"modified":"2022-09-13T16:21:23","modified_gmt":"2022-09-13T15:21:23","slug":"ofertas-de-contratacion","status":"publish","type":"page","link":"https:\/\/old.mercatflors.cat\/es\/el-mercat\/ofertas-de-contratacion\/","title":{"rendered":"Ofertas de contrataci\u00f3n"},"content":{"rendered":"<p>&nbsp;<\/p>\n<ul>\n<li><a href=\"https:\/\/old.mercatflors.cat\/es\/concurso-equipo-artistico-tot-dansa-2023\/\"><strong>Concurso para la direcci\u00f3n art\u00edstica del proyecto TOT DANSA 2023<\/strong><\/a><a href=\"https:\/\/old.mercatflors.cat\/es\/concurso-equipo-artistico-tot-dansa-2023\/\">Fecha l\u00edmite presentaci\u00f3n de propuestas: 29\/09\/2022 (14h)<\/a><\/li>\n<\/ul>\n<p><span style=\"color: #0000ff;\"><a style=\"color: #0000ff;\" href=\"https:\/\/old.mercatflors.cat\/es\/informacio-basica-sobre-la-proteccio-de-dades\/\" target=\"_top\">Informaci\u00f3n b\u00e1sica sobre la protecci\u00f3n de datos<\/a><\/span><\/p>\n","protected":false},"excerpt":{"rendered":"<p>&nbsp; Concurso para la direcci\u00f3n art\u00edstica del proyecto TOT DANSA [&hellip;]<\/p>\n","protected":false},"author":1,"featured_media":0,"parent":711,"menu_order":0,"comment_status":"closed","ping_status":"closed","template":"template-blocs-grocs.php","meta":[],"_links":{"self":[{"href":"https:\/\/old.mercatflors.cat\/es\/wp-json\/wp\/v2\/pages\/56768\/"}],"collection":[{"href":"https:\/\/old.mercatflors.cat\/es\/wp-json\/wp\/v2\/pages\/"}],"about":[{"href":"https:\/\/old.mercatflors.cat\/es\/wp-json\/wp\/v2\/types\/page\/"}],"author":[{"embeddable":true,"href":"https:\/\/old.mercatflors.cat\/es\/wp-json\/wp\/v2\/users\/1\/"}],"replies":[{"embeddable":true,"href":"https:\/\/old.mercatflors.cat\/es\/wp-json\/wp\/v2\/comments\/?post=56768"}],"version-history":[{"count":0,"href":"https:\/\/old.mercatflors.cat\/es\/wp-json\/wp\/v2\/pages\/56768\/revisions\/"}],"up":[{"embeddable":true,"href":"https:\/\/old.mercatflors.cat\/es\/wp-json\/wp\/v2\/pages\/711\/"}],"wp:attachment":[{"href":"https:\/\/old.mercatflors.cat\/es\/wp-json\/wp\/v2\/media\/?parent=56768"}],"curies":[{"name":"wp","href":"https:\/\/api.w.org\/{rel}","templated":true}]}}

Ofertas de contratación

<p>&nbsp;</p>
<ul>
<li><a href="https://old.mercatflors.cat/es/concurso-equipo-artistico-tot-dansa-2023/"><strong>Concurso para la dirección artística del proyecto TOT DANSA 2023</strong></a><a href="https://old.mercatflors.cat/es/concurso-equipo-artistico-tot-dansa-2023/">Fecha límite presentación de propuestas: 29/09/2022 (14h)</a></li>
</ul>
<p><span style="color: #0000ff;"><a style="color: #0000ff;" href="https://old.mercatflors.cat/es/informacio-basica-sobre-la-proteccio-de-dades/" target="_top">Información básica sobre la protección de datos</a></span></p>

<p>&nbsp; Concurso para la dirección artística del proyecto TOT DANSA [&hellip;]</p>
