{"id":57262,"date":"2022-10-25T17:20:26","date_gmt":"2022-10-25T16:20:26","guid":{"rendered":"https:\/\/old.mercatflors.cat\/?page_id=57262"},"modified":"2022-10-26T09:28:14","modified_gmt":"2022-10-26T08:28:14","slug":"programacion-familiar-expandida-2022-23","status":"publish","type":"page","link":"https:\/\/old.mercatflors.cat\/es\/programacion-familiar-expandida-2022-23\/","title":{"rendered":"Programaci\u00f3n familiar expandida"},"content":{"rendered":"<p>&nbsp;<\/p>\n<p><strong>Acompa\u00f1amos al p\u00fablico familiar<\/strong><\/p>\n<p>La programaci\u00f3n expandida familiar va m\u00e1s all\u00e1 de la programaci\u00f3n esc\u00e9nica: actividades como Las Horitas Antes, les Vacaciones con Taller o los S\u00e1bados con Taller son un ejemplo de la apuesta del Mercat de les Flors para ampliar la experiencia de la exhibici\u00f3n de espect\u00e1culos entre los p\u00fablicos m\u00e1s j\u00f3venes.<\/p>\n<h2><strong>Para ni\u00f1os\/as y familias<\/strong><\/h2>\n<ul>\n<li><a href=\"https:\/\/old.mercatflors.cat\/es\/una-horita-antes\/\"><strong>Una horita antes<\/strong><\/a><\/li>\n<li><a href=\"https:\/\/old.mercatflors.cat\/es\/ciclesifestivals\/vacaciones-con-taller-2022-23\/\"><strong>Vacaciones con Taller<\/strong><\/a><\/li>\n<li><a href=\"https:\/\/old.mercatflors.cat\/es\/ciclesifestivals\/sabados-con-taller\/\"><strong>S\u00e1bados con Taller<\/strong><\/a><\/li>\n<\/ul>\n","protected":false},"excerpt":{"rendered":"<p>&nbsp; Acompa\u00f1amos al p\u00fablico familiar La programaci\u00f3n expandida familiar va [&hellip;]<\/p>\n","protected":false},"author":1,"featured_media":57185,"parent":0,"menu_order":0,"comment_status":"closed","ping_status":"closed","template":"template-blocs-grocs.php","meta":[],"_links":{"self":[{"href":"https:\/\/old.mercatflors.cat\/es\/wp-json\/wp\/v2\/pages\/57262\/"}],"collection":[{"href":"https:\/\/old.mercatflors.cat\/es\/wp-json\/wp\/v2\/pages\/"}],"about":[{"href":"https:\/\/old.mercatflors.cat\/es\/wp-json\/wp\/v2\/types\/page\/"}],"author":[{"embeddable":true,"href":"https:\/\/old.mercatflors.cat\/es\/wp-json\/wp\/v2\/users\/1\/"}],"replies":[{"embeddable":true,"href":"https:\/\/old.mercatflors.cat\/es\/wp-json\/wp\/v2\/comments\/?post=57262"}],"version-history":[{"count":0,"href":"https:\/\/old.mercatflors.cat\/es\/wp-json\/wp\/v2\/pages\/57262\/revisions\/"}],"wp:featuredmedia":[{"embeddable":true,"href":"https:\/\/old.mercatflors.cat\/es\/wp-json\/wp\/v2\/media\/57185\/"}],"wp:attachment":[{"href":"https:\/\/old.mercatflors.cat\/es\/wp-json\/wp\/v2\/media\/?parent=57262"}],"curies":[{"name":"wp","href":"https:\/\/api.w.org\/{rel}","templated":true}]}}

Programación familiar expandida

<p>&nbsp;</p>
<p><strong>Acompañamos al público familiar</strong></p>
<p>La programación expandida familiar va más allá de la programación escénica: actividades como Las Horitas Antes, les Vacaciones con Taller o los Sábados con Taller son un ejemplo de la apuesta del Mercat de les Flors para ampliar la experiencia de la exhibición de espectáculos entre los públicos más jóvenes.</p>
<h2><strong>Para niños/as y familias</strong></h2>
<ul>
<li><a href="https://old.mercatflors.cat/es/una-horita-antes/"><strong>Una horita antes</strong></a></li>
<li><a href="https://old.mercatflors.cat/es/ciclesifestivals/vacaciones-con-taller-2022-23/"><strong>Vacaciones con Taller</strong></a></li>
<li><a href="https://old.mercatflors.cat/es/ciclesifestivals/sabados-con-taller/"><strong>Sábados con Taller</strong></a></li>
</ul>

<p>&nbsp; Acompañamos al público familiar La programación expandida familiar va [&hellip;]</p>
