{"id":57263,"date":"2022-10-25T17:00:11","date_gmt":"2022-10-25T16:00:11","guid":{"rendered":"https:\/\/old.mercatflors.cat\/?page_id=57263"},"modified":"2022-10-25T17:03:16","modified_gmt":"2022-10-25T16:03:16","slug":"una-horita-antes","status":"publish","type":"page","link":"https:\/\/old.mercatflors.cat\/es\/una-horita-antes\/","title":{"rendered":"Una Horita Antes"},"content":{"rendered":"<p>&nbsp;<\/p>\n<h2><strong>Una Horita Antes<\/strong><\/h2>\n<p>Para los espectadores inquietos de\u00a0<strong>TALLA \u00daNICA<\/strong>. Propuestas visuales y de juego en la entrada del espect\u00e1culo para sumergirse en el imaginario de la pieza esc\u00e9nica. Grandes y peque\u00f1os son bienvenidos en estas experiencias de percepci\u00f3n y reflexi\u00f3n de formatos diversos. Coordinadas y conducidas por Magdalena Garz\u00f3n, artista y pedagoga de la danza \u2013 con la colaboraci\u00f3n de Oriol Corral, escen\u00f3grafo. Al hall y el foyer del Mercat. Actividad gratuita.<\/p>\n","protected":false},"excerpt":{"rendered":"<p>&nbsp; Una Horita Antes Para los espectadores inquietos de\u00a0TALLA \u00daNICA. [&hellip;]<\/p>\n","protected":false},"author":1,"featured_media":42833,"parent":0,"menu_order":0,"comment_status":"closed","ping_status":"closed","template":"","meta":[],"_links":{"self":[{"href":"https:\/\/old.mercatflors.cat\/es\/wp-json\/wp\/v2\/pages\/57263\/"}],"collection":[{"href":"https:\/\/old.mercatflors.cat\/es\/wp-json\/wp\/v2\/pages\/"}],"about":[{"href":"https:\/\/old.mercatflors.cat\/es\/wp-json\/wp\/v2\/types\/page\/"}],"author":[{"embeddable":true,"href":"https:\/\/old.mercatflors.cat\/es\/wp-json\/wp\/v2\/users\/1\/"}],"replies":[{"embeddable":true,"href":"https:\/\/old.mercatflors.cat\/es\/wp-json\/wp\/v2\/comments\/?post=57263"}],"version-history":[{"count":0,"href":"https:\/\/old.mercatflors.cat\/es\/wp-json\/wp\/v2\/pages\/57263\/revisions\/"}],"wp:featuredmedia":[{"embeddable":true,"href":"https:\/\/old.mercatflors.cat\/es\/wp-json\/wp\/v2\/media\/42833\/"}],"wp:attachment":[{"href":"https:\/\/old.mercatflors.cat\/es\/wp-json\/wp\/v2\/media\/?parent=57263"}],"curies":[{"name":"wp","href":"https:\/\/api.w.org\/{rel}","templated":true}]}}

<p>&nbsp;</p>
<h2><strong>Una Horita Antes</strong></h2>
<p>Para los espectadores inquietos de <strong>TALLA ÚNICA</strong>. Propuestas visuales y de juego en la entrada del espectáculo para sumergirse en el imaginario de la pieza escénica. Grandes y pequeños son bienvenidos en estas experiencias de percepción y reflexión de formatos diversos. Coordinadas y conducidas por Magdalena Garzón, artista y pedagoga de la danza – con la colaboración de Oriol Corral, escenógrafo. Al hall y el foyer del Mercat. Actividad gratuita.</p>

<p>&nbsp; Una Horita Antes Para los espectadores inquietos de TALLA ÚNICA. [&hellip;]</p>
