{"id":57460,"date":"2022-11-18T10:47:43","date_gmt":"2022-11-18T09:47:43","guid":{"rendered":"https:\/\/old.mercatflors.cat\/?page_id=57460"},"modified":"2023-06-17T08:52:52","modified_gmt":"2023-06-17T07:52:52","slug":"provision-y-promocion-de-personal","status":"publish","type":"page","link":"https:\/\/old.mercatflors.cat\/es\/el-mercat\/provision-y-promocion-de-personal\/","title":{"rendered":"Provisi\u00f3n y promoci\u00f3n de personal"},"content":{"rendered":"<p>&nbsp;<\/p>\n<ul>\n<li><a href=\"https:\/\/old.mercatflors.cat\/es\/oferta-de-trabajo-produccio-tecnica\/\"><strong>PRODUCCI\u00d3N T\u00c9CNICA<\/strong><\/a><\/li>\n<li><a href=\"https:\/\/old.mercatflors.cat\/es\/oferta-de-trabajo-gestion-economica\/\"><strong>GESTI\u00d3N ECON\u00d3MICA<\/strong><\/a><\/li>\n<li><a href=\"https:\/\/old.mercatflors.cat\/es\/oferta-de-trabajo-jefe-de-comunicacion\/\"><strong>JEFE DE COMUNICACI\u00d3N<\/strong><\/a><\/li>\n<li><a href=\"https:\/\/old.mercatflors.cat\/es\/oferta-de-trabajo-jefe-tecnico\/\"><strong>JEFE T\u00c9CNICO<\/strong><\/a><\/li>\n<li><a href=\"https:\/\/old.mercatflors.cat\/es\/oferta-de-trabajo-jefe-de-administracion\/\"><strong>JEFE DE ADMINISTRACI\u00d3N<\/strong><\/a><\/li>\n<li><a href=\"https:\/\/old.mercatflors.cat\/es\/oferta-de-trabajo-director-a-ejecutivo-a\/\"><strong>DIRECTOR\/A EJECUTIVO\/A<\/strong>PROCEDIMIENTO RESUELTO<\/a><\/li>\n<\/ul>\n<p><span style=\"color: #0000ff;\"><a style=\"color: #0000ff;\" href=\"https:\/\/old.mercatflors.cat\/informacio-basica-sobre-la-proteccio-de-dades\/\" target=\"_top\">Informaci\u00f3n b\u00e1sica sobre la protecci\u00f3n de datos<\/a><\/span><\/p>\n","protected":false},"excerpt":{"rendered":"<p>&nbsp; PRODUCCI\u00d3N T\u00c9CNICA GESTI\u00d3N ECON\u00d3MICA JEFE DE COMUNICACI\u00d3N JEFE T\u00c9CNICO [&hellip;]<\/p>\n","protected":false},"author":1,"featured_media":0,"parent":711,"menu_order":0,"comment_status":"closed","ping_status":"closed","template":"template-blocs-grocs.php","meta":[],"_links":{"self":[{"href":"https:\/\/old.mercatflors.cat\/es\/wp-json\/wp\/v2\/pages\/57460\/"}],"collection":[{"href":"https:\/\/old.mercatflors.cat\/es\/wp-json\/wp\/v2\/pages\/"}],"about":[{"href":"https:\/\/old.mercatflors.cat\/es\/wp-json\/wp\/v2\/types\/page\/"}],"author":[{"embeddable":true,"href":"https:\/\/old.mercatflors.cat\/es\/wp-json\/wp\/v2\/users\/1\/"}],"replies":[{"embeddable":true,"href":"https:\/\/old.mercatflors.cat\/es\/wp-json\/wp\/v2\/comments\/?post=57460"}],"version-history":[{"count":0,"href":"https:\/\/old.mercatflors.cat\/es\/wp-json\/wp\/v2\/pages\/57460\/revisions\/"}],"up":[{"embeddable":true,"href":"https:\/\/old.mercatflors.cat\/es\/wp-json\/wp\/v2\/pages\/711\/"}],"wp:attachment":[{"href":"https:\/\/old.mercatflors.cat\/es\/wp-json\/wp\/v2\/media\/?parent=57460"}],"curies":[{"name":"wp","href":"https:\/\/api.w.org\/{rel}","templated":true}]}}

Provisión y promoción de personal

<p>&nbsp;</p>
<ul>
<li><a href="https://old.mercatflors.cat/es/oferta-de-trabajo-produccio-tecnica/"><strong>PRODUCCIÓN TÉCNICA</strong></a></li>
<li><a href="https://old.mercatflors.cat/es/oferta-de-trabajo-gestion-economica/"><strong>GESTIÓN ECONÓMICA</strong></a></li>
<li><a href="https://old.mercatflors.cat/es/oferta-de-trabajo-jefe-de-comunicacion/"><strong>JEFE DE COMUNICACIÓN</strong></a></li>
<li><a href="https://old.mercatflors.cat/es/oferta-de-trabajo-jefe-tecnico/"><strong>JEFE TÉCNICO</strong></a></li>
<li><a href="https://old.mercatflors.cat/es/oferta-de-trabajo-jefe-de-administracion/"><strong>JEFE DE ADMINISTRACIÓN</strong></a></li>
<li><a href="https://old.mercatflors.cat/es/oferta-de-trabajo-director-a-ejecutivo-a/"><strong>DIRECTOR/A EJECUTIVO/A</strong>PROCEDIMIENTO RESUELTO</a></li>
</ul>
<p><span style="color: #0000ff;"><a style="color: #0000ff;" href="https://old.mercatflors.cat/informacio-basica-sobre-la-proteccio-de-dades/" target="_top">Información básica sobre la protección de datos</a></span></p>

<p>&nbsp; PRODUCCIÓN TÉCNICA GESTIÓN ECONÓMICA JEFE DE COMUNICACIÓN JEFE TÉCNICO [&hellip;]</p>
